CRAN Package Check Results for Package SimpleTable

Last updated on 2015-03-29 00:48:27.

Flavor Version Tinstall Tcheck Ttotal Status Flags
r-devel-linux-x86_64-debian-clang 0.1-2 1.06 17.34 18.40 NOTE
r-devel-linux-x86_64-debian-gcc 0.1-2 0.97 17.33 18.30 NOTE
r-devel-linux-x86_64-fedora-clang 0.1-2 35.34 NOTE
r-devel-linux-x86_64-fedora-gcc 0.1-2 32.50 NOTE
r-devel-osx-x86_64-clang 0.1-2 41.54 NOTE
r-prerel-windows-ix86+x86_64 0.1-2 6.00 28.00 34.00 NOTE
r-prerel-linux-x86_64 0.1-2 0.96 17.30 18.26 NOTE
r-prerel-solaris-sparc 0.1-2 233.10 NOTE
r-prerel-solaris-x86 0.1-2 54.20 NOTE
r-release-linux-x86_64 0.1-2 1.43 20.64 22.07 NOTE
r-release-osx-x86_64-mavericks 0.1-2 NOTE
r-release-osx-x86_64-snowleopard 0.1-2 NOTE
r-release-windows-ix86+x86_64 0.1-2 6.00 40.00 46.00 NOTE
r-oldrel-windows-ix86+x86_64 0.1-2 6.00 41.00 47.00 NOTE

Check Details

Version: 0.1-2
Check: top-level files
Result: NOTE
    File
     LICENSE
    is not mentioned in the DESCRIPTION file.
    Non-standard file/directory found at top level:
     ‘HISTORY’
Flavors: r-devel-linux-x86_64-debian-clang, r-devel-linux-x86_64-debian-gcc, r-devel-linux-x86_64-fedora-clang, r-devel-linux-x86_64-fedora-gcc, r-prerel-linux-x86_64, r-release-linux-x86_64

Version: 0.1-2
Check: R code for possible problems
Result: NOTE
    ElicitPsi : replot.maybe: no visible binding for '<<-' assignment to
     ‘b00’
    ElicitPsi : replot.maybe: no visible binding for '<<-' assignment to
     ‘c00’
    ElicitPsi : replot.maybe: no visible binding for '<<-' assignment to
     ‘b01’
    ElicitPsi : replot.maybe: no visible binding for '<<-' assignment to
     ‘c01’
    ElicitPsi : replot.maybe: no visible binding for '<<-' assignment to
     ‘b10’
    ElicitPsi : replot.maybe: no visible binding for '<<-' assignment to
     ‘c10’
    ElicitPsi : replot.maybe: no visible binding for '<<-' assignment to
     ‘b11’
    ElicitPsi : replot.maybe: no visible binding for '<<-' assignment to
     ‘c11’
    ElicitPsi : replot.maybe: no visible binding for global variable ‘b00’
    ElicitPsi : replot.maybe: no visible binding for global variable ‘c00’
    ElicitPsi : replot.maybe: no visible binding for global variable ‘b01’
    ElicitPsi : replot.maybe: no visible binding for global variable ‘c01’
    ElicitPsi : replot.maybe: no visible binding for global variable ‘b10’
    ElicitPsi : replot.maybe: no visible binding for global variable ‘c10’
    ElicitPsi : replot.maybe: no visible binding for global variable ‘b11’
    ElicitPsi : replot.maybe: no visible binding for global variable ‘c11’
    ElicitPsi : replot.effect: no visible binding for '<<-' assignment to
     ‘b00’
    ElicitPsi : replot.effect: no visible binding for '<<-' assignment to
     ‘c00’
    ElicitPsi : replot.effect: no visible binding for '<<-' assignment to
     ‘b01’
    ElicitPsi : replot.effect: no visible binding for '<<-' assignment to
     ‘c01’
    ElicitPsi : replot.effect: no visible binding for '<<-' assignment to
     ‘b10’
    ElicitPsi : replot.effect: no visible binding for '<<-' assignment to
     ‘c10’
    ElicitPsi : replot.effect: no visible binding for '<<-' assignment to
     ‘b11’
    ElicitPsi : replot.effect: no visible binding for '<<-' assignment to
     ‘c11’
    ElicitPsi : replot.effect: no visible binding for global variable ‘b00’
    ElicitPsi : replot.effect: no visible binding for global variable ‘c00’
    ElicitPsi : replot.effect: no visible binding for global variable ‘b01’
    ElicitPsi : replot.effect: no visible binding for global variable ‘c01’
    ElicitPsi : replot.effect: no visible binding for global variable ‘b10’
    ElicitPsi : replot.effect: no visible binding for global variable ‘c10’
    ElicitPsi : replot.effect: no visible binding for global variable ‘b11’
    ElicitPsi : replot.effect: no visible binding for global variable ‘c11’
Flavors: r-devel-linux-x86_64-debian-clang, r-devel-linux-x86_64-debian-gcc, r-devel-linux-x86_64-fedora-clang, r-devel-linux-x86_64-fedora-gcc, r-devel-osx-x86_64-clang, r-prerel-windows-ix86+x86_64, r-prerel-linux-x86_64, r-prerel-solaris-sparc, r-prerel-solaris-x86, r-release-linux-x86_64, r-release-osx-x86_64-mavericks, r-release-osx-x86_64-snowleopard, r-release-windows-ix86+x86_64, r-oldrel-windows-ix86+x86_64

Version: 0.1-2
Check: top-level files
Result: NOTE
    File
     LICENSE
    is not mentioned in the DESCRIPTION file.
Flavors: r-devel-osx-x86_64-clang, r-prerel-windows-ix86+x86_64, r-prerel-solaris-sparc, r-prerel-solaris-x86, r-release-osx-x86_64-mavericks, r-release-osx-x86_64-snowleopard, r-release-windows-ix86+x86_64, r-oldrel-windows-ix86+x86_64