CRAN Package Check Results for Package SimpleTable

Last updated on 2014-07-26 19:50:29.

Flavor Version Tinstall Tcheck Ttotal Status Flags
r-devel-linux-x86_64-debian-clang 0.1-2 1.20 20.50 21.70 NOTE
r-devel-linux-x86_64-debian-gcc 0.1-2 1.18 19.67 20.86 NOTE
r-devel-linux-x86_64-fedora-clang 0.1-2 41.77 NOTE
r-devel-linux-x86_64-fedora-gcc 0.1-2 40.90 NOTE
r-devel-osx-x86_64-clang 0.1-2 45.06 NOTE
r-devel-windows-ix86+x86_64 0.1-2 6.00 34.00 40.00 NOTE
r-patched-linux-x86_64 0.1-2 1.28 20.25 21.53 NOTE
r-patched-solaris-sparc 0.1-2 258.50 NOTE
r-patched-solaris-x86 0.1-2 61.60 NOTE
r-release-linux-ix86 0.1-2 1.80 29.49 31.29 NOTE
r-release-linux-x86_64 0.1-2 1.26 21.25 22.51 NOTE
r-release-osx-x86_64-mavericks 0.1-2 NOTE
r-release-osx-x86_64-snowleopard 0.1-2 NOTE
r-release-windows-ix86+x86_64 0.1-2 5.00 38.00 43.00 NOTE
r-oldrel-windows-ix86+x86_64 0.1-2 7.00 37.00 44.00 NOTE

Check Details

Version: 0.1-2
Check: top-level files
Result: NOTE
    File
     LICENSE
    is not mentioned in the DESCRIPTION file.
Flavors: r-devel-linux-x86_64-debian-clang, r-devel-linux-x86_64-debian-gcc, r-devel-osx-x86_64-clang, r-devel-windows-ix86+x86_64, r-patched-linux-x86_64, r-patched-solaris-sparc, r-patched-solaris-x86, r-release-linux-ix86, r-release-linux-x86_64, r-release-osx-x86_64-mavericks, r-release-osx-x86_64-snowleopard, r-release-windows-ix86+x86_64, r-oldrel-windows-ix86+x86_64

Version: 0.1-2
Check: R code for possible problems
Result: NOTE
    ElicitPsi : replot.maybe: no visible binding for '<<-' assignment to
     ‘b00’
    ElicitPsi : replot.maybe: no visible binding for '<<-' assignment to
     ‘c00’
    ElicitPsi : replot.maybe: no visible binding for '<<-' assignment to
     ‘b01’
    ElicitPsi : replot.maybe: no visible binding for '<<-' assignment to
     ‘c01’
    ElicitPsi : replot.maybe: no visible binding for '<<-' assignment to
     ‘b10’
    ElicitPsi : replot.maybe: no visible binding for '<<-' assignment to
     ‘c10’
    ElicitPsi : replot.maybe: no visible binding for '<<-' assignment to
     ‘b11’
    ElicitPsi : replot.maybe: no visible binding for '<<-' assignment to
     ‘c11’
    ElicitPsi : replot.maybe: no visible binding for global variable ‘b00’
    ElicitPsi : replot.maybe: no visible binding for global variable ‘c00’
    ElicitPsi : replot.maybe: no visible binding for global variable ‘b01’
    ElicitPsi : replot.maybe: no visible binding for global variable ‘c01’
    ElicitPsi : replot.maybe: no visible binding for global variable ‘b10’
    ElicitPsi : replot.maybe: no visible binding for global variable ‘c10’
    ElicitPsi : replot.maybe: no visible binding for global variable ‘b11’
    ElicitPsi : replot.maybe: no visible binding for global variable ‘c11’
    ElicitPsi : replot.effect: no visible binding for '<<-' assignment to
     ‘b00’
    ElicitPsi : replot.effect: no visible binding for '<<-' assignment to
     ‘c00’
    ElicitPsi : replot.effect: no visible binding for '<<-' assignment to
     ‘b01’
    ElicitPsi : replot.effect: no visible binding for '<<-' assignment to
     ‘c01’
    ElicitPsi : replot.effect: no visible binding for '<<-' assignment to
     ‘b10’
    ElicitPsi : replot.effect: no visible binding for '<<-' assignment to
     ‘c10’
    ElicitPsi : replot.effect: no visible binding for '<<-' assignment to
     ‘b11’
    ElicitPsi : replot.effect: no visible binding for '<<-' assignment to
     ‘c11’
    ElicitPsi : replot.effect: no visible binding for global variable ‘b00’
    ElicitPsi : replot.effect: no visible binding for global variable ‘c00’
    ElicitPsi : replot.effect: no visible binding for global variable ‘b01’
    ElicitPsi : replot.effect: no visible binding for global variable ‘c01’
    ElicitPsi : replot.effect: no visible binding for global variable ‘b10’
    ElicitPsi : replot.effect: no visible binding for global variable ‘c10’
    ElicitPsi : replot.effect: no visible binding for global variable ‘b11’
    ElicitPsi : replot.effect: no visible binding for global variable ‘c11’
Flavors: r-devel-linux-x86_64-debian-clang, r-devel-linux-x86_64-debian-gcc, r-devel-linux-x86_64-fedora-clang, r-devel-linux-x86_64-fedora-gcc, r-devel-osx-x86_64-clang, r-devel-windows-ix86+x86_64, r-patched-linux-x86_64, r-patched-solaris-sparc, r-patched-solaris-x86, r-release-linux-ix86, r-release-linux-x86_64, r-release-osx-x86_64-mavericks, r-release-osx-x86_64-snowleopard, r-release-windows-ix86+x86_64, r-oldrel-windows-ix86+x86_64

Version: 0.1-2
Check: top-level files
Result: NOTE
    File
     LICENSE
    is not mentioned in the DESCRIPTION file.
    Non-standard file/directory found at top level:
     ‘HISTORY’
Flavors: r-devel-linux-x86_64-fedora-clang, r-devel-linux-x86_64-fedora-gcc