CRAN Package Check Results for Package SimpleTable

Last updated on 2015-05-07 03:47:33.

Flavor Version Tinstall Tcheck Ttotal Status Flags
r-devel-linux-x86_64-debian-clang 0.1-2 1.18 17.46 18.64 NOTE
r-devel-linux-x86_64-debian-gcc 0.1-2 0.97 17.02 17.99 NOTE
r-devel-linux-x86_64-fedora-clang 0.1-2 36.92 NOTE
r-devel-linux-x86_64-fedora-gcc 0.1-2 32.55 NOTE
r-devel-osx-x86_64-clang 0.1-2 38.29 NOTE
r-devel-windows-ix86+x86_64 0.1-2 4.00 30.00 34.00 NOTE
r-patched-linux-x86_64 0.1-2 0.98 17.07 18.05 NOTE
r-patched-solaris-sparc 0.1-2 233.10 NOTE
r-patched-solaris-x86 0.1-2 53.10 NOTE
r-release-linux-x86_64 0.1-2 0.96 17.34 18.31 NOTE
r-release-osx-x86_64-mavericks 0.1-2 NOTE
r-release-osx-x86_64-snowleopard 0.1-2 NOTE
r-release-windows-ix86+x86_64 0.1-2 3.00 28.00 31.00 NOTE
r-oldrel-windows-ix86+x86_64 0.1-2 7.00 53.00 60.00 NOTE

Check Details

Version: 0.1-2
Check: top-level files
Result: NOTE
    File
     LICENSE
    is not mentioned in the DESCRIPTION file.
    Non-standard file/directory found at top level:
     ‘HISTORY’
Flavors: r-devel-linux-x86_64-debian-clang, r-devel-linux-x86_64-debian-gcc, r-devel-linux-x86_64-fedora-clang, r-devel-linux-x86_64-fedora-gcc, r-patched-linux-x86_64, r-release-linux-x86_64

Version: 0.1-2
Check: R code for possible problems
Result: NOTE
    ElicitPsi : replot.maybe: no visible binding for '<<-' assignment to
     ‘b00’
    ElicitPsi : replot.maybe: no visible binding for '<<-' assignment to
     ‘c00’
    ElicitPsi : replot.maybe: no visible binding for '<<-' assignment to
     ‘b01’
    ElicitPsi : replot.maybe: no visible binding for '<<-' assignment to
     ‘c01’
    ElicitPsi : replot.maybe: no visible binding for '<<-' assignment to
     ‘b10’
    ElicitPsi : replot.maybe: no visible binding for '<<-' assignment to
     ‘c10’
    ElicitPsi : replot.maybe: no visible binding for '<<-' assignment to
     ‘b11’
    ElicitPsi : replot.maybe: no visible binding for '<<-' assignment to
     ‘c11’
    ElicitPsi : replot.maybe: no visible binding for global variable ‘b00’
    ElicitPsi : replot.maybe: no visible binding for global variable ‘c00’
    ElicitPsi : replot.maybe: no visible binding for global variable ‘b01’
    ElicitPsi : replot.maybe: no visible binding for global variable ‘c01’
    ElicitPsi : replot.maybe: no visible binding for global variable ‘b10’
    ElicitPsi : replot.maybe: no visible binding for global variable ‘c10’
    ElicitPsi : replot.maybe: no visible binding for global variable ‘b11’
    ElicitPsi : replot.maybe: no visible binding for global variable ‘c11’
    ElicitPsi : replot.effect: no visible binding for '<<-' assignment to
     ‘b00’
    ElicitPsi : replot.effect: no visible binding for '<<-' assignment to
     ‘c00’
    ElicitPsi : replot.effect: no visible binding for '<<-' assignment to
     ‘b01’
    ElicitPsi : replot.effect: no visible binding for '<<-' assignment to
     ‘c01’
    ElicitPsi : replot.effect: no visible binding for '<<-' assignment to
     ‘b10’
    ElicitPsi : replot.effect: no visible binding for '<<-' assignment to
     ‘c10’
    ElicitPsi : replot.effect: no visible binding for '<<-' assignment to
     ‘b11’
    ElicitPsi : replot.effect: no visible binding for '<<-' assignment to
     ‘c11’
    ElicitPsi : replot.effect: no visible binding for global variable ‘b00’
    ElicitPsi : replot.effect: no visible binding for global variable ‘c00’
    ElicitPsi : replot.effect: no visible binding for global variable ‘b01’
    ElicitPsi : replot.effect: no visible binding for global variable ‘c01’
    ElicitPsi : replot.effect: no visible binding for global variable ‘b10’
    ElicitPsi : replot.effect: no visible binding for global variable ‘c10’
    ElicitPsi : replot.effect: no visible binding for global variable ‘b11’
    ElicitPsi : replot.effect: no visible binding for global variable ‘c11’
Flavors: r-devel-linux-x86_64-debian-clang, r-devel-linux-x86_64-debian-gcc, r-devel-linux-x86_64-fedora-clang, r-devel-linux-x86_64-fedora-gcc, r-devel-osx-x86_64-clang, r-devel-windows-ix86+x86_64, r-patched-linux-x86_64, r-patched-solaris-sparc, r-patched-solaris-x86, r-release-linux-x86_64, r-release-osx-x86_64-mavericks, r-release-osx-x86_64-snowleopard, r-release-windows-ix86+x86_64, r-oldrel-windows-ix86+x86_64

Version: 0.1-2
Check: top-level files
Result: NOTE
    File
     LICENSE
    is not mentioned in the DESCRIPTION file.
Flavors: r-devel-osx-x86_64-clang, r-devel-windows-ix86+x86_64, r-patched-solaris-sparc, r-patched-solaris-x86, r-release-osx-x86_64-mavericks, r-release-osx-x86_64-snowleopard, r-release-windows-ix86+x86_64, r-oldrel-windows-ix86+x86_64