CRAN Package Check Results for Package SimpleTable

Last updated on 2014-12-20 01:49:27.

Flavor Version Tinstall Tcheck Ttotal Status Flags
r-devel-linux-x86_64-debian-clang 0.1-2 1.30 20.87 22.17 NOTE
r-devel-linux-x86_64-debian-gcc 0.1-2 1.28 20.36 21.63 NOTE
r-devel-linux-x86_64-fedora-clang 0.1-2 43.55 NOTE
r-devel-linux-x86_64-fedora-gcc 0.1-2 41.25 NOTE
r-devel-osx-x86_64-clang 0.1-2 45.43 NOTE
r-devel-windows-ix86+x86_64 0.1-2 7.00 34.00 41.00 NOTE
r-patched-linux-x86_64 0.1-2 1.32 21.51 22.83 NOTE
r-patched-solaris-sparc 0.1-2 258.10 NOTE
r-patched-solaris-x86 0.1-2 63.70 NOTE
r-release-linux-ix86 0.1-2 1.73 28.59 30.32 NOTE
r-release-linux-x86_64 0.1-2 1.30 20.78 22.08 NOTE
r-release-osx-x86_64-mavericks 0.1-2 NOTE
r-release-osx-x86_64-snowleopard 0.1-2 NOTE
r-release-windows-ix86+x86_64 0.1-2 5.00 38.00 43.00 NOTE
r-oldrel-windows-ix86+x86_64 0.1-2 6.00 39.00 45.00 NOTE

Check Details

Version: 0.1-2
Check: top-level files
Result: NOTE
    File
     LICENSE
    is not mentioned in the DESCRIPTION file.
    Non-standard file/directory found at top level:
     ‘HISTORY’
Flavors: r-devel-linux-x86_64-debian-clang, r-devel-linux-x86_64-debian-gcc, r-devel-linux-x86_64-fedora-clang, r-devel-linux-x86_64-fedora-gcc, r-patched-linux-x86_64, r-release-linux-x86_64

Version: 0.1-2
Check: R code for possible problems
Result: NOTE
    ElicitPsi : replot.maybe: no visible binding for '<<-' assignment to
     ‘b00’
    ElicitPsi : replot.maybe: no visible binding for '<<-' assignment to
     ‘c00’
    ElicitPsi : replot.maybe: no visible binding for '<<-' assignment to
     ‘b01’
    ElicitPsi : replot.maybe: no visible binding for '<<-' assignment to
     ‘c01’
    ElicitPsi : replot.maybe: no visible binding for '<<-' assignment to
     ‘b10’
    ElicitPsi : replot.maybe: no visible binding for '<<-' assignment to
     ‘c10’
    ElicitPsi : replot.maybe: no visible binding for '<<-' assignment to
     ‘b11’
    ElicitPsi : replot.maybe: no visible binding for '<<-' assignment to
     ‘c11’
    ElicitPsi : replot.maybe: no visible binding for global variable ‘b00’
    ElicitPsi : replot.maybe: no visible binding for global variable ‘c00’
    ElicitPsi : replot.maybe: no visible binding for global variable ‘b01’
    ElicitPsi : replot.maybe: no visible binding for global variable ‘c01’
    ElicitPsi : replot.maybe: no visible binding for global variable ‘b10’
    ElicitPsi : replot.maybe: no visible binding for global variable ‘c10’
    ElicitPsi : replot.maybe: no visible binding for global variable ‘b11’
    ElicitPsi : replot.maybe: no visible binding for global variable ‘c11’
    ElicitPsi : replot.effect: no visible binding for '<<-' assignment to
     ‘b00’
    ElicitPsi : replot.effect: no visible binding for '<<-' assignment to
     ‘c00’
    ElicitPsi : replot.effect: no visible binding for '<<-' assignment to
     ‘b01’
    ElicitPsi : replot.effect: no visible binding for '<<-' assignment to
     ‘c01’
    ElicitPsi : replot.effect: no visible binding for '<<-' assignment to
     ‘b10’
    ElicitPsi : replot.effect: no visible binding for '<<-' assignment to
     ‘c10’
    ElicitPsi : replot.effect: no visible binding for '<<-' assignment to
     ‘b11’
    ElicitPsi : replot.effect: no visible binding for '<<-' assignment to
     ‘c11’
    ElicitPsi : replot.effect: no visible binding for global variable ‘b00’
    ElicitPsi : replot.effect: no visible binding for global variable ‘c00’
    ElicitPsi : replot.effect: no visible binding for global variable ‘b01’
    ElicitPsi : replot.effect: no visible binding for global variable ‘c01’
    ElicitPsi : replot.effect: no visible binding for global variable ‘b10’
    ElicitPsi : replot.effect: no visible binding for global variable ‘c10’
    ElicitPsi : replot.effect: no visible binding for global variable ‘b11’
    ElicitPsi : replot.effect: no visible binding for global variable ‘c11’
Flavors: r-devel-linux-x86_64-debian-clang, r-devel-linux-x86_64-debian-gcc, r-devel-linux-x86_64-fedora-clang, r-devel-linux-x86_64-fedora-gcc, r-devel-osx-x86_64-clang, r-devel-windows-ix86+x86_64, r-patched-linux-x86_64, r-patched-solaris-sparc, r-patched-solaris-x86, r-release-linux-ix86, r-release-linux-x86_64, r-release-osx-x86_64-mavericks, r-release-osx-x86_64-snowleopard, r-release-windows-ix86+x86_64, r-oldrel-windows-ix86+x86_64

Version: 0.1-2
Check: top-level files
Result: NOTE
    File
     LICENSE
    is not mentioned in the DESCRIPTION file.
Flavors: r-devel-osx-x86_64-clang, r-devel-windows-ix86+x86_64, r-patched-solaris-sparc, r-patched-solaris-x86, r-release-linux-ix86, r-release-osx-x86_64-mavericks, r-release-osx-x86_64-snowleopard, r-release-windows-ix86+x86_64, r-oldrel-windows-ix86+x86_64