CRAN Package Check Results for Package SimpleTable

Last updated on 2015-07-28 17:48:40.

Flavor Version Tinstall Tcheck Ttotal Status Flags
r-devel-linux-x86_64-debian-clang 0.1-2 0.99 18.46 19.45 NOTE
r-devel-linux-x86_64-debian-gcc 0.1-2 0.98 18.89 19.86 NOTE
r-devel-linux-x86_64-fedora-clang 0.1-2 36.40 NOTE
r-devel-linux-x86_64-fedora-gcc 0.1-2 35.83 NOTE
r-devel-osx-x86_64-clang 0.1-2 36.86 NOTE
r-devel-windows-ix86+x86_64 0.1-2 3.00 30.00 33.00 NOTE
r-patched-linux-x86_64 0.1-2 1.15 18.63 19.78 NOTE
r-patched-solaris-sparc 0.1-2 231.90 NOTE
r-patched-solaris-x86 0.1-2 55.90 NOTE
r-release-linux-x86_64 0.1-2 1.00 18.60 19.60 NOTE
r-release-osx-x86_64-mavericks 0.1-2 NOTE
r-release-windows-ix86+x86_64 0.1-2 7.00 34.00 41.00 NOTE
r-oldrel-windows-ix86+x86_64 0.1-2 5.00 53.00 58.00 NOTE

Check Details

Version: 0.1-2
Check: top-level files
Result: NOTE
    File
     LICENSE
    is not mentioned in the DESCRIPTION file.
    Non-standard file/directory found at top level:
     ‘HISTORY’
Flavors: r-devel-linux-x86_64-debian-clang, r-devel-linux-x86_64-debian-gcc, r-devel-linux-x86_64-fedora-clang, r-devel-linux-x86_64-fedora-gcc, r-patched-linux-x86_64, r-release-linux-x86_64

Version: 0.1-2
Check: R code for possible problems
Result: NOTE
    ConfoundingPlot.Control: no visible global function definition for
     ‘layout’
    ConfoundingPlot.Control: no visible global function definition for
     ‘par’
    ConfoundingPlot.Control: no visible global function definition for
     ‘plot’
    ConfoundingPlot.Control: no visible global function definition for
     ‘text’
    ConfoundingPlot.Control: no visible global function definition for
     ‘abline’
    ConfoundingPlot.Control: no visible global function definition for
     ‘na.omit’
    ConfoundingPlot.Control: no visible global function definition for
     ‘polygon’
    ConfoundingPlot.Control: no visible global function definition for
     ‘chull’
    ConfoundingPlot.Control: no visible global function definition for
     ‘axis’
    ConfoundingPlot.Control: no visible global function definition for
     ‘mtext’
    ConfoundingPlot.None: no visible global function definition for
     ‘layout’
    ConfoundingPlot.None: no visible global function definition for ‘par’
    ConfoundingPlot.None: no visible global function definition for ‘plot’
    ConfoundingPlot.None: no visible global function definition for
     ‘abline’
    ConfoundingPlot.None: no visible global function definition for
     ‘na.omit’
    ConfoundingPlot.None: no visible global function definition for
     ‘polygon’
    ConfoundingPlot.None: no visible global function definition for ‘chull’
    ConfoundingPlot.None: no visible global function definition for ‘axis’
    ConfoundingPlot.None: no visible global function definition for ‘mtext’
    ConfoundingPlot.None: no visible global function definition for ‘text’
    ConfoundingPlot.Treated: no visible global function definition for
     ‘layout’
    ConfoundingPlot.Treated: no visible global function definition for
     ‘par’
    ConfoundingPlot.Treated: no visible global function definition for
     ‘plot’
    ConfoundingPlot.Treated: no visible global function definition for
     ‘text’
    ConfoundingPlot.Treated: no visible global function definition for
     ‘abline’
    ConfoundingPlot.Treated: no visible global function definition for
     ‘na.omit’
    ConfoundingPlot.Treated: no visible global function definition for
     ‘polygon’
    ConfoundingPlot.Treated: no visible global function definition for
     ‘chull’
    ConfoundingPlot.Treated: no visible global function definition for
     ‘axis’
    ConfoundingPlot.Treated: no visible global function definition for
     ‘mtext’
    ElicitPsi : replot.maybe: no visible binding for '<<-' assignment to
     ‘b00’
    ElicitPsi : replot.maybe: no visible binding for '<<-' assignment to
     ‘c00’
    ElicitPsi : replot.maybe: no visible binding for '<<-' assignment to
     ‘b01’
    ElicitPsi : replot.maybe: no visible binding for '<<-' assignment to
     ‘c01’
    ElicitPsi : replot.maybe: no visible binding for '<<-' assignment to
     ‘b10’
    ElicitPsi : replot.maybe: no visible binding for '<<-' assignment to
     ‘c10’
    ElicitPsi : replot.maybe: no visible binding for '<<-' assignment to
     ‘b11’
    ElicitPsi : replot.maybe: no visible binding for '<<-' assignment to
     ‘c11’
    ElicitPsi : replot.maybe: no visible global function definition for
     ‘dbeta’
    ElicitPsi : replot.maybe: no visible binding for global variable ‘b00’
    ElicitPsi : replot.maybe: no visible binding for global variable ‘c00’
    ElicitPsi : replot.maybe: no visible binding for global variable ‘b01’
    ElicitPsi : replot.maybe: no visible binding for global variable ‘c01’
    ElicitPsi : replot.maybe: no visible binding for global variable ‘b10’
    ElicitPsi : replot.maybe: no visible binding for global variable ‘c10’
    ElicitPsi : replot.maybe: no visible binding for global variable ‘b11’
    ElicitPsi : replot.maybe: no visible binding for global variable ‘c11’
    ElicitPsi : replot.maybe: no visible global function definition for
     ‘par’
    ElicitPsi : replot.maybe: no visible global function definition for
     ‘plot’
    ElicitPsi : replot.maybe: no visible global function definition for
     ‘polygon’
    ElicitPsi : replot.effect: no visible binding for '<<-' assignment to
     ‘b00’
    ElicitPsi : replot.effect: no visible binding for '<<-' assignment to
     ‘c00’
    ElicitPsi : replot.effect: no visible binding for '<<-' assignment to
     ‘b01’
    ElicitPsi : replot.effect: no visible binding for '<<-' assignment to
     ‘c01’
    ElicitPsi : replot.effect: no visible binding for '<<-' assignment to
     ‘b10’
    ElicitPsi : replot.effect: no visible binding for '<<-' assignment to
     ‘c10’
    ElicitPsi : replot.effect: no visible binding for '<<-' assignment to
     ‘b11’
    ElicitPsi : replot.effect: no visible binding for '<<-' assignment to
     ‘c11’
    ElicitPsi : replot.effect: no visible global function definition for
     ‘dbeta’
    ElicitPsi : replot.effect: no visible binding for global variable ‘b00’
    ElicitPsi : replot.effect: no visible binding for global variable ‘c00’
    ElicitPsi : replot.effect: no visible binding for global variable ‘b01’
    ElicitPsi : replot.effect: no visible binding for global variable ‘c01’
    ElicitPsi : replot.effect: no visible binding for global variable ‘b10’
    ElicitPsi : replot.effect: no visible binding for global variable ‘c10’
    ElicitPsi : replot.effect: no visible binding for global variable ‘b11’
    ElicitPsi : replot.effect: no visible binding for global variable ‘c11’
    ElicitPsi : replot.effect: no visible global function definition for
     ‘par’
    ElicitPsi : replot.effect: no visible global function definition for
     ‘plot’
    ElicitPsi : replot.effect: no visible global function definition for
     ‘polygon’
    analyze2x2: no visible global function definition for ‘rbeta’
    makeplot: no visible global function definition for ‘plot’
    makeplot: no visible global function definition for ‘axis’
    makeplot: no visible global function definition for ‘polygon’
    makeplot: no visible global function definition for ‘lines’
    makeplot: no visible global function definition for ‘par’
    makeplot: no visible global function definition for ‘arrows’
    plot.SimpleTable: no visible global function definition for ‘predict’
    plot.SimpleTable: no visible global function definition for ‘quantile’
    summary.SimpleTable: no visible global function definition for
     ‘predict’
    summary.SimpleTable: no visible global function definition for ‘sd’
    summary.SimpleTable: no visible global function definition for
     ‘quantile’
    Undefined global functions or variables:
     abline arrows axis b00 b01 b10 b11 c00 c01 c10 c11 chull dbeta layout
     lines mtext na.omit par plot polygon predict quantile rbeta sd text
    Consider adding
     importFrom("grDevices", "chull")
     importFrom("graphics", "abline", "arrows", "axis", "layout", "lines",
     "mtext", "par", "plot", "polygon", "text")
     importFrom("stats", "dbeta", "na.omit", "predict", "quantile", "rbeta",
     "sd")
    to your NAMESPACE.
Flavors: r-devel-linux-x86_64-debian-clang, r-devel-linux-x86_64-debian-gcc, r-devel-linux-x86_64-fedora-clang, r-devel-linux-x86_64-fedora-gcc, r-devel-windows-ix86+x86_64

Version: 0.1-2
Check: top-level files
Result: NOTE
    File
     LICENSE
    is not mentioned in the DESCRIPTION file.
Flavors: r-devel-osx-x86_64-clang, r-devel-windows-ix86+x86_64, r-patched-solaris-sparc, r-patched-solaris-x86, r-release-osx-x86_64-mavericks, r-release-windows-ix86+x86_64, r-oldrel-windows-ix86+x86_64

Version: 0.1-2
Check: R code for possible problems
Result: NOTE
    ElicitPsi : replot.maybe: no visible binding for '<<-' assignment to
     ‘b00’
    ElicitPsi : replot.maybe: no visible binding for '<<-' assignment to
     ‘c00’
    ElicitPsi : replot.maybe: no visible binding for '<<-' assignment to
     ‘b01’
    ElicitPsi : replot.maybe: no visible binding for '<<-' assignment to
     ‘c01’
    ElicitPsi : replot.maybe: no visible binding for '<<-' assignment to
     ‘b10’
    ElicitPsi : replot.maybe: no visible binding for '<<-' assignment to
     ‘c10’
    ElicitPsi : replot.maybe: no visible binding for '<<-' assignment to
     ‘b11’
    ElicitPsi : replot.maybe: no visible binding for '<<-' assignment to
     ‘c11’
    ElicitPsi : replot.maybe: no visible binding for global variable ‘b00’
    ElicitPsi : replot.maybe: no visible binding for global variable ‘c00’
    ElicitPsi : replot.maybe: no visible binding for global variable ‘b01’
    ElicitPsi : replot.maybe: no visible binding for global variable ‘c01’
    ElicitPsi : replot.maybe: no visible binding for global variable ‘b10’
    ElicitPsi : replot.maybe: no visible binding for global variable ‘c10’
    ElicitPsi : replot.maybe: no visible binding for global variable ‘b11’
    ElicitPsi : replot.maybe: no visible binding for global variable ‘c11’
    ElicitPsi : replot.effect: no visible binding for '<<-' assignment to
     ‘b00’
    ElicitPsi : replot.effect: no visible binding for '<<-' assignment to
     ‘c00’
    ElicitPsi : replot.effect: no visible binding for '<<-' assignment to
     ‘b01’
    ElicitPsi : replot.effect: no visible binding for '<<-' assignment to
     ‘c01’
    ElicitPsi : replot.effect: no visible binding for '<<-' assignment to
     ‘b10’
    ElicitPsi : replot.effect: no visible binding for '<<-' assignment to
     ‘c10’
    ElicitPsi : replot.effect: no visible binding for '<<-' assignment to
     ‘b11’
    ElicitPsi : replot.effect: no visible binding for '<<-' assignment to
     ‘c11’
    ElicitPsi : replot.effect: no visible binding for global variable ‘b00’
    ElicitPsi : replot.effect: no visible binding for global variable ‘c00’
    ElicitPsi : replot.effect: no visible binding for global variable ‘b01’
    ElicitPsi : replot.effect: no visible binding for global variable ‘c01’
    ElicitPsi : replot.effect: no visible binding for global variable ‘b10’
    ElicitPsi : replot.effect: no visible binding for global variable ‘c10’
    ElicitPsi : replot.effect: no visible binding for global variable ‘b11’
    ElicitPsi : replot.effect: no visible binding for global variable ‘c11’
    Undefined global functions or variables:
     b00 b01 b10 b11 c00 c01 c10 c11
Flavor: r-devel-osx-x86_64-clang

Version: 0.1-2
Check: R code for possible problems
Result: NOTE
    ElicitPsi : replot.maybe: no visible binding for '<<-' assignment to
     ‘b00’
    ElicitPsi : replot.maybe: no visible binding for '<<-' assignment to
     ‘c00’
    ElicitPsi : replot.maybe: no visible binding for '<<-' assignment to
     ‘b01’
    ElicitPsi : replot.maybe: no visible binding for '<<-' assignment to
     ‘c01’
    ElicitPsi : replot.maybe: no visible binding for '<<-' assignment to
     ‘b10’
    ElicitPsi : replot.maybe: no visible binding for '<<-' assignment to
     ‘c10’
    ElicitPsi : replot.maybe: no visible binding for '<<-' assignment to
     ‘b11’
    ElicitPsi : replot.maybe: no visible binding for '<<-' assignment to
     ‘c11’
    ElicitPsi : replot.maybe: no visible binding for global variable ‘b00’
    ElicitPsi : replot.maybe: no visible binding for global variable ‘c00’
    ElicitPsi : replot.maybe: no visible binding for global variable ‘b01’
    ElicitPsi : replot.maybe: no visible binding for global variable ‘c01’
    ElicitPsi : replot.maybe: no visible binding for global variable ‘b10’
    ElicitPsi : replot.maybe: no visible binding for global variable ‘c10’
    ElicitPsi : replot.maybe: no visible binding for global variable ‘b11’
    ElicitPsi : replot.maybe: no visible binding for global variable ‘c11’
    ElicitPsi : replot.effect: no visible binding for '<<-' assignment to
     ‘b00’
    ElicitPsi : replot.effect: no visible binding for '<<-' assignment to
     ‘c00’
    ElicitPsi : replot.effect: no visible binding for '<<-' assignment to
     ‘b01’
    ElicitPsi : replot.effect: no visible binding for '<<-' assignment to
     ‘c01’
    ElicitPsi : replot.effect: no visible binding for '<<-' assignment to
     ‘b10’
    ElicitPsi : replot.effect: no visible binding for '<<-' assignment to
     ‘c10’
    ElicitPsi : replot.effect: no visible binding for '<<-' assignment to
     ‘b11’
    ElicitPsi : replot.effect: no visible binding for '<<-' assignment to
     ‘c11’
    ElicitPsi : replot.effect: no visible binding for global variable ‘b00’
    ElicitPsi : replot.effect: no visible binding for global variable ‘c00’
    ElicitPsi : replot.effect: no visible binding for global variable ‘b01’
    ElicitPsi : replot.effect: no visible binding for global variable ‘c01’
    ElicitPsi : replot.effect: no visible binding for global variable ‘b10’
    ElicitPsi : replot.effect: no visible binding for global variable ‘c10’
    ElicitPsi : replot.effect: no visible binding for global variable ‘b11’
    ElicitPsi : replot.effect: no visible binding for global variable ‘c11’
Flavors: r-patched-linux-x86_64, r-patched-solaris-sparc, r-patched-solaris-x86, r-release-linux-x86_64, r-release-osx-x86_64-mavericks, r-release-windows-ix86+x86_64, r-oldrel-windows-ix86+x86_64