CRAN Package Check Results for Package SimplifyStats

Last updated on 2020-02-20 07:52:10 CET.

Flavor Version Tinstall Tcheck Ttotal Status Flags
r-devel-linux-x86_64-debian-clang 2.0.2 5.50 47.07 52.57 NOTE
r-devel-linux-x86_64-debian-gcc 2.0.2 3.85 35.55 39.40 NOTE
r-devel-linux-x86_64-fedora-clang 2.0.2 63.07 OK
r-devel-linux-x86_64-fedora-gcc 2.0.2 61.14 OK
r-devel-windows-ix86+x86_64 2.0.2 13.00 59.00 72.00 NOTE
r-devel-windows-ix86+x86_64-gcc8 2.0.2 19.00 80.00 99.00 NOTE
r-patched-linux-x86_64 2.0.2 4.29 40.43 44.72 OK
r-patched-solaris-x86 2.0.2 83.70 OK
r-release-linux-x86_64 2.0.2 3.72 40.76 44.48 OK
r-release-windows-ix86+x86_64 2.0.2 10.00 58.00 68.00 OK
r-release-osx-x86_64 2.0.2 OK
r-oldrel-windows-ix86+x86_64 2.0.2 6.00 57.00 63.00 OK
r-oldrel-osx-x86_64 2.0.2 OK

Check Details

Version: 2.0.2
Check: package vignettes
Result: NOTE
    Package vignette with placeholder title 'Vignette Title':
     'SimplifyStats_Vignette.Rmd'
Flavors: r-devel-linux-x86_64-debian-clang, r-devel-linux-x86_64-debian-gcc, r-devel-windows-ix86+x86_64, r-devel-windows-ix86+x86_64-gcc8