CRAN Package Check Results for Package Simpsons

Last updated on 2015-07-01 13:47:34.

Flavor Version Tinstall Tcheck Ttotal Status Flags
r-devel-linux-x86_64-debian-clang 0.1.0 0.74 10.36 11.10 NOTE
r-devel-linux-x86_64-debian-gcc 0.1.0 0.92 9.55 10.47 NOTE
r-devel-linux-x86_64-fedora-clang 0.1.0 19.23 NOTE
r-devel-linux-x86_64-fedora-gcc 0.1.0 18.31 NOTE
r-devel-osx-x86_64-clang 0.1.0 21.70 NOTE
r-devel-windows-ix86+x86_64 0.1.0 5.00 18.00 23.00 NOTE
r-patched-linux-x86_64 0.1.0 0.71 10.44 11.15 NOTE
r-patched-solaris-sparc 0.1.0 119.50 NOTE
r-patched-solaris-x86 0.1.0 30.90 NOTE
r-release-linux-x86_64 0.1.0 0.72 10.18 10.90 NOTE
r-release-osx-x86_64-mavericks 0.1.0 NOTE
r-release-windows-ix86+x86_64 0.1.0 3.00 18.00 21.00 NOTE
r-oldrel-windows-ix86+x86_64 0.1.0 5.00 20.00 25.00 NOTE

Check Details

Version: 0.1.0
Check: top-level files
Result: NOTE
    Non-standard file/directory found at top level:
     ‘COPYRIGHTS’
    Copyright information should be in file inst/COPYRIGHTS
Flavors: r-devel-linux-x86_64-debian-clang, r-devel-linux-x86_64-debian-gcc, r-devel-linux-x86_64-fedora-clang, r-devel-linux-x86_64-fedora-gcc, r-patched-linux-x86_64, r-release-linux-x86_64

Version: 0.1.0
Check: dependencies in R code
Result: NOTE
    Package in Depends field not imported from: ‘mclust’
     These packages need to be imported from (in the NAMESPACE file)
     for when this namespace is loaded but not attached.
Flavors: r-devel-linux-x86_64-debian-clang, r-devel-linux-x86_64-debian-gcc, r-devel-linux-x86_64-fedora-clang, r-devel-linux-x86_64-fedora-gcc, r-devel-osx-x86_64-clang, r-devel-windows-ix86+x86_64, r-patched-linux-x86_64, r-patched-solaris-sparc, r-patched-solaris-x86, r-release-linux-x86_64, r-release-osx-x86_64-mavericks, r-release-windows-ix86+x86_64, r-oldrel-windows-ix86+x86_64

Version: 0.1.0
Check: R code for possible problems
Result: NOTE
    Simpsons: no visible global function definition for ‘Mclust’
    Simpsons: no visible global function definition for ‘lm’
    Simpsons: no visible global function definition for ‘plot’
    Simpsons: no visible global function definition for ‘abline’
    Simpsons: no visible global function definition for ‘par’
    Simpsons: no visible global function definition for ‘legend’
    Simpsons: no visible global function definition for ‘txtProgressBar’
    Simpsons: no visible global function definition for ‘setTxtProgressBar’
    Simpsons: no visible global function definition for ‘quantile’
    plot.Simpson: no visible global function definition for ‘plot’
    plot.Simpson: no visible global function definition for ‘lm’
    plot.Simpson: no visible global function definition for ‘abline’
    plot.Simpson: no visible global function definition for ‘par’
    plot.Simpson: no visible global function definition for ‘legend’
Flavors: r-devel-linux-x86_64-debian-clang, r-devel-linux-x86_64-debian-gcc, r-devel-linux-x86_64-fedora-clang, r-devel-linux-x86_64-fedora-gcc, r-devel-windows-ix86+x86_64

Version: 0.1.0
Check: R code for possible problems
Result: NOTE
    Simpsons: no visible global function definition for ‘Mclust’
Flavors: r-devel-osx-x86_64-clang, r-patched-linux-x86_64, r-patched-solaris-sparc, r-patched-solaris-x86, r-release-linux-x86_64, r-release-osx-x86_64-mavericks, r-release-windows-ix86+x86_64, r-oldrel-windows-ix86+x86_64