CRAN Package Check Results for Package Simpsons

Last updated on 2014-09-02 10:51:58.

Flavor Version Tinstall Tcheck Ttotal Status Flags
r-devel-linux-x86_64-debian-clang 0.1.0 0.76 9.60 10.37 NOTE
r-devel-linux-x86_64-debian-gcc 0.1.0 0.83 9.59 10.42 NOTE
r-devel-linux-x86_64-fedora-clang 0.1.0 22.44 NOTE
r-devel-linux-x86_64-fedora-gcc 0.1.0 19.74 NOTE
r-devel-osx-x86_64-clang 0.1.0 23.54 NOTE
r-devel-windows-ix86+x86_64 0.1.0 2.00 17.00 19.00 NOTE
r-patched-linux-x86_64 0.1.0 0.78 9.87 10.65 NOTE
r-patched-solaris-sparc 0.1.0 127.80 NOTE
r-patched-solaris-x86 0.1.0 32.10 NOTE
r-release-linux-ix86 0.1.0 1.16 16.16 17.32 NOTE
r-release-linux-x86_64 0.1.0 0.87 10.30 11.18 NOTE
r-release-osx-x86_64-mavericks 0.1.0 NOTE
r-release-osx-x86_64-snowleopard 0.1.0 OK
r-release-windows-ix86+x86_64 0.1.0 4.00 17.00 21.00 NOTE
r-oldrel-windows-ix86+x86_64 0.1.0 4.00 19.00 23.00 NOTE

Check Details

Version: 0.1.0
Check: dependencies in R code
Result: NOTE
    Package in Depends field not imported from: ‘mclust’
     These packages need to be imported from (in the NAMESPACE file)
     for when this namespace is loaded but not attached.
    See the information on DESCRIPTION files in the chapter ‘Creating R
    packages’ of the ‘Writing R Extensions’ manual.
Flavors: r-devel-linux-x86_64-debian-clang, r-devel-linux-x86_64-debian-gcc, r-devel-linux-x86_64-fedora-clang, r-devel-linux-x86_64-fedora-gcc, r-devel-osx-x86_64-clang, r-devel-windows-ix86+x86_64, r-patched-linux-x86_64, r-patched-solaris-sparc, r-patched-solaris-x86, r-release-linux-ix86, r-release-linux-x86_64, r-release-osx-x86_64-mavericks, r-release-windows-ix86+x86_64, r-oldrel-windows-ix86+x86_64

Version: 0.1.0
Check: R code for possible problems
Result: NOTE
    Simpsons: no visible global function definition for ‘Mclust’
Flavors: r-devel-linux-x86_64-debian-clang, r-devel-linux-x86_64-debian-gcc, r-devel-linux-x86_64-fedora-clang, r-devel-linux-x86_64-fedora-gcc, r-devel-osx-x86_64-clang, r-devel-windows-ix86+x86_64

Version: 0.1.0
Check: top-level files
Result: NOTE
    Non-standard file/directory found at top level:
     ‘COPYRIGHTS’
    Copyright information should be in file inst/COPYRIGHTS
Flavors: r-devel-linux-x86_64-fedora-clang, r-devel-linux-x86_64-fedora-gcc