CRAN Package Check Results for Package Simpsons

Last updated on 2014-04-23 20:47:22.

Flavor Version Tinstall Tcheck Ttotal Status Flags
r-devel-linux-x86_64-debian-clang 0.1.0 1.00 10.45 11.45 NOTE
r-devel-linux-x86_64-debian-gcc 0.1.0 0.88 10.41 11.29 NOTE
r-devel-linux-x86_64-fedora-clang 0.1.0 22.37 NOTE
r-devel-linux-x86_64-fedora-gcc 0.1.0 20.77 NOTE
r-devel-osx-x86_64-clang 0.1.0 23.14 NOTE
r-devel-osx-x86_64-gcc 0.1.0 NOTE
r-devel-windows-ix86+x86_64 0.1.0 3.00 16.00 19.00 NOTE
r-patched-linux-x86_64 0.1.0 0.88 10.18 11.06 NOTE
r-patched-solaris-sparc 0.1.0 127.00 NOTE
r-patched-solaris-x86 0.1.0 32.70 NOTE
r-release-linux-ix86 0.1.0 2.00 23.00 25.00 NOTE
r-release-linux-x86_64 0.1.0 0.86 10.48 11.34 NOTE
r-release-osx-x86_64-mavericks 0.1.0 WARN
r-release-osx-x86_64-snowleopard 0.1.0 OK
r-release-windows-ix86+x86_64 0.1.0 5.00 23.00 28.00 NOTE
r-oldrel-windows-ix86+x86_64 0.1.0 4.00 19.00 23.00 NOTE

Check Details

Version: 0.1.0
Check: dependencies in R code
Result: NOTE
    Package in Depends field not imported from: ‘mclust’
     These packages need to be imported from (in the NAMESPACE file)
     for when this namespace is loaded but not attached.
    See the information on DESCRIPTION files in the chapter ‘Creating R
    packages’ of the ‘Writing R Extensions’ manual.
Flavors: r-devel-linux-x86_64-debian-clang, r-devel-linux-x86_64-debian-gcc, r-devel-linux-x86_64-fedora-clang, r-devel-linux-x86_64-fedora-gcc, r-devel-osx-x86_64-clang, r-devel-osx-x86_64-gcc, r-devel-windows-ix86+x86_64, r-patched-linux-x86_64, r-patched-solaris-sparc, r-patched-solaris-x86, r-release-linux-ix86, r-release-linux-x86_64, r-release-osx-x86_64-mavericks, r-release-windows-ix86+x86_64, r-oldrel-windows-ix86+x86_64

Version: 0.1.0
Check: top-level files
Result: NOTE
    Non-standard file/directory found at top level:
     ‘COPYRIGHTS’
    Copyright information should be in file inst/COPYRIGHTS
Flavors: r-devel-linux-x86_64-fedora-clang, r-devel-linux-x86_64-fedora-gcc

Version: 0.1.0
Check: PDF version of manual
Result: WARNING
    LaTeX errors when creating PDF version.
    This typically indicates Rd problems.
    LaTeX errors found:
    ! LaTeX Error: File `upquote.sty' not found.
    
    Type X to quit or <RETURN> to proceed,
    or enter new name. (Default extension: sty)
    
    315cd09/Rd2.tex:8: ==> Fatal error occurred, no output PDF file produced!
Flavor: r-release-osx-x86_64-mavericks