CRAN Package Check Results for Package Simpsons

Last updated on 2016-12-07 14:48:02.

Flavor Version Tinstall Tcheck Ttotal Status Flags
r-devel-linux-x86_64-debian-clang 0.1.0 0.86 11.76 12.62 NOTE
r-devel-linux-x86_64-debian-gcc 0.1.0 1.04 11.69 12.73 NOTE
r-devel-linux-x86_64-fedora-clang 0.1.0 22.23 NOTE --no-stop-on-test-error
r-devel-linux-x86_64-fedora-gcc 0.1.0 20.87 NOTE --no-stop-on-test-error
r-devel-macos-x86_64-clang 0.1.0 19.74 NOTE
r-devel-windows-ix86+x86_64 0.1.0 4.00 43.00 47.00 NOTE
r-patched-linux-x86_64 0.1.0 0.93 9.91 10.85 NOTE
r-patched-solaris-sparc 0.1.0 115.70 NOTE
r-patched-solaris-x86 0.1.0 26.50 NOTE
r-release-linux-x86_64 0.1.0 0.80 10.14 10.94 NOTE
r-release-osx-x86_64-mavericks 0.1.0 NOTE
r-release-windows-ix86+x86_64 0.1.0 3.00 37.00 40.00 NOTE
r-oldrel-windows-ix86+x86_64 0.1.0 4.00 28.00 32.00 NOTE

Check Details

Version: 0.1.0
Check: top-level files
Result: NOTE
    Non-standard file/directory found at top level:
     ‘COPYRIGHTS’
    Copyright information should be in file inst/COPYRIGHTS
Flavors: r-devel-linux-x86_64-debian-clang, r-devel-linux-x86_64-debian-gcc, r-patched-linux-x86_64, r-release-linux-x86_64

Version: 0.1.0
Check: dependencies in R code
Result: NOTE
    Package in Depends field not imported from: ‘mclust’
     These packages need to be imported from (in the NAMESPACE file)
     for when this namespace is loaded but not attached.
Flavors: r-devel-linux-x86_64-debian-clang, r-devel-linux-x86_64-debian-gcc, r-devel-macos-x86_64-clang, r-devel-windows-ix86+x86_64, r-patched-linux-x86_64, r-patched-solaris-sparc, r-patched-solaris-x86, r-release-linux-x86_64, r-release-osx-x86_64-mavericks, r-release-windows-ix86+x86_64, r-oldrel-windows-ix86+x86_64

Version: 0.1.0
Check: R code for possible problems
Result: NOTE
    Simpsons: no visible global function definition for ‘Mclust’
    Simpsons: no visible global function definition for ‘lm’
    Simpsons: no visible global function definition for ‘plot’
    Simpsons: no visible global function definition for ‘abline’
    Simpsons: no visible global function definition for ‘par’
    Simpsons: no visible global function definition for ‘legend’
    Simpsons: no visible global function definition for ‘txtProgressBar’
    Simpsons: no visible global function definition for ‘setTxtProgressBar’
    Simpsons: no visible global function definition for ‘quantile’
    plot.Simpson: no visible global function definition for ‘plot’
    plot.Simpson: no visible global function definition for ‘lm’
    plot.Simpson: no visible global function definition for ‘abline’
    plot.Simpson: no visible global function definition for ‘par’
    plot.Simpson: no visible global function definition for ‘legend’
    Undefined global functions or variables:
     Mclust abline legend lm par plot quantile setTxtProgressBar
     txtProgressBar
    Consider adding
     importFrom("graphics", "abline", "legend", "par", "plot")
     importFrom("stats", "lm", "quantile")
     importFrom("utils", "setTxtProgressBar", "txtProgressBar")
    to your NAMESPACE file.
Flavors: r-devel-linux-x86_64-debian-clang, r-devel-linux-x86_64-debian-gcc, r-devel-macos-x86_64-clang, r-devel-windows-ix86+x86_64, r-patched-linux-x86_64, r-patched-solaris-sparc, r-patched-solaris-x86, r-release-linux-x86_64, r-release-osx-x86_64-mavericks, r-release-windows-ix86+x86_64

Version: 0.1.0
Flags: --no-stop-on-test-error
Check: top-level files
Result: NOTE
    Non-standard file/directory found at top level:
     ‘COPYRIGHTS’
    Copyright information should be in file inst/COPYRIGHTS
Flavors: r-devel-linux-x86_64-fedora-clang, r-devel-linux-x86_64-fedora-gcc

Version: 0.1.0
Flags: --no-stop-on-test-error
Check: dependencies in R code
Result: NOTE
    Package in Depends field not imported from: ‘mclust’
     These packages need to be imported from (in the NAMESPACE file)
     for when this namespace is loaded but not attached.
Flavors: r-devel-linux-x86_64-fedora-clang, r-devel-linux-x86_64-fedora-gcc

Version: 0.1.0
Flags: --no-stop-on-test-error
Check: R code for possible problems
Result: NOTE
    Simpsons: no visible global function definition for ‘Mclust’
    Simpsons: no visible global function definition for ‘lm’
    Simpsons: no visible global function definition for ‘plot’
    Simpsons: no visible global function definition for ‘abline’
    Simpsons: no visible global function definition for ‘par’
    Simpsons: no visible global function definition for ‘legend’
    Simpsons: no visible global function definition for ‘txtProgressBar’
    Simpsons: no visible global function definition for ‘setTxtProgressBar’
    Simpsons: no visible global function definition for ‘quantile’
    plot.Simpson: no visible global function definition for ‘plot’
    plot.Simpson: no visible global function definition for ‘lm’
    plot.Simpson: no visible global function definition for ‘abline’
    plot.Simpson: no visible global function definition for ‘par’
    plot.Simpson: no visible global function definition for ‘legend’
    Undefined global functions or variables:
     Mclust abline legend lm par plot quantile setTxtProgressBar
     txtProgressBar
    Consider adding
     importFrom("graphics", "abline", "legend", "par", "plot")
     importFrom("stats", "lm", "quantile")
     importFrom("utils", "setTxtProgressBar", "txtProgressBar")
    to your NAMESPACE file.
Flavors: r-devel-linux-x86_64-fedora-clang, r-devel-linux-x86_64-fedora-gcc

Version: 0.1.0
Check: R code for possible problems
Result: NOTE
    Simpsons: no visible global function definition for 'Mclust'
Flavor: r-oldrel-windows-ix86+x86_64