CRAN Package Check Results for Package Simpsons

Last updated on 2015-04-26 16:47:15.

Flavor Version Tinstall Tcheck Ttotal Status Flags
r-devel-linux-x86_64-debian-clang 0.1.0 0.72 10.16 10.88 NOTE
r-devel-linux-x86_64-debian-gcc 0.1.0 0.73 9.94 10.67 NOTE
r-devel-linux-x86_64-fedora-clang 0.1.0 22.02 NOTE
r-devel-linux-x86_64-fedora-gcc 0.1.0 19.42 NOTE
r-devel-osx-x86_64-clang 0.1.0 25.55 NOTE
r-devel-windows-ix86+x86_64 0.1.0 3.00 16.00 19.00 NOTE
r-patched-linux-x86_64 0.1.0 0.73 10.08 10.82 NOTE
r-patched-solaris-sparc 0.1.0 140.40 NOTE
r-patched-solaris-x86 0.1.0 30.60 NOTE
r-release-linux-x86_64 0.1.0 0.72 -2.12 -1.40 NOTE
r-release-osx-x86_64-mavericks 0.1.0 NOTE
r-release-osx-x86_64-snowleopard 0.1.0 NOTE
r-release-windows-ix86+x86_64 0.1.0 3.00 19.00 22.00 NOTE
r-oldrel-windows-ix86+x86_64 0.1.0 2.00 20.00 22.00 NOTE

Check Details

Version: 0.1.0
Check: top-level files
Result: NOTE
    Non-standard file/directory found at top level:
     ‘COPYRIGHTS’
    Copyright information should be in file inst/COPYRIGHTS
Flavors: r-devel-linux-x86_64-fedora-clang, r-devel-linux-x86_64-fedora-gcc

Version: 0.1.0
Check: dependencies in R code
Result: NOTE
    Package in Depends field not imported from: ‘mclust’
     These packages need to be imported from (in the NAMESPACE file)
     for when this namespace is loaded but not attached.
Flavors: r-devel-linux-x86_64-fedora-clang, r-devel-linux-x86_64-fedora-gcc, r-devel-osx-x86_64-clang, r-devel-windows-ix86+x86_64, r-patched-solaris-sparc, r-patched-solaris-x86, r-release-osx-x86_64-mavericks, r-release-windows-ix86+x86_64, r-oldrel-windows-ix86+x86_64

Version: 0.1.0
Check: R code for possible problems
Result: NOTE
    Simpsons: no visible global function definition for ‘Mclust’
Flavors: r-devel-linux-x86_64-fedora-clang, r-devel-linux-x86_64-fedora-gcc, r-devel-osx-x86_64-clang, r-devel-windows-ix86+x86_64, r-patched-solaris-sparc, r-patched-solaris-x86, r-release-osx-x86_64-mavericks, r-release-windows-ix86+x86_64, r-oldrel-windows-ix86+x86_64