CRAN Package Check Results for Package SinIW

Last updated on 2022-05-20 19:51:06 CEST.

Flavor Version Tinstall Tcheck Ttotal Status Flags
r-devel-linux-x86_64-debian-clang 0.2 2.13 31.72 33.85 NOTE
r-devel-linux-x86_64-debian-gcc 0.2 1.60 24.69 26.29 NOTE
r-devel-linux-x86_64-fedora-clang 0.2 41.39 NOTE
r-devel-linux-x86_64-fedora-gcc 0.2 39.81 NOTE
r-devel-windows-x86_64 0.2 8.00 51.00 59.00 NOTE
r-patched-linux-x86_64 0.2 1.68 30.32 32.00 NOTE
r-release-linux-x86_64 0.2 2.05 30.47 32.52 NOTE
r-release-macos-arm64 0.2 16.00 NOTE
r-release-macos-x86_64 0.2 20.00 NOTE
r-release-windows-x86_64 0.2 10.00 52.00 62.00 NOTE
r-oldrel-macos-arm64 0.2 19.00 NOTE
r-oldrel-macos-x86_64 0.2 25.00 NOTE
r-oldrel-windows-ix86+x86_64 0.2 5.00 39.00 44.00 NOTE

Check Details

Version: 0.2
Check: LazyData
Result: NOTE
     'LazyData' is specified without a 'data' directory
Flavors: r-devel-linux-x86_64-debian-clang, r-devel-linux-x86_64-debian-gcc, r-devel-linux-x86_64-fedora-clang, r-devel-linux-x86_64-fedora-gcc, r-devel-windows-x86_64, r-patched-linux-x86_64, r-release-linux-x86_64, r-release-macos-arm64, r-release-macos-x86_64, r-release-windows-x86_64, r-oldrel-macos-arm64, r-oldrel-macos-x86_64, r-oldrel-windows-ix86+x86_64

Version: 0.2
Check: dependencies in R code
Result: NOTE
    Namespace in Imports field not imported from: ‘pracma’
     All declared Imports should be used.
Flavors: r-devel-linux-x86_64-fedora-clang, r-devel-linux-x86_64-fedora-gcc, r-release-macos-arm64, r-release-macos-x86_64, r-oldrel-macos-arm64, r-oldrel-macos-x86_64