CRAN Package Check Results for Package SiteAdapt

Last updated on 2022-01-28 00:49:09 CET.

Flavor Version Tinstall Tcheck Ttotal Status Flags
r-devel-linux-x86_64-debian-clang 1.1.0 14.03 229.65 243.68 OK
r-devel-linux-x86_64-debian-gcc 1.1.0 12.13 172.57 184.70 OK
r-devel-linux-x86_64-fedora-clang 1.1.0 293.81 OK
r-devel-linux-x86_64-fedora-gcc 1.1.0 277.71 OK
r-devel-windows-x86_64-new-UL 1.1.0 27.00 273.00 300.00 OK
r-devel-windows-x86_64-new-TK 1.1.0 ERROR
r-patched-linux-x86_64 1.1.0 12.85 210.74 223.59 OK
r-release-linux-x86_64 1.1.0 12.46 204.90 217.36 OK
r-release-macos-arm64 1.1.0 OK
r-release-macos-x86_64 1.1.0 OK
r-release-windows-ix86+x86_64 1.1.0 45.00 301.00 346.00 OK
r-oldrel-macos-x86_64 1.1.0 OK
r-oldrel-windows-ix86+x86_64 1.1.0 45.00 295.00 340.00 OK

Check Details

Version: 1.1.0
Check: package dependencies
Result: ERROR
    Package required but not available: 'ggpubr'
    
    See section 'The DESCRIPTION file' in the 'Writing R Extensions'
    manual.
Flavor: r-devel-windows-x86_64-new-TK