CRAN Package Check Results for Package SixSigma

Last updated on 2014-10-31 23:47:41.

Flavor Version Tinstall Tcheck Ttotal Status Flags
r-devel-linux-x86_64-debian-clang 0.8-1 2.31 34.04 36.35 NOTE
r-devel-linux-x86_64-debian-gcc 0.8-1 2.34 33.50 35.84 NOTE
r-devel-linux-x86_64-fedora-clang 0.8-1 73.38 NOTE
r-devel-linux-x86_64-fedora-gcc 0.8-1 71.77 NOTE
r-devel-osx-x86_64-clang 0.8-1 75.35 NOTE
r-devel-windows-ix86+x86_64 0.8-1 9.00 54.00 63.00 NOTE
r-patched-linux-x86_64 0.8-1 2.36 34.87 37.23 NOTE
r-patched-solaris-sparc 0.8-1 409.70 NOTE
r-patched-solaris-x86 0.8-1 98.40 NOTE
r-release-linux-ix86 0.8-1 3.00 44.61 47.61 OK
r-release-linux-x86_64 0.8-1 2.42 35.41 37.83 OK
r-release-osx-x86_64-mavericks 0.8-1 OK
r-release-osx-x86_64-snowleopard 0.8-1 OK
r-release-windows-ix86+x86_64 0.8-1 10.00 55.00 65.00 OK
r-oldrel-windows-ix86+x86_64 0.8-1 10.00 58.00 68.00 OK

Check Details

Version: 0.8-1
Check: R code for possible problems
Result: NOTE
    ss.rr: no visible binding for global variable ‘ss.data.rr’
Flavors: r-devel-linux-x86_64-debian-clang, r-devel-linux-x86_64-debian-gcc, r-devel-linux-x86_64-fedora-clang, r-devel-linux-x86_64-fedora-gcc, r-devel-osx-x86_64-clang, r-devel-windows-ix86+x86_64, r-patched-linux-x86_64, r-patched-solaris-sparc, r-patched-solaris-x86