CRAN Package Check Results for Package SixSigma

Last updated on 2019-06-25 09:51:05 CEST.

Flavor Version Tinstall Tcheck Ttotal Status Flags
r-devel-linux-x86_64-debian-clang 0.9-52 5.18 78.30 83.48 NOTE
r-devel-linux-x86_64-debian-gcc 0.9-52 4.95 59.60 64.55 NOTE
r-devel-linux-x86_64-fedora-clang 0.9-52 99.43 NOTE
r-devel-linux-x86_64-fedora-gcc 0.9-52 95.88 NOTE
r-devel-windows-ix86+x86_64 0.9-52 19.00 412.00 431.00 OK
r-patched-linux-x86_64 0.9-52 5.43 75.15 80.58 OK
r-patched-solaris-x86 0.9-52 130.20 OK
r-release-linux-x86_64 0.9-52 5.36 77.12 82.48 OK
r-release-windows-ix86+x86_64 0.9-52 13.00 370.00 383.00 OK
r-release-osx-x86_64 0.9-52 OK
r-oldrel-windows-ix86+x86_64 0.9-52 8.00 81.00 89.00 OK
r-oldrel-osx-x86_64 0.9-52 OK

Check Details

Version: 0.9-52
Check: for non-standard things in the check directory
Result: NOTE
    Found the following files/directories:
     'helicopter.pdf'
Flavors: r-devel-linux-x86_64-debian-clang, r-devel-linux-x86_64-debian-gcc, r-devel-linux-x86_64-fedora-clang, r-devel-linux-x86_64-fedora-gcc