CRAN Package Check Results for Package SixSigma

Last updated on 2015-05-27 09:48:04.

Flavor Version Tinstall Tcheck Ttotal Status Flags
r-devel-linux-x86_64-debian-clang 0.8-1 1.69 27.46 29.16 NOTE
r-devel-linux-x86_64-debian-gcc 0.8-1 1.61 26.90 28.51 NOTE
r-devel-linux-x86_64-fedora-clang 0.8-1 58.56 NOTE
r-devel-linux-x86_64-fedora-gcc 0.8-1 54.12 NOTE
r-devel-osx-x86_64-clang 0.8-1 57.09 NOTE
r-devel-windows-ix86+x86_64 0.8-1 5.00 47.00 52.00 NOTE
r-patched-linux-x86_64 0.8-1 1.43 27.55 28.98 NOTE
r-patched-solaris-sparc 0.8-1 333.70 NOTE
r-patched-solaris-x86 0.8-1 80.00 NOTE
r-release-linux-x86_64 0.8-1 1.93 27.44 29.37 NOTE
r-release-osx-x86_64-mavericks 0.8-1 NOTE
r-release-osx-x86_64-snowleopard 0.8-1 ERROR
r-release-windows-ix86+x86_64 0.8-1 6.00 52.00 58.00 NOTE
r-oldrel-windows-ix86+x86_64 0.8-1 13.00 69.00 82.00 NOTE

Check Details

Version: 0.8-1
Check: R code for possible problems
Result: NOTE
    ss.rr: no visible binding for global variable ‘ss.data.rr’
Flavors: r-devel-linux-x86_64-debian-clang, r-devel-linux-x86_64-debian-gcc, r-devel-linux-x86_64-fedora-clang, r-devel-linux-x86_64-fedora-gcc, r-devel-osx-x86_64-clang, r-devel-windows-ix86+x86_64, r-patched-linux-x86_64, r-patched-solaris-sparc, r-patched-solaris-x86, r-release-linux-x86_64, r-release-osx-x86_64-mavericks, r-release-windows-ix86+x86_64, r-oldrel-windows-ix86+x86_64

Version: 0.8-1
Check: package dependencies
Result: ERROR
    Package required but not available: ‘ggplot2’
    
    See section ‘The DESCRIPTION file’ in the ‘Writing R Extensions’
    manual.
Flavor: r-release-osx-x86_64-snowleopard