CRAN Package Check Results for Package SixSigma

Last updated on 2015-08-01 11:49:15.

Flavor Version Tinstall Tcheck Ttotal Status Flags
r-devel-linux-x86_64-debian-clang 0.8-1 1.51 27.62 29.13 NOTE
r-devel-linux-x86_64-debian-gcc 0.8-1 1.60 26.60 28.20 NOTE
r-devel-linux-x86_64-fedora-clang 0.8-1 58.76 NOTE
r-devel-linux-x86_64-fedora-gcc 0.8-1 58.23 NOTE
r-devel-osx-x86_64-clang 0.8-1 52.44 NOTE
r-devel-windows-ix86+x86_64 0.8-1 8.00 49.00 57.00 NOTE
r-patched-linux-x86_64 0.8-1 1.54 26.79 28.33 NOTE
r-patched-solaris-sparc 0.8-1 370.60 NOTE
r-patched-solaris-x86 0.8-1 81.20 NOTE
r-release-linux-x86_64 0.8-1 1.54 27.09 28.63 NOTE
r-release-osx-x86_64-mavericks 0.8-1 NOTE
r-release-windows-ix86+x86_64 0.8-1 9.00 49.00 58.00 NOTE
r-oldrel-windows-ix86+x86_64 0.8-1 17.00 82.00 99.00 NOTE

Check Details

Version: 0.8-1
Check: R code for possible problems
Result: NOTE
    ss.ca.cp: no visible global function definition for ‘sd’
    ss.ca.cp: no visible global function definition for ‘qchisq’
    ss.ca.cpk: no visible global function definition for ‘sd’
    ss.ca.cpk: no visible global function definition for ‘qnorm’
    ss.ca.z: no visible global function definition for ‘sd’
    ss.cc.getd2 : f: no visible global function definition for ‘ptukey’
    ss.cc.getd2: no visible global function definition for ‘integrate’
    ss.cc.getd3 : f: no visible global function definition for ‘ptukey’
    ss.cc.getd3: no visible global function definition for ‘integrate’
    ss.ci: no visible global function definition for ‘sd’
    ss.ci: no visible global function definition for ‘qnorm’
    ss.ci: no visible global function definition for ‘qt’
    ss.ci: no visible global function definition for ‘shapiro.test’
    ss.heli: no visible global function definition for ‘pdf’
    ss.heli: no visible global function definition for ‘dev.off’
    ss.rr: no visible global function definition for ‘anova’
    ss.rr: no visible global function definition for ‘lm’
    ss.rr: no visible global function definition for ‘aggregate’
    ss.rr: no visible binding for global variable ‘ss.data.rr’
    ss.study.ca: no visible global function definition for ‘sd’
    ss.study.ca: no visible global function definition for ‘pnorm’
    ss.study.ca: no visible binding for global variable ‘dnorm’
    ss.study.ca: no visible global function definition for ‘shapiro.test’
    Undefined global functions or variables:
     aggregate anova dev.off dnorm integrate lm pdf pnorm ptukey qchisq
     qnorm qt sd shapiro.test ss.data.rr
    Consider adding
     importFrom("grDevices", "dev.off", "pdf")
     importFrom("stats", "aggregate", "anova", "dnorm", "integrate", "lm",
     "pnorm", "ptukey", "qchisq", "qnorm", "qt", "sd",
     "shapiro.test")
    to your NAMESPACE.
Flavors: r-devel-linux-x86_64-debian-clang, r-devel-linux-x86_64-debian-gcc, r-devel-linux-x86_64-fedora-clang, r-devel-linux-x86_64-fedora-gcc, r-devel-windows-ix86+x86_64

Version: 0.8-1
Check: R code for possible problems
Result: NOTE
    ss.rr: no visible binding for global variable ‘ss.data.rr’
    Undefined global functions or variables:
     ss.data.rr
Flavor: r-devel-osx-x86_64-clang

Version: 0.8-1
Check: R code for possible problems
Result: NOTE
    ss.rr: no visible binding for global variable ‘ss.data.rr’
Flavors: r-patched-linux-x86_64, r-patched-solaris-sparc, r-patched-solaris-x86, r-release-linux-x86_64, r-release-osx-x86_64-mavericks, r-release-windows-ix86+x86_64, r-oldrel-windows-ix86+x86_64