CRAN Package Check Results for Package SixSigma

Last updated on 2014-11-22 20:47:04.

Flavor Version Tinstall Tcheck Ttotal Status Flags
r-devel-linux-x86_64-debian-clang 0.8-1 2.32 33.88 36.20 NOTE
r-devel-linux-x86_64-debian-gcc 0.8-1 2.28 33.31 35.59 NOTE
r-devel-linux-x86_64-fedora-clang 0.8-1 75.12 NOTE
r-devel-linux-x86_64-fedora-gcc 0.8-1 70.40 NOTE
r-devel-osx-x86_64-clang 0.8-1 71.88 NOTE
r-devel-windows-ix86+x86_64 0.8-1 8.00 52.00 60.00 NOTE
r-patched-linux-x86_64 0.8-1 2.34 34.38 36.72 NOTE
r-patched-solaris-sparc 0.8-1 409.70 NOTE
r-patched-solaris-x86 0.8-1 97.20 NOTE
r-release-linux-ix86 0.8-1 3.05 43.33 46.38 NOTE
r-release-linux-x86_64 0.8-1 3.27 35.26 38.52 NOTE
r-release-osx-x86_64-mavericks 0.8-1 OK
r-release-osx-x86_64-snowleopard 0.8-1 OK
r-release-windows-ix86+x86_64 0.8-1 12.00 57.00 69.00 NOTE
r-oldrel-windows-ix86+x86_64 0.8-1 8.00 60.00 68.00 OK

Check Details

Version: 0.8-1
Check: R code for possible problems
Result: NOTE
    ss.rr: no visible binding for global variable ‘ss.data.rr’
Flavors: r-devel-linux-x86_64-debian-clang, r-devel-linux-x86_64-debian-gcc, r-devel-linux-x86_64-fedora-clang, r-devel-linux-x86_64-fedora-gcc, r-devel-osx-x86_64-clang, r-devel-windows-ix86+x86_64, r-patched-linux-x86_64, r-patched-solaris-sparc, r-patched-solaris-x86, r-release-linux-ix86, r-release-linux-x86_64, r-release-windows-ix86+x86_64