CRAN Package Check Results for Package SixSigma

Last updated on 2015-01-30 21:47:13.

Flavor Version Tinstall Tcheck Ttotal Status Flags
r-devel-linux-x86_64-debian-clang 0.8-1 1.46 26.30 27.76 NOTE
r-devel-linux-x86_64-debian-gcc 0.8-1 1.60 28.84 30.45 NOTE
r-devel-linux-x86_64-fedora-clang 0.8-1 63.93 NOTE
r-devel-linux-x86_64-fedora-gcc 0.8-1 58.36 NOTE
r-devel-osx-x86_64-clang 0.8-1 71.34 NOTE
r-devel-windows-ix86+x86_64 0.8-1 7.00 44.00 51.00 NOTE
r-patched-linux-x86_64 0.8-1 2.41 34.40 36.80 NOTE
r-patched-solaris-sparc 0.8-1 437.20 NOTE
r-patched-solaris-x86 0.8-1 99.70 NOTE
r-release-linux-ix86 0.8-1 2.85 43.08 45.94 NOTE
r-release-linux-x86_64 0.8-1 3.34 35.40 38.74 NOTE
r-release-osx-x86_64-mavericks 0.8-1 NOTE
r-release-osx-x86_64-snowleopard 0.8-1 OK
r-release-windows-ix86+x86_64 0.8-1 8.00 65.00 73.00 NOTE
r-oldrel-windows-ix86+x86_64 0.8-1 9.00 62.00 71.00 OK

Check Details

Version: 0.8-1
Check: R code for possible problems
Result: NOTE
    ss.rr: no visible binding for global variable ‘ss.data.rr’
Flavors: r-devel-linux-x86_64-debian-clang, r-devel-linux-x86_64-debian-gcc, r-devel-linux-x86_64-fedora-clang, r-devel-linux-x86_64-fedora-gcc, r-devel-osx-x86_64-clang, r-devel-windows-ix86+x86_64, r-patched-linux-x86_64, r-patched-solaris-sparc, r-patched-solaris-x86, r-release-linux-ix86, r-release-linux-x86_64, r-release-osx-x86_64-mavericks, r-release-windows-ix86+x86_64