CRAN Package Check Results for Package SixSigma

Last updated on 2014-09-20 08:51:55.

Flavor Version Tinstall Tcheck Ttotal Status Flags
r-devel-linux-x86_64-debian-clang 0.8-1 2.26 32.74 35.00 NOTE
r-devel-linux-x86_64-debian-gcc 0.8-1 2.24 31.75 33.99 NOTE
r-devel-linux-x86_64-fedora-clang 0.8-1 69.55 NOTE
r-devel-linux-x86_64-fedora-gcc 0.8-1 65.02 NOTE
r-devel-osx-x86_64-clang 0.8-1 66.22 NOTE
r-devel-windows-ix86+x86_64 0.8-1 9.00 52.00 61.00 NOTE
r-patched-linux-x86_64 0.8-1 2.36 33.49 35.85 OK
r-patched-solaris-sparc 0.8-1 404.20 OK
r-patched-solaris-x86 0.8-1 94.00 OK
r-release-linux-ix86 0.8-1 2.99 44.09 47.08 OK
r-release-linux-x86_64 0.8-1 2.38 34.53 36.92 OK
r-release-osx-x86_64-mavericks 0.8-1 OK
r-release-osx-x86_64-snowleopard 0.8-1 OK
r-release-windows-ix86+x86_64 0.8-1 8.00 58.00 66.00 OK
r-oldrel-windows-ix86+x86_64 0.8-1 9.00 60.00 69.00 OK

Check Details

Version: 0.8-1
Check: R code for possible problems
Result: NOTE
    ss.rr: no visible binding for global variable ‘ss.data.rr’
Flavors: r-devel-linux-x86_64-debian-clang, r-devel-linux-x86_64-debian-gcc, r-devel-linux-x86_64-fedora-clang, r-devel-linux-x86_64-fedora-gcc, r-devel-osx-x86_64-clang, r-devel-windows-ix86+x86_64