CRAN Package Check Results for Package SixSigma

Last updated on 2014-12-21 11:46:45.

Flavor Version Tinstall Tcheck Ttotal Status Flags
r-devel-linux-x86_64-debian-clang 0.8-1 2.38 34.09 36.47 NOTE
r-devel-linux-x86_64-debian-gcc 0.8-1 2.28 32.69 34.98 NOTE
r-devel-linux-x86_64-fedora-clang 0.8-1 76.32 NOTE
r-devel-linux-x86_64-fedora-gcc 0.8-1 70.99 NOTE
r-devel-osx-x86_64-clang 0.8-1 70.22 NOTE
r-devel-windows-ix86+x86_64 0.8-1 9.00 56.00 65.00 NOTE
r-patched-linux-x86_64 0.8-1 2.40 35.06 37.45 NOTE
r-patched-solaris-sparc 0.8-1 409.70 NOTE
r-patched-solaris-x86 0.8-1 98.80 NOTE
r-release-linux-ix86 0.8-1 2.89 43.29 46.18 NOTE
r-release-linux-x86_64 0.8-1 2.35 34.80 37.14 NOTE
r-release-osx-x86_64-mavericks 0.8-1 OK
r-release-osx-x86_64-snowleopard 0.8-1 OK
r-release-windows-ix86+x86_64 0.8-1 11.00 60.00 71.00 NOTE
r-oldrel-windows-ix86+x86_64 0.8-1 9.00 65.00 74.00 OK

Check Details

Version: 0.8-1
Check: R code for possible problems
Result: NOTE
    ss.rr: no visible binding for global variable ‘ss.data.rr’
Flavors: r-devel-linux-x86_64-debian-clang, r-devel-linux-x86_64-debian-gcc, r-devel-linux-x86_64-fedora-clang, r-devel-linux-x86_64-fedora-gcc, r-devel-osx-x86_64-clang, r-devel-windows-ix86+x86_64, r-patched-linux-x86_64, r-patched-solaris-sparc, r-patched-solaris-x86, r-release-linux-ix86, r-release-linux-x86_64, r-release-windows-ix86+x86_64