CRAN Package Check Results for Package SixSigma

Last updated on 2014-08-29 17:47:44.

Flavor Version Tinstall Tcheck Ttotal Status Flags
r-devel-linux-x86_64-debian-clang 0.8-1 2.24 31.72 33.96 NOTE
r-devel-linux-x86_64-debian-gcc 0.8-1 2.24 31.36 33.60 NOTE
r-devel-linux-x86_64-fedora-clang 0.8-1 75.90 NOTE
r-devel-linux-x86_64-fedora-gcc 0.8-1 65.60 NOTE
r-devel-osx-x86_64-clang 0.8-1 62.82 NOTE
r-devel-windows-ix86+x86_64 0.8-1 8.00 52.00 60.00 NOTE
r-patched-linux-x86_64 0.8-1 2.31 33.58 35.89 OK
r-patched-solaris-sparc 0.8-1 404.20 OK
r-patched-solaris-x86 0.8-1 94.40 OK
r-release-linux-ix86 0.8-1 2.96 43.88 46.83 OK
r-release-linux-x86_64 0.8-1 2.53 33.96 36.48 OK
r-release-osx-x86_64-mavericks 0.8-1 OK
r-release-osx-x86_64-snowleopard 0.8-1 OK
r-release-windows-ix86+x86_64 0.8-1 8.00 62.00 70.00 OK
r-oldrel-windows-ix86+x86_64 0.8-1 9.00 59.00 68.00 OK

Check Details

Version: 0.8-1
Check: R code for possible problems
Result: NOTE
    ss.rr: no visible binding for global variable ‘ss.data.rr’
Flavors: r-devel-linux-x86_64-debian-clang, r-devel-linux-x86_64-debian-gcc, r-devel-linux-x86_64-fedora-clang, r-devel-linux-x86_64-fedora-gcc, r-devel-osx-x86_64-clang, r-devel-windows-ix86+x86_64