CRAN Package Check Results for Package SixSigma

Last updated on 2015-03-01 12:47:49.

Flavor Version Tinstall Tcheck Ttotal Status Flags
r-devel-linux-x86_64-debian-clang 0.8-1 1.46 26.36 27.82 NOTE
r-devel-linux-x86_64-debian-gcc 0.8-1 1.48 26.68 28.16 NOTE
r-devel-linux-x86_64-fedora-clang 0.8-1 58.52 NOTE
r-devel-linux-x86_64-fedora-gcc 0.8-1 54.41 NOTE
r-devel-osx-x86_64-clang 0.8-1 57.76 NOTE
r-devel-windows-ix86+x86_64 0.8-1 8.00 46.00 54.00 NOTE
r-patched-linux-x86_64 0.8-1 2.60 36.94 39.54 NOTE
r-patched-solaris-sparc 0.8-1 437.20 NOTE
r-patched-solaris-x86 0.8-1 99.70 NOTE
r-release-linux-ix86 0.8-1 2.83 45.24 48.07 NOTE
r-release-linux-x86_64 0.8-1 2.50 35.20 37.70 NOTE
r-release-osx-x86_64-mavericks 0.8-1 NOTE
r-release-osx-x86_64-snowleopard 0.8-1 OK
r-release-windows-ix86+x86_64 0.8-1 9.00 64.00 73.00 NOTE
r-oldrel-windows-ix86+x86_64 0.8-1 10.00 59.00 69.00 OK

Check Details

Version: 0.8-1
Check: R code for possible problems
Result: NOTE
    ss.rr: no visible binding for global variable ‘ss.data.rr’
Flavors: r-devel-linux-x86_64-debian-clang, r-devel-linux-x86_64-debian-gcc, r-devel-linux-x86_64-fedora-clang, r-devel-linux-x86_64-fedora-gcc, r-devel-osx-x86_64-clang, r-devel-windows-ix86+x86_64, r-patched-linux-x86_64, r-patched-solaris-sparc, r-patched-solaris-x86, r-release-linux-ix86, r-release-linux-x86_64, r-release-osx-x86_64-mavericks, r-release-windows-ix86+x86_64