CRAN Package Check Results for Package SixSigma

Last updated on 2015-04-27 10:49:00.

Flavor Version Tinstall Tcheck Ttotal Status Flags
r-devel-linux-x86_64-debian-clang 0.8-1 1.46 27.06 28.52 NOTE
r-devel-linux-x86_64-debian-gcc 0.8-1 1.50 26.41 27.91 NOTE
r-devel-linux-x86_64-fedora-clang 0.8-1 60.21 NOTE
r-devel-linux-x86_64-fedora-gcc 0.8-1 53.55 NOTE
r-devel-osx-x86_64-clang 0.8-1 55.84 NOTE
r-devel-windows-ix86+x86_64 0.8-1 6.00 43.00 49.00 NOTE
r-patched-linux-x86_64 0.8-1 1.44 27.57 29.01 NOTE
r-patched-solaris-sparc 0.8-1 379.70 NOTE
r-patched-solaris-x86 0.8-1 76.20 NOTE
r-release-linux-x86_64 0.8-1 1.42 26.74 28.16 NOTE
r-release-osx-x86_64-mavericks 0.8-1 NOTE
r-release-osx-x86_64-snowleopard 0.8-1 ERROR
r-release-windows-ix86+x86_64 0.8-1 9.00 67.00 76.00 NOTE
r-oldrel-windows-ix86+x86_64 0.8-1 8.00 62.00 70.00 NOTE

Check Details

Version: 0.8-1
Check: R code for possible problems
Result: NOTE
    ss.rr: no visible binding for global variable ‘ss.data.rr’
Flavors: r-devel-linux-x86_64-debian-clang, r-devel-linux-x86_64-debian-gcc, r-devel-linux-x86_64-fedora-clang, r-devel-linux-x86_64-fedora-gcc, r-devel-osx-x86_64-clang, r-devel-windows-ix86+x86_64, r-patched-solaris-sparc, r-patched-solaris-x86, r-release-osx-x86_64-mavericks, r-release-windows-ix86+x86_64, r-oldrel-windows-ix86+x86_64

Version: 0.8-1
Check: package dependencies
Result: ERROR
    Package required but not available: ‘ggplot2’
    
    See section ‘The DESCRIPTION file’ in the ‘Writing R Extensions’
    manual.
Flavor: r-release-osx-x86_64-snowleopard