CRAN Package Check Results for Package SkewHyperbolic

Last updated on 2015-07-05 22:47:46.

Flavor Version Tinstall Tcheck Ttotal Status Flags
r-devel-linux-x86_64-debian-clang 0.3-2 0.74 26.81 27.55 NOTE
r-devel-linux-x86_64-debian-gcc 0.3-2 0.75 26.32 27.08 NOTE
r-devel-linux-x86_64-fedora-clang 0.3-2 50.56 NOTE
r-devel-linux-x86_64-fedora-gcc 0.3-2 48.33 NOTE
r-devel-osx-x86_64-clang 0.3-2 44.60 NOTE
r-devel-windows-ix86+x86_64 0.3-2 4.00 66.00 70.00 NOTE
r-patched-linux-x86_64 0.3-2 0.77 26.50 27.27 NOTE
r-patched-solaris-sparc 0.3-2 329.80 NOTE
r-patched-solaris-x86 0.3-2 67.90 NOTE
r-release-linux-x86_64 0.3-2 0.78 26.94 27.72 NOTE
r-release-osx-x86_64-mavericks 0.3-2 NOTE
r-release-windows-ix86+x86_64 0.3-2 5.00 64.00 69.00 NOTE
r-oldrel-windows-ix86+x86_64 0.3-2 6.00 51.00 57.00 NOTE

Check Details

Version: 0.3-2
Check: dependencies in R code
Result: NOTE
    Package in Depends field not imported from: ‘RUnit’
     These packages need to be imported from (in the NAMESPACE file)
     for when this namespace is loaded but not attached.
Flavors: r-devel-linux-x86_64-debian-clang, r-devel-linux-x86_64-debian-gcc, r-devel-linux-x86_64-fedora-clang, r-devel-linux-x86_64-fedora-gcc, r-devel-osx-x86_64-clang, r-devel-windows-ix86+x86_64, r-patched-linux-x86_64, r-patched-solaris-sparc, r-patched-solaris-x86, r-release-linux-x86_64, r-release-osx-x86_64-mavericks, r-release-windows-ix86+x86_64, r-oldrel-windows-ix86+x86_64

Version: 0.3-2
Check: S3 generic/method consistency
Result: NOTE
    Found the following apparent S3 methods exported but not registered:
     print.summary.skewhypFit
    See section ‘Registering S3 methods’ in the ‘Writing R Extensions’
    manual.
Flavors: r-devel-linux-x86_64-debian-clang, r-devel-linux-x86_64-debian-gcc, r-devel-linux-x86_64-fedora-clang, r-devel-linux-x86_64-fedora-gcc, r-devel-osx-x86_64-clang, r-patched-linux-x86_64, r-patched-solaris-sparc, r-patched-solaris-x86, r-release-linux-x86_64

Version: 0.3-2
Check: R code for possible problems
Result: NOTE
    plot.skewhypFit: no visible global function definition for ‘par’
    plot.skewhypFit: no visible global function definition for
     ‘dev.interactive’
    plot.skewhypFit: no visible global function definition for ‘hist’
    plot.skewhypFit: no visible global function definition for ‘curve’
    plot.skewhypFit: no visible global function definition for ‘title’
    ppskewhyp: no visible global function definition for ‘ppoints’
    ppskewhyp: no visible global function definition for ‘plot’
    ppskewhyp: no visible global function definition for ‘title’
    ppskewhyp: no visible global function definition for ‘abline’
    pskewhyp: no visible global function definition for ‘integrate’
    qqskewhyp: no visible global function definition for ‘ppoints’
    qqskewhyp: no visible global function definition for ‘qqplot’
    qqskewhyp: no visible global function definition for ‘title’
    qqskewhyp: no visible global function definition for ‘abline’
    qskewhyp: no visible global function definition for ‘uniroot’
    qskewhyp: no visible global function definition for ‘splinefun’
    qskewhyp: multiple local function definitions for ‘zeroFn’ with
     different formal arguments
    rskewhyp: no visible global function definition for ‘rgamma’
    rskewhyp: no visible global function definition for ‘rnorm’
    skewhypCalcRange: no visible global function definition for ‘uniroot’
    skewhypCalcRange : upperProb: no visible global function definition for
     ‘integrate’
    skewhypCalcRange : lowerProb: no visible global function definition for
     ‘integrate’
    skewhypFit: no visible global function definition for ‘optim’
    skewhypFit: no visible global function definition for ‘nlm’
    skewhypFitStart: no visible global function definition for ‘na.omit’
    skewhypFitStart: no visible global function definition for ‘hist’
    skewhypFitStartLA: no visible global function definition for ‘hist’
    skewhypFitStartLA: no visible global function definition for ‘quantile’
    skewhypFitStartLA: no visible global function definition for ‘lm’
    skewhypMode: no visible global function definition for ‘optim’
    skewhypTailPlotLine: no visible global function definition for ‘lines’
    Undefined global functions or variables:
     abline curve dev.interactive hist integrate lines lm na.omit nlm
     optim par plot ppoints qqplot quantile rgamma rnorm splinefun title
     uniroot
Flavors: r-devel-linux-x86_64-debian-clang, r-devel-linux-x86_64-debian-gcc, r-devel-linux-x86_64-fedora-clang, r-devel-linux-x86_64-fedora-gcc, r-devel-windows-ix86+x86_64

Version: 0.3-2
Check: R code for possible problems
Result: NOTE
    qskewhyp: multiple local function definitions for ‘zeroFn’ with
     different formal arguments
Flavors: r-devel-osx-x86_64-clang, r-patched-linux-x86_64, r-patched-solaris-sparc, r-patched-solaris-x86, r-release-linux-x86_64, r-release-osx-x86_64-mavericks, r-release-windows-ix86+x86_64, r-oldrel-windows-ix86+x86_64