CRAN Package Check Results for Package SkewHyperbolic

Last updated on 2015-05-28 11:48:42.

Flavor Version Tinstall Tcheck Ttotal Status Flags
r-devel-linux-x86_64-debian-clang 0.3-2 0.86 30.34 31.21 NOTE
r-devel-linux-x86_64-debian-gcc 0.3-2 0.76 26.86 27.62 NOTE
r-devel-linux-x86_64-fedora-clang 0.3-2 53.70 NOTE
r-devel-linux-x86_64-fedora-gcc 0.3-2 51.36 NOTE
r-devel-osx-x86_64-clang 0.3-2 48.19 NOTE
r-devel-windows-ix86+x86_64 0.3-2 4.00 43.00 47.00 NOTE
r-patched-linux-x86_64 0.3-2 0.78 29.31 30.09 NOTE
r-patched-solaris-sparc 0.3-2 329.80 NOTE
r-patched-solaris-x86 0.3-2 67.00 NOTE
r-release-linux-x86_64 0.3-2 0.79 27.71 28.50 NOTE
r-release-osx-x86_64-mavericks 0.3-2 NOTE
r-release-osx-x86_64-snowleopard 0.3-2 ERROR
r-release-windows-ix86+x86_64 0.3-2 3.00 46.00 49.00 NOTE
r-oldrel-windows-ix86+x86_64 0.3-2 4.00 76.00 80.00 NOTE

Check Details

Version: 0.3-2
Check: dependencies in R code
Result: NOTE
    Package in Depends field not imported from: ‘RUnit’
     These packages need to be imported from (in the NAMESPACE file)
     for when this namespace is loaded but not attached.
Flavors: r-devel-linux-x86_64-debian-clang, r-devel-linux-x86_64-debian-gcc, r-devel-linux-x86_64-fedora-clang, r-devel-linux-x86_64-fedora-gcc, r-devel-osx-x86_64-clang, r-devel-windows-ix86+x86_64, r-patched-linux-x86_64, r-patched-solaris-sparc, r-patched-solaris-x86, r-release-linux-x86_64, r-release-osx-x86_64-mavericks, r-release-windows-ix86+x86_64, r-oldrel-windows-ix86+x86_64

Version: 0.3-2
Check: S3 generic/method consistency
Result: NOTE
    Found the following apparent S3 methods exported but not registered:
     print.summary.skewhypFit
    See section ‘Registering S3 methods’ in the ‘Writing R Extensions’
    manual.
Flavors: r-devel-linux-x86_64-debian-clang, r-devel-linux-x86_64-debian-gcc, r-devel-linux-x86_64-fedora-clang, r-devel-linux-x86_64-fedora-gcc, r-devel-osx-x86_64-clang, r-patched-linux-x86_64, r-patched-solaris-sparc, r-patched-solaris-x86, r-release-linux-x86_64

Version: 0.3-2
Check: R code for possible problems
Result: NOTE
    qskewhyp: multiple local function definitions for ‘zeroFn’ with
     different formal arguments
Flavors: r-devel-linux-x86_64-debian-clang, r-devel-linux-x86_64-debian-gcc, r-devel-linux-x86_64-fedora-clang, r-devel-linux-x86_64-fedora-gcc, r-devel-osx-x86_64-clang, r-devel-windows-ix86+x86_64, r-patched-linux-x86_64, r-patched-solaris-sparc, r-patched-solaris-x86, r-release-linux-x86_64, r-release-osx-x86_64-mavericks, r-release-windows-ix86+x86_64, r-oldrel-windows-ix86+x86_64

Version: 0.3-2
Check: package dependencies
Result: ERROR
    Packages required but not available:
     ‘DistributionUtils’ ‘GeneralizedHyperbolic’
    
    See section ‘The DESCRIPTION file’ in the ‘Writing R Extensions’
    manual.
Flavor: r-release-osx-x86_64-snowleopard