CRAN Package Check Results for Package SkewHyperbolic

Last updated on 2014-11-27 17:47:42.

Flavor Version Tinstall Tcheck Ttotal Status Flags
r-devel-linux-x86_64-debian-clang 0.3-2 0.89 28.78 29.68 NOTE
r-devel-linux-x86_64-debian-gcc 0.3-2 0.88 28.30 29.17 NOTE
r-devel-linux-x86_64-fedora-clang 0.3-2 61.04 NOTE
r-devel-linux-x86_64-fedora-gcc 0.3-2 62.84 NOTE
r-devel-osx-x86_64-clang 0.3-2 52.21 NOTE
r-devel-windows-ix86+x86_64 0.3-2 3.00 43.00 46.00 NOTE
r-patched-linux-x86_64 0.3-2 0.92 28.98 29.89 NOTE
r-patched-solaris-sparc 0.3-2 345.10 NOTE
r-patched-solaris-x86 0.3-2 73.60 NOTE
r-release-linux-ix86 0.3-2 1.25 39.54 40.78 NOTE
r-release-linux-x86_64 0.3-2 0.92 29.43 30.35 NOTE
r-release-osx-x86_64-mavericks 0.3-2 NOTE
r-release-osx-x86_64-snowleopard 0.3-2 WARN
r-release-windows-ix86+x86_64 0.3-2 4.00 46.00 50.00 NOTE
r-oldrel-windows-ix86+x86_64 0.3-2 4.00 51.00 55.00 NOTE

Check Details

Version: 0.3-2
Check: top-level files
Result: NOTE
    Non-standard file/directory found at top level:
     ‘SkewHyperbolic-Ex.R’
Flavors: r-devel-linux-x86_64-debian-clang, r-devel-linux-x86_64-debian-gcc, r-devel-linux-x86_64-fedora-clang, r-devel-linux-x86_64-fedora-gcc, r-patched-linux-x86_64, r-release-linux-x86_64

Version: 0.3-2
Check: dependencies in R code
Result: NOTE
    Package in Depends field not imported from: ‘RUnit’
     These packages need to be imported from (in the NAMESPACE file)
     for when this namespace is loaded but not attached.
    See the information on DESCRIPTION files in the chapter ‘Creating R
    packages’ of the ‘Writing R Extensions’ manual.
Flavors: r-devel-linux-x86_64-debian-clang, r-devel-linux-x86_64-debian-gcc, r-devel-linux-x86_64-fedora-clang, r-devel-linux-x86_64-fedora-gcc, r-devel-osx-x86_64-clang, r-devel-windows-ix86+x86_64, r-patched-linux-x86_64, r-patched-solaris-sparc, r-patched-solaris-x86, r-release-linux-ix86, r-release-linux-x86_64, r-release-osx-x86_64-mavericks, r-release-windows-ix86+x86_64, r-oldrel-windows-ix86+x86_64

Version: 0.3-2
Check: R code for possible problems
Result: NOTE
    qskewhyp: multiple local function definitions for ‘zeroFn’ with
     different formal arguments
Flavors: r-devel-linux-x86_64-debian-clang, r-devel-linux-x86_64-debian-gcc, r-devel-linux-x86_64-fedora-clang, r-devel-linux-x86_64-fedora-gcc, r-devel-osx-x86_64-clang, r-devel-windows-ix86+x86_64, r-patched-linux-x86_64, r-patched-solaris-sparc, r-patched-solaris-x86, r-release-linux-ix86, r-release-linux-x86_64, r-release-osx-x86_64-mavericks, r-release-osx-x86_64-snowleopard, r-release-windows-ix86+x86_64, r-oldrel-windows-ix86+x86_64

Version: 0.3-2
Check: dependencies in R code
Result: NOTE
    Package in Depends field not imported from: 'RUnit'
     These packages need to be imported from for the case when
     this namespace is loaded but not attached.
    See the information on DESCRIPTION files in the chapter 'Creating R
    packages' of the 'Writing R Extensions' manual.
Flavor: r-release-osx-x86_64-snowleopard

Version: 0.3-2
Check: examples
Result: WARN
    checking a package with encoding 'latin1' in an ASCII locale
    
     OK
Flavor: r-release-osx-x86_64-snowleopard