CRAN Package Check Results for Package SkewHyperbolic

Last updated on 2014-08-01 17:48:32.

Flavor Version Tinstall Tcheck Ttotal Status Flags
r-devel-linux-x86_64-debian-clang 0.3-2 0.92 28.42 29.34 NOTE
r-devel-linux-x86_64-debian-gcc 0.3-2 0.96 28.54 29.49 NOTE
r-devel-linux-x86_64-fedora-clang 0.3-2 60.07 NOTE
r-devel-linux-x86_64-fedora-gcc 0.3-2 56.39 NOTE
r-devel-osx-x86_64-clang 0.3-2 54.51 NOTE
r-devel-windows-ix86+x86_64 0.3-2 3.00 44.00 47.00 NOTE
r-patched-linux-x86_64 0.3-2 1.12 28.75 29.87 NOTE
r-patched-solaris-sparc 0.3-2 360.70 NOTE
r-patched-solaris-x86 0.3-2 72.40 NOTE
r-release-linux-ix86 0.3-2 1.36 41.96 43.32 NOTE
r-release-linux-x86_64 0.3-2 0.92 29.69 30.62 NOTE
r-release-osx-x86_64-mavericks 0.3-2 NOTE
r-release-osx-x86_64-snowleopard 0.3-2 WARN
r-release-windows-ix86+x86_64 0.3-2 5.00 62.00 67.00 NOTE
r-oldrel-windows-ix86+x86_64 0.3-2 5.00 66.00 71.00 NOTE

Check Details

Version: 0.3-2
Check: dependencies in R code
Result: NOTE
    Package in Depends field not imported from: RUnit
     These packages need to be imported from (in the NAMESPACE file)
     for when this namespace is loaded but not attached.
    See the information on DESCRIPTION files in the chapter Creating R
    packages of the Writing R Extensions manual.
Flavors: r-devel-linux-x86_64-debian-clang, r-devel-linux-x86_64-debian-gcc, r-devel-linux-x86_64-fedora-clang, r-devel-linux-x86_64-fedora-gcc, r-devel-osx-x86_64-clang, r-devel-windows-ix86+x86_64, r-patched-linux-x86_64, r-patched-solaris-sparc, r-patched-solaris-x86, r-release-linux-ix86, r-release-linux-x86_64, r-release-osx-x86_64-mavericks, r-release-windows-ix86+x86_64, r-oldrel-windows-ix86+x86_64

Version: 0.3-2
Check: R code for possible problems
Result: NOTE
    qskewhyp: multiple local function definitions for zeroFn with
     different formal arguments
Flavors: r-devel-linux-x86_64-debian-clang, r-devel-linux-x86_64-debian-gcc, r-devel-linux-x86_64-fedora-clang, r-devel-linux-x86_64-fedora-gcc, r-devel-osx-x86_64-clang, r-devel-windows-ix86+x86_64, r-patched-linux-x86_64, r-patched-solaris-sparc, r-patched-solaris-x86, r-release-linux-ix86, r-release-linux-x86_64, r-release-osx-x86_64-mavericks, r-release-osx-x86_64-snowleopard, r-release-windows-ix86+x86_64, r-oldrel-windows-ix86+x86_64

Version: 0.3-2
Check: top-level files
Result: NOTE
    Non-standard file/directory found at top level:
     SkewHyperbolic-Ex.R
Flavors: r-devel-linux-x86_64-fedora-clang, r-devel-linux-x86_64-fedora-gcc

Version: 0.3-2
Check: dependencies in R code
Result: NOTE
    Package in Depends field not imported from: 'RUnit'
     These packages need to be imported from for the case when
     this namespace is loaded but not attached.
    See the information on DESCRIPTION files in the chapter 'Creating R
    packages' of the 'Writing R Extensions' manual.
Flavor: r-release-osx-x86_64-snowleopard

Version: 0.3-2
Check: examples
Result: WARNING
    checking a package with encoding 'latin1' in an ASCII locale
    
     OK
Flavor: r-release-osx-x86_64-snowleopard