CRAN Package Check Results for Package Skillings.Mack

Last updated on 2015-04-01 23:49:26.

Flavor Version Tinstall Tcheck Ttotal Status Flags
r-devel-linux-x86_64-debian-clang 1.0-2 0.57 10.76 11.34 NOTE
r-devel-linux-x86_64-debian-gcc 1.0-2 0.52 10.46 10.99 NOTE
r-devel-linux-x86_64-fedora-clang 1.0-2 21.96 NOTE
r-devel-linux-x86_64-fedora-gcc 1.0-2 21.47 NOTE
r-devel-osx-x86_64-clang 1.0-2 27.61 NOTE
r-prerel-windows-ix86+x86_64 1.0-2 3.00 19.00 22.00 NOTE
r-prerel-linux-x86_64 1.0-2 0.54 10.81 11.35 NOTE
r-prerel-solaris-sparc 1.0-2 143.10 NOTE
r-prerel-solaris-x86 1.0-2 30.80 NOTE
r-release-linux-x86_64 1.0-2 0.79 12.66 13.45 NOTE
r-release-osx-x86_64-mavericks 1.0-2 NOTE
r-release-osx-x86_64-snowleopard 1.0-2 OK
r-release-windows-ix86+x86_64 1.0-2 3.00 23.00 26.00 NOTE
r-oldrel-windows-ix86+x86_64 1.0-2 3.00 24.00 27.00 NOTE

Check Details

Version: 1.0-2
Check: dependencies in R code
Result: NOTE
    Packages in Depends field not imported from:
     ‘MASS’ ‘gtools’ ‘matrixcalc’
     These packages need to be imported from (in the NAMESPACE file)
     for when this namespace is loaded but not attached.
Flavors: r-devel-linux-x86_64-debian-clang, r-devel-linux-x86_64-debian-gcc, r-devel-linux-x86_64-fedora-clang, r-devel-linux-x86_64-fedora-gcc, r-devel-osx-x86_64-clang, r-prerel-windows-ix86+x86_64, r-prerel-linux-x86_64, r-prerel-solaris-sparc, r-prerel-solaris-x86, r-release-linux-x86_64, r-release-windows-ix86+x86_64

Version: 1.0-2
Check: R code for possible problems
Result: NOTE
    SkiMack: no visible global function definition for ‘ginv’
    SkiMack: no visible global function definition for ‘matrix.rank’
    SkiMack : SM.test: no visible global function definition for ‘ginv’
Flavors: r-devel-linux-x86_64-debian-clang, r-devel-linux-x86_64-debian-gcc, r-devel-linux-x86_64-fedora-clang, r-devel-linux-x86_64-fedora-gcc, r-devel-osx-x86_64-clang, r-prerel-windows-ix86+x86_64, r-prerel-linux-x86_64, r-prerel-solaris-sparc, r-prerel-solaris-x86, r-release-linux-x86_64, r-release-osx-x86_64-mavericks, r-release-windows-ix86+x86_64

Version: 1.0-2
Check: dependencies in R code
Result: NOTE
    Packages in Depends field not imported from:
     ‘MASS’ ‘gtools’ ‘matrixcalc’
     These packages need to be imported from (in the NAMESPACE file)
     for when this namespace is loaded but not attached.
    See the information on DESCRIPTION files in the chapter ‘Creating R
    packages’ of the ‘Writing R Extensions’ manual.
Flavors: r-release-osx-x86_64-mavericks, r-oldrel-windows-ix86+x86_64