CRAN Package Check Results for Package Skillings.Mack

Last updated on 2015-07-03 23:47:53.

Flavor Version Tinstall Tcheck Ttotal Status Flags
r-devel-linux-x86_64-debian-clang 1.0-2 0.57 10.24 10.81 NOTE
r-devel-linux-x86_64-debian-gcc 1.0-2 0.55 9.99 10.54 NOTE
r-devel-linux-x86_64-fedora-clang 1.0-2 20.97 NOTE
r-devel-linux-x86_64-fedora-gcc 1.0-2 19.83 NOTE
r-devel-osx-x86_64-clang 1.0-2 21.09 NOTE
r-devel-windows-ix86+x86_64 1.0-2 4.00 18.00 22.00 NOTE
r-patched-linux-x86_64 1.0-2 0.54 10.62 11.16 NOTE
r-patched-solaris-sparc 1.0-2 125.10 NOTE
r-patched-solaris-x86 1.0-2 32.10 NOTE
r-release-linux-x86_64 1.0-2 0.59 10.51 11.10 NOTE
r-release-osx-x86_64-mavericks 1.0-2 NOTE
r-release-windows-ix86+x86_64 1.0-2 5.00 21.00 26.00 NOTE
r-oldrel-windows-ix86+x86_64 1.0-2 4.00 25.00 29.00 NOTE

Check Details

Version: 1.0-2
Check: dependencies in R code
Result: NOTE
    Packages in Depends field not imported from:
     ‘MASS’ ‘gtools’ ‘matrixcalc’
     These packages need to be imported from (in the NAMESPACE file)
     for when this namespace is loaded but not attached.
Flavors: r-devel-linux-x86_64-debian-clang, r-devel-linux-x86_64-debian-gcc, r-devel-linux-x86_64-fedora-clang, r-devel-linux-x86_64-fedora-gcc, r-devel-osx-x86_64-clang, r-devel-windows-ix86+x86_64, r-patched-linux-x86_64, r-patched-solaris-sparc, r-patched-solaris-x86, r-release-linux-x86_64, r-release-osx-x86_64-mavericks, r-release-windows-ix86+x86_64, r-oldrel-windows-ix86+x86_64

Version: 1.0-2
Check: R code for possible problems
Result: NOTE
    SkiMack: no visible global function definition for ‘ginv’
    SkiMack: no visible global function definition for ‘matrix.rank’
    SkiMack : SM.test: no visible global function definition for ‘ginv’
    SkiMack: no visible global function definition for ‘pchisq’
    Undefined global functions or variables:
     ginv matrix.rank pchisq
Flavors: r-devel-linux-x86_64-debian-clang, r-devel-linux-x86_64-debian-gcc, r-devel-linux-x86_64-fedora-clang, r-devel-linux-x86_64-fedora-gcc, r-devel-windows-ix86+x86_64

Version: 1.0-2
Check: R code for possible problems
Result: NOTE
    SkiMack: no visible global function definition for ‘ginv’
    SkiMack: no visible global function definition for ‘matrix.rank’
    SkiMack : SM.test: no visible global function definition for ‘ginv’
    Undefined global functions or variables:
     ginv matrix.rank
Flavor: r-devel-osx-x86_64-clang

Version: 1.0-2
Check: R code for possible problems
Result: NOTE
    SkiMack: no visible global function definition for ‘ginv’
    SkiMack: no visible global function definition for ‘matrix.rank’
    SkiMack : SM.test: no visible global function definition for ‘ginv’
Flavors: r-patched-linux-x86_64, r-patched-solaris-sparc, r-patched-solaris-x86, r-release-linux-x86_64, r-release-osx-x86_64-mavericks, r-release-windows-ix86+x86_64, r-oldrel-windows-ix86+x86_64