CRAN Package Check Results for Package Skillings.Mack

Last updated on 2014-10-25 19:47:48.

Flavor Version Tinstall Tcheck Ttotal Status Flags
r-devel-linux-x86_64-debian-clang 1.0-2 0.66 12.37 13.03 NOTE
r-devel-linux-x86_64-debian-gcc 1.0-2 0.71 12.13 12.84 NOTE
r-devel-linux-x86_64-fedora-clang 1.0-2 25.62 NOTE
r-devel-linux-x86_64-fedora-gcc 1.0-2 24.33 NOTE
r-devel-osx-x86_64-clang 1.0-2 29.25 NOTE
r-devel-windows-ix86+x86_64 1.0-2 2.00 22.00 24.00 NOTE
r-patched-linux-x86_64 1.0-2 0.66 12.02 12.68 NOTE
r-patched-solaris-sparc 1.0-2 144.10 NOTE
r-patched-solaris-x86 1.0-2 35.60 NOTE
r-release-linux-ix86 1.0-2 0.92 18.20 19.12 NOTE
r-release-linux-x86_64 1.0-2 0.60 12.30 12.90 NOTE
r-release-osx-x86_64-mavericks 1.0-2 NOTE
r-release-osx-x86_64-snowleopard 1.0-2 OK
r-release-windows-ix86+x86_64 1.0-2 3.00 20.00 23.00 NOTE
r-oldrel-windows-ix86+x86_64 1.0-2 3.00 22.00 25.00 NOTE

Check Details

Version: 1.0-2
Check: dependencies in R code
Result: NOTE
    Packages in Depends field not imported from:
     ‘MASS’ ‘gtools’ ‘matrixcalc’
     These packages need to be imported from (in the NAMESPACE file)
     for when this namespace is loaded but not attached.
    See the information on DESCRIPTION files in the chapter ‘Creating R
    packages’ of the ‘Writing R Extensions’ manual.
Flavors: r-devel-linux-x86_64-debian-clang, r-devel-linux-x86_64-debian-gcc, r-devel-linux-x86_64-fedora-clang, r-devel-linux-x86_64-fedora-gcc, r-devel-osx-x86_64-clang, r-devel-windows-ix86+x86_64, r-patched-linux-x86_64, r-patched-solaris-sparc, r-patched-solaris-x86, r-release-linux-ix86, r-release-linux-x86_64, r-release-windows-ix86+x86_64, r-oldrel-windows-ix86+x86_64

Version: 1.0-2
Check: R code for possible problems
Result: NOTE
    SkiMack: no visible global function definition for ‘ginv’
    SkiMack: no visible global function definition for ‘matrix.rank’
    SkiMack : SM.test: no visible global function definition for ‘ginv’
Flavors: r-devel-linux-x86_64-debian-clang, r-devel-linux-x86_64-debian-gcc, r-devel-linux-x86_64-fedora-clang, r-devel-linux-x86_64-fedora-gcc, r-devel-osx-x86_64-clang, r-devel-windows-ix86+x86_64, r-patched-linux-x86_64, r-patched-solaris-x86

Version: 1.0-2
Check: dependencies in R code
Result: NOTE
    Packages in Depends field not imported from:
     ‘MASS’ ‘gregmisc’ ‘gtools’ ‘matrixcalc’
     These packages need to be imported from (in the NAMESPACE file)
     for when this namespace is loaded but not attached.
    See the information on DESCRIPTION files in the chapter ‘Creating R
    packages’ of the ‘Writing R Extensions’ manual.
Flavor: r-release-osx-x86_64-mavericks