CRAN Package Check Results for Package Skillings.Mack

Last updated on 2015-01-27 12:47:40.

Flavor Version Tinstall Tcheck Ttotal Status Flags
r-devel-linux-x86_64-debian-clang 1.0-2 0.58 10.74 11.32 NOTE
r-devel-linux-x86_64-debian-gcc 1.0-2 0.59 10.38 10.97 NOTE
r-devel-linux-x86_64-fedora-clang 1.0-2 28.58 NOTE
r-devel-linux-x86_64-fedora-gcc 1.0-2 29.02 NOTE
r-devel-osx-x86_64-clang 1.0-2 28.37 NOTE
r-devel-windows-ix86+x86_64 1.0-2 3.00 19.00 22.00 NOTE
r-patched-linux-x86_64 1.0-2 0.65 11.96 12.60 NOTE
r-patched-solaris-sparc 1.0-2 149.50 NOTE
r-patched-solaris-x86 1.0-2 37.20 NOTE
r-release-linux-ix86 1.0-2 0.94 17.44 18.37 NOTE
r-release-linux-x86_64 1.0-2 0.65 12.53 13.18 NOTE
r-release-osx-x86_64-mavericks 1.0-2 NOTE
r-release-osx-x86_64-snowleopard 1.0-2 OK
r-release-windows-ix86+x86_64 1.0-2 4.00 23.00 27.00 NOTE
r-oldrel-windows-ix86+x86_64 1.0-2 6.00 23.00 29.00 NOTE

Check Details

Version: 1.0-2
Check: dependencies in R code
Result: NOTE
    Packages in Depends field not imported from:
     ‘MASS’ ‘gtools’ ‘matrixcalc’
     These packages need to be imported from (in the NAMESPACE file)
     for when this namespace is loaded but not attached.
Flavors: r-devel-linux-x86_64-debian-clang, r-devel-linux-x86_64-debian-gcc, r-devel-linux-x86_64-fedora-clang, r-devel-linux-x86_64-fedora-gcc, r-devel-osx-x86_64-clang, r-devel-windows-ix86+x86_64

Version: 1.0-2
Check: R code for possible problems
Result: NOTE
    SkiMack: no visible global function definition for ‘ginv’
    SkiMack: no visible global function definition for ‘matrix.rank’
    SkiMack : SM.test: no visible global function definition for ‘ginv’
Flavors: r-devel-linux-x86_64-debian-clang, r-devel-linux-x86_64-debian-gcc, r-devel-linux-x86_64-fedora-clang, r-devel-linux-x86_64-fedora-gcc, r-devel-osx-x86_64-clang, r-devel-windows-ix86+x86_64, r-patched-linux-x86_64, r-patched-solaris-sparc, r-patched-solaris-x86, r-release-linux-ix86, r-release-linux-x86_64, r-release-osx-x86_64-mavericks, r-release-windows-ix86+x86_64

Version: 1.0-2
Check: dependencies in R code
Result: NOTE
    Packages in Depends field not imported from:
     ‘MASS’ ‘gtools’ ‘matrixcalc’
     These packages need to be imported from (in the NAMESPACE file)
     for when this namespace is loaded but not attached.
    See the information on DESCRIPTION files in the chapter ‘Creating R
    packages’ of the ‘Writing R Extensions’ manual.
Flavors: r-patched-linux-x86_64, r-patched-solaris-sparc, r-patched-solaris-x86, r-release-linux-ix86, r-release-linux-x86_64, r-release-osx-x86_64-mavericks, r-release-windows-ix86+x86_64, r-oldrel-windows-ix86+x86_64