CRAN Package Check Results for Package Skillings.Mack

Last updated on 2014-07-24 05:48:33.

Flavor Version Tinstall Tcheck Ttotal Status Flags
r-devel-linux-x86_64-debian-clang 1.0-2 0.54 11.63 12.17 NOTE
r-devel-linux-x86_64-debian-gcc 1.0-2 0.55 11.64 12.19 NOTE
r-devel-linux-x86_64-fedora-clang 1.0-2 25.48 NOTE
r-devel-linux-x86_64-fedora-gcc 1.0-2 24.21 NOTE
r-devel-osx-x86_64-clang 1.0-2 27.32 NOTE
r-devel-windows-ix86+x86_64 1.0-2 3.00 19.00 22.00 NOTE
r-patched-linux-x86_64 1.0-2 0.59 11.52 12.11 NOTE
r-patched-solaris-sparc 1.0-2 135.80 NOTE
r-patched-solaris-x86 1.0-2 34.10 NOTE
r-release-linux-ix86 1.0-2 0.92 18.24 19.16 NOTE
r-release-linux-x86_64 1.0-2 0.60 11.90 12.50 NOTE
r-release-osx-x86_64-mavericks 1.0-2 NOTE
r-release-osx-x86_64-snowleopard 1.0-2 OK
r-release-windows-ix86+x86_64 1.0-2 3.00 22.00 25.00 NOTE
r-oldrel-windows-ix86+x86_64 1.0-2 3.00 21.00 24.00 NOTE

Check Details

Version: 1.0-2
Check: dependencies in R code
Result: NOTE
    Packages in Depends field not imported from:
     ‘MASS’ ‘gtools’ ‘matrixcalc’
     These packages need to be imported from (in the NAMESPACE file)
     for when this namespace is loaded but not attached.
    See the information on DESCRIPTION files in the chapter ‘Creating R
    packages’ of the ‘Writing R Extensions’ manual.
Flavors: r-devel-linux-x86_64-debian-clang, r-devel-linux-x86_64-debian-gcc, r-devel-linux-x86_64-fedora-clang, r-devel-linux-x86_64-fedora-gcc, r-devel-osx-x86_64-clang, r-devel-windows-ix86+x86_64, r-patched-linux-x86_64, r-patched-solaris-sparc, r-patched-solaris-x86, r-release-linux-ix86, r-release-linux-x86_64, r-release-windows-ix86+x86_64, r-oldrel-windows-ix86+x86_64

Version: 1.0-2
Check: dependencies in R code
Result: NOTE
    Packages in Depends field not imported from:
     ‘MASS’ ‘gregmisc’ ‘gtools’ ‘matrixcalc’
     These packages need to be imported from (in the NAMESPACE file)
     for when this namespace is loaded but not attached.
    See the information on DESCRIPTION files in the chapter ‘Creating R
    packages’ of the ‘Writing R Extensions’ manual.
Flavor: r-release-osx-x86_64-mavericks