CRAN Package Check Results for Package Skillings.Mack

Last updated on 2014-11-26 13:47:16.

Flavor Version Tinstall Tcheck Ttotal Status Flags
r-devel-linux-x86_64-debian-clang 1.0-2 0.61 13.15 13.76 NOTE
r-devel-linux-x86_64-debian-gcc 1.0-2 0.62 11.74 12.35 NOTE
r-devel-linux-x86_64-fedora-clang 1.0-2 27.72 NOTE
r-devel-linux-x86_64-fedora-gcc 1.0-2 25.54 NOTE
r-devel-osx-x86_64-clang 1.0-2 27.61 NOTE
r-devel-windows-ix86+x86_64 1.0-2 2.00 21.00 23.00 NOTE
r-patched-linux-x86_64 1.0-2 0.64 13.30 13.94 NOTE
r-patched-solaris-sparc 1.0-2 144.10 NOTE
r-patched-solaris-x86 1.0-2 36.30 NOTE
r-release-linux-ix86 1.0-2 0.93 17.61 18.54 NOTE
r-release-linux-x86_64 1.0-2 0.64 12.02 12.67 NOTE
r-release-osx-x86_64-mavericks 1.0-2 NOTE
r-release-osx-x86_64-snowleopard 1.0-2 OK
r-release-windows-ix86+x86_64 1.0-2 3.00 22.00 25.00 NOTE
r-oldrel-windows-ix86+x86_64 1.0-2 4.00 22.00 26.00 NOTE

Check Details

Version: 1.0-2
Check: dependencies in R code
Result: NOTE
    Packages in Depends field not imported from:
     ‘MASS’ ‘gtools’ ‘matrixcalc’
     These packages need to be imported from (in the NAMESPACE file)
     for when this namespace is loaded but not attached.
    See the information on DESCRIPTION files in the chapter ‘Creating R
    packages’ of the ‘Writing R Extensions’ manual.
Flavors: r-devel-linux-x86_64-debian-clang, r-devel-linux-x86_64-debian-gcc, r-devel-linux-x86_64-fedora-clang, r-devel-linux-x86_64-fedora-gcc, r-devel-osx-x86_64-clang, r-devel-windows-ix86+x86_64, r-patched-linux-x86_64, r-patched-solaris-sparc, r-patched-solaris-x86, r-release-linux-ix86, r-release-linux-x86_64, r-release-windows-ix86+x86_64, r-oldrel-windows-ix86+x86_64

Version: 1.0-2
Check: R code for possible problems
Result: NOTE
    SkiMack: no visible global function definition for ‘ginv’
    SkiMack: no visible global function definition for ‘matrix.rank’
    SkiMack : SM.test: no visible global function definition for ‘ginv’
Flavors: r-devel-linux-x86_64-debian-clang, r-devel-linux-x86_64-debian-gcc, r-devel-linux-x86_64-fedora-clang, r-devel-linux-x86_64-fedora-gcc, r-devel-osx-x86_64-clang, r-devel-windows-ix86+x86_64, r-patched-linux-x86_64, r-patched-solaris-x86, r-release-linux-ix86, r-release-linux-x86_64, r-release-windows-ix86+x86_64

Version: 1.0-2
Check: dependencies in R code
Result: NOTE
    Packages in Depends field not imported from:
     ‘MASS’ ‘gregmisc’ ‘gtools’ ‘matrixcalc’
     These packages need to be imported from (in the NAMESPACE file)
     for when this namespace is loaded but not attached.
    See the information on DESCRIPTION files in the chapter ‘Creating R
    packages’ of the ‘Writing R Extensions’ manual.
Flavor: r-release-osx-x86_64-mavericks