CRAN Package Check Results for Package Skillings.Mack

Last updated on 2014-04-19 03:49:28.

Flavor Version Tinstall Tcheck Ttotal Status Flags
r-devel-linux-x86_64-debian-clang 1.0-2 1.12 17.48 18.60 NOTE
r-devel-linux-x86_64-debian-gcc 1.0-2 1.10 17.59 18.69 NOTE
r-devel-linux-x86_64-fedora-clang 1.0-2 36.80 NOTE
r-devel-linux-x86_64-fedora-gcc 1.0-2 34.30 NOTE
r-devel-macosx-x86_64-clang 1.0-2 38.70 NOTE
r-devel-macosx-x86_64-gcc 1.0-2 NOTE
r-devel-windows-ix86+x86_64 1.0-2 5.00 32.00 37.00 NOTE
r-patched-linux-x86_64 1.0-2 1.16 17.57 18.74 NOTE
r-patched-solaris-sparc 1.0-2 190.10 NOTE
r-patched-solaris-x86 1.0-2 47.40 NOTE
r-release-linux-ix86 1.0-2 4.00 35.00 39.00 NOTE
r-release-linux-x86_64 1.0-2 1.20 17.76 18.96 NOTE
r-release-macosx-x86_64 1.0-2 OK
r-release-windows-ix86+x86_64 1.0-2 6.00 32.00 38.00 NOTE
r-oldrel-windows-ix86+x86_64 1.0-2 7.00 35.00 42.00 NOTE

Check Details

Version: 1.0-2
Check: dependencies in R code
Result: NOTE
    Packages in Depends field not imported from:
     ‘MASS’ ‘gregmisc’ ‘gtools’ ‘matrixcalc’
     These packages need to be imported from (in the NAMESPACE file)
     for when this namespace is loaded but not attached.
    See the information on DESCRIPTION files in the chapter ‘Creating R
    packages’ of the ‘Writing R Extensions’ manual.
Flavors: r-devel-linux-x86_64-debian-clang, r-devel-linux-x86_64-debian-gcc, r-devel-linux-x86_64-fedora-clang, r-devel-linux-x86_64-fedora-gcc, r-devel-macosx-x86_64-clang, r-devel-macosx-x86_64-gcc, r-devel-windows-ix86+x86_64, r-patched-linux-x86_64, r-patched-solaris-sparc, r-patched-solaris-x86, r-release-linux-ix86, r-release-linux-x86_64, r-release-windows-ix86+x86_64, r-oldrel-windows-ix86+x86_64