CRAN Package Check Results for Package Skillings.Mack

Last updated on 2015-02-27 13:47:16.

Flavor Version Tinstall Tcheck Ttotal Status Flags
r-devel-linux-x86_64-debian-clang 1.0-2 0.56 10.68 11.24 NOTE
r-devel-linux-x86_64-debian-gcc 1.0-2 0.52 10.44 10.96 NOTE
r-devel-linux-x86_64-fedora-clang 1.0-2 21.81 NOTE
r-devel-linux-x86_64-fedora-gcc 1.0-2 20.42 NOTE
r-devel-osx-x86_64-clang 1.0-2 24.91 NOTE
r-devel-windows-ix86+x86_64 1.0-2 4.00 19.00 23.00 NOTE
r-patched-linux-x86_64 1.0-2 0.69 12.60 13.29 NOTE
r-patched-solaris-sparc 1.0-2 149.50 NOTE
r-patched-solaris-x86 1.0-2 37.40 NOTE
r-release-linux-ix86 1.0-2 0.93 18.30 19.22 NOTE
r-release-linux-x86_64 1.0-2 0.75 12.36 13.11 NOTE
r-release-osx-x86_64-mavericks 1.0-2 NOTE
r-release-osx-x86_64-snowleopard 1.0-2 OK
r-release-windows-ix86+x86_64 1.0-2 3.00 22.00 25.00 NOTE
r-oldrel-windows-ix86+x86_64 1.0-2 4.00 22.00 26.00 NOTE

Check Details

Version: 1.0-2
Check: dependencies in R code
Result: NOTE
    Packages in Depends field not imported from:
     ‘MASS’ ‘gtools’ ‘matrixcalc’
     These packages need to be imported from (in the NAMESPACE file)
     for when this namespace is loaded but not attached.
Flavors: r-devel-linux-x86_64-debian-clang, r-devel-linux-x86_64-debian-gcc, r-devel-linux-x86_64-fedora-clang, r-devel-linux-x86_64-fedora-gcc, r-devel-osx-x86_64-clang, r-devel-windows-ix86+x86_64, r-patched-linux-x86_64, r-patched-solaris-x86

Version: 1.0-2
Check: R code for possible problems
Result: NOTE
    SkiMack: no visible global function definition for ‘ginv’
    SkiMack: no visible global function definition for ‘matrix.rank’
    SkiMack : SM.test: no visible global function definition for ‘ginv’
Flavors: r-devel-linux-x86_64-debian-clang, r-devel-linux-x86_64-debian-gcc, r-devel-linux-x86_64-fedora-clang, r-devel-linux-x86_64-fedora-gcc, r-devel-osx-x86_64-clang, r-devel-windows-ix86+x86_64, r-patched-linux-x86_64, r-patched-solaris-sparc, r-patched-solaris-x86, r-release-linux-ix86, r-release-linux-x86_64, r-release-osx-x86_64-mavericks, r-release-windows-ix86+x86_64

Version: 1.0-2
Check: dependencies in R code
Result: NOTE
    Packages in Depends field not imported from:
     ‘MASS’ ‘gtools’ ‘matrixcalc’
     These packages need to be imported from (in the NAMESPACE file)
     for when this namespace is loaded but not attached.
    See the information on DESCRIPTION files in the chapter ‘Creating R
    packages’ of the ‘Writing R Extensions’ manual.
Flavors: r-patched-solaris-sparc, r-release-linux-ix86, r-release-linux-x86_64, r-release-osx-x86_64-mavericks, r-release-windows-ix86+x86_64, r-oldrel-windows-ix86+x86_64