CRAN Package Check Results for Package Sleuth2

Last updated on 2017-06-23 18:47:02.

Flavor Version Tinstall Tcheck Ttotal Status Flags
r-devel-linux-x86_64-debian-clang 2.0-4 2.56 132.25 134.80 OK
r-devel-linux-x86_64-debian-gcc 2.0-4 2.47 127.91 130.39 OK
r-devel-linux-x86_64-fedora-clang 2.0-4 249.29 OK
r-devel-linux-x86_64-fedora-gcc 2.0-4 245.72 OK
r-devel-windows-ix86+x86_64 2.0-4 12.00 349.00 361.00 OK
r-patched-linux-x86_64 2.0-4 2.43 126.65 129.08 OK
r-patched-solaris-sparc 2.0-4 1237.00 OK
r-patched-solaris-x86 2.0-4 259.00 OK
r-release-linux-x86_64 2.0-4 2.23 132.11 134.34 OK
r-release-windows-ix86+x86_64 2.0-4 9.00 259.00 268.00 OK
r-release-osx-x86_64 2.0-4 WARN
r-oldrel-windows-ix86+x86_64 2.0-4 18.00 349.00 367.00 OK
r-oldrel-osx-x86_64 2.0-4 OK

Check Details

Version: 2.0-4
Check: re-building of vignette outputs
Result: WARN
    Error in re-building vignettes:
     ...
    
     D, IQR, binom.test, cor, cov, fivenum, median, prop.test,
     quantile, sd, t.test, var
    
    The following objects are masked from 'package:base':
    
     max, mean, min, prod, range, sample, sum
    
    Loading required package: Sleuth2
    Error in texi2dvi(file = file, pdf = TRUE, clean = clean, quiet = quiet, :
     Running 'texi2dvi' on 'chapter01-HortonMosaic.tex' failed.
    LaTeX errors:
    ! LaTeX Error: File `xstring.sty' not found.
    
    Type X to quit or <RETURN> to proceed,
    or enter new name. (Default extension: sty)
    
    ! Emergency stop.
    <read *>
    
    l.4 \RequirePackage
     {xcolor}^^M
    ! ==> Fatal error occurred, no output PDF file produced!
    Calls: buildVignettes -> texi2pdf -> texi2dvi
    Execution halted
Flavor: r-release-osx-x86_64