CRAN Package Check Results for Package Sleuth2

Last updated on 2015-02-01 20:48:46.

Flavor Version Tinstall Tcheck Ttotal Status Flags
r-devel-linux-x86_64-debian-clang 1.0-7 2.24 19.73 21.97 NOTE
r-devel-linux-x86_64-debian-gcc 1.0-7 2.30 19.33 21.63 NOTE
r-devel-linux-x86_64-fedora-clang 1.0-7 45.52 NOTE
r-devel-linux-x86_64-fedora-gcc 1.0-7 43.57 NOTE
r-devel-osx-x86_64-clang 1.0-7 45.42 OK
r-devel-windows-ix86+x86_64 1.0-7 18.00 32.00 50.00 OK
r-patched-linux-x86_64 1.0-7 2.94 20.30 23.23 NOTE
r-patched-solaris-sparc 1.0-7 269.30 OK
r-patched-solaris-x86 1.0-7 59.60 OK
r-release-linux-ix86 1.0-7 3.87 29.02 32.89 NOTE
r-release-linux-x86_64 1.0-7 3.38 20.46 23.84 NOTE
r-release-osx-x86_64-mavericks 1.0-7 OK
r-release-windows-ix86+x86_64 1.0-7 11.00 32.00 43.00 OK
r-oldrel-windows-ix86+x86_64 1.0-7 14.00 34.00 48.00 OK

Check Details

Version: 1.0-7
Check: top-level files
Result: NOTE
    Non-standard files/directories found at top level:
     ‘LICENSE.GPL-2’ ‘LICENSE.GPL-3’
Flavors: r-devel-linux-x86_64-debian-clang, r-devel-linux-x86_64-debian-gcc, r-devel-linux-x86_64-fedora-clang, r-devel-linux-x86_64-fedora-gcc, r-patched-linux-x86_64, r-release-linux-ix86, r-release-linux-x86_64

Version: 1.0-7
Check: Rd line widths
Result: NOTE
    Rd file 'case1602.Rd':
     \examples lines wider than 100 characters:
     legend(1,245,legend=c("Baseline","After Low Fiber Diet","After High Fiber Diet"),pch=c(24,19,21),col=c(1,5,3))
    
    Rd file 'case1902.Rd':
     \examples lines wider than 100 characters:
     plot(empiricalodds ~ as.numeric(Aggravation), case1902, log="y", pch=ifelse(Victim=="White", 21, 19), xlab="Aggravation Level of the Mu ... [TRUNCATED]
    
    These lines will be truncated in the PDF manual.
Flavors: r-devel-linux-x86_64-debian-clang, r-devel-linux-x86_64-debian-gcc, r-devel-linux-x86_64-fedora-clang, r-devel-linux-x86_64-fedora-gcc, r-patched-linux-x86_64, r-release-linux-ix86, r-release-linux-x86_64