CRAN Package Check Results for Package Sleuth2

Last updated on 2017-08-22 23:47:46.

Flavor Version Tinstall Tcheck Ttotal Status Flags
r-devel-linux-x86_64-debian-clang 2.0-4 2.26 123.73 125.98 OK
r-devel-linux-x86_64-debian-gcc 2.0-4 2.36 125.15 127.51 OK
r-devel-linux-x86_64-fedora-clang 2.0-4 245.55 OK
r-devel-linux-x86_64-fedora-gcc 2.0-4 255.86 OK
r-devel-windows-ix86+x86_64 2.0-4 11.00 250.00 261.00 OK
r-patched-linux-x86_64 2.0-4 2.35 126.66 129.01 OK
r-patched-solaris-x86 2.0-4 298.50 OK
r-release-linux-x86_64 2.0-4 2.39 129.86 132.25 OK
r-release-windows-ix86+x86_64 2.0-4 10.00 374.00 384.00 OK
r-release-osx-x86_64 2.0-4 WARN
r-oldrel-windows-ix86+x86_64 2.0-4 10.00 251.00 261.00 OK
r-oldrel-osx-x86_64 2.0-4 OK

Check Details

Version: 2.0-4
Check: re-building of vignette outputs
Result: WARN
    Error in re-building vignettes:
     ...
    
     D, IQR, binom.test, cor, cov, fivenum, median, prop.test,
     quantile, sd, t.test, var
    
    The following objects are masked from 'package:base':
    
     max, mean, min, prod, range, sample, sum
    
    Loading required package: Sleuth2
    Error in texi2dvi(file = file, pdf = TRUE, clean = clean, quiet = quiet, :
     Running 'texi2dvi' on 'chapter01-HortonMosaic.tex' failed.
    LaTeX errors:
    ! LaTeX Error: File `xstring.sty' not found.
    
    Type X to quit or <RETURN> to proceed,
    or enter new name. (Default extension: sty)
    
    ! Emergency stop.
    <read *>
    
    l.4 \RequirePackage
     {xcolor}^^M
    ! ==> Fatal error occurred, no output PDF file produced!
    Calls: buildVignettes -> texi2pdf -> texi2dvi
    Execution halted
Flavor: r-release-osx-x86_64