CRAN Package Check Results for Package Sleuth2

Last updated on 2014-12-20 23:47:28.

Flavor Version Tinstall Tcheck Ttotal Status Flags
r-devel-linux-x86_64-debian-clang 1.0-7 3.18 21.04 24.22 NOTE
r-devel-linux-x86_64-debian-gcc 1.0-7 2.89 19.59 22.48 NOTE
r-devel-linux-x86_64-fedora-clang 1.0-7 47.24 NOTE
r-devel-linux-x86_64-fedora-gcc 1.0-7 44.66 NOTE
r-devel-osx-x86_64-clang 1.0-7 42.10 OK
r-devel-windows-ix86+x86_64 1.0-7 13.00 31.00 44.00 OK
r-patched-linux-x86_64 1.0-7 3.02 20.19 23.21 NOTE
r-patched-solaris-sparc 1.0-7 249.50 OK
r-patched-solaris-x86 1.0-7 59.30 OK
r-release-linux-ix86 1.0-7 3.88 24.58 28.46 OK
r-release-linux-x86_64 1.0-7 2.94 20.26 23.20 NOTE
r-release-osx-x86_64-mavericks 1.0-7 OK
r-release-windows-ix86+x86_64 1.0-7 11.00 32.00 43.00 OK
r-oldrel-windows-ix86+x86_64 1.0-7 13.00 36.00 49.00 OK

Check Details

Version: 1.0-7
Check: top-level files
Result: NOTE
    Non-standard files/directories found at top level:
     ‘LICENSE.GPL-2’ ‘LICENSE.GPL-3’
Flavors: r-devel-linux-x86_64-debian-clang, r-devel-linux-x86_64-debian-gcc, r-devel-linux-x86_64-fedora-clang, r-devel-linux-x86_64-fedora-gcc, r-patched-linux-x86_64, r-release-linux-x86_64

Version: 1.0-7
Check: Rd line widths
Result: NOTE
    Rd file 'case1602.Rd':
     \examples lines wider than 100 characters:
     legend(1,245,legend=c("Baseline","After Low Fiber Diet","After High Fiber Diet"),pch=c(24,19,21),col=c(1,5,3))
    
    Rd file 'case1902.Rd':
     \examples lines wider than 100 characters:
     plot(empiricalodds ~ as.numeric(Aggravation), case1902, log="y", pch=ifelse(Victim=="White", 21, 19), xlab="Aggravation Level of the Mu ... [TRUNCATED]
    
    These lines will be truncated in the PDF manual.
Flavors: r-devel-linux-x86_64-debian-clang, r-devel-linux-x86_64-debian-gcc, r-devel-linux-x86_64-fedora-clang, r-devel-linux-x86_64-fedora-gcc, r-patched-linux-x86_64, r-release-linux-x86_64