CRAN Package Check Results for Package Sleuth2

Last updated on 2020-02-27 19:48:58 CET.

Flavor Version Tinstall Tcheck Ttotal Status Flags
r-devel-linux-x86_64-debian-clang 2.0-5 4.46 245.76 250.22 OK
r-devel-linux-x86_64-debian-gcc 2.0-5 3.72 186.81 190.53 OK
r-devel-linux-x86_64-fedora-clang 2.0-5 296.12 OK
r-devel-linux-x86_64-fedora-gcc 2.0-5 293.27 OK
r-devel-windows-ix86+x86_64 2.0-5 13.00 307.00 320.00 OK
r-devel-windows-ix86+x86_64-gcc8 2.0-5 13.00 322.00 335.00 OK
r-patched-linux-x86_64 2.0-5 3.85 219.73 223.58 OK
r-patched-solaris-x86 2.0-5 354.20 NOTE
r-release-linux-x86_64 2.0-5 3.68 221.06 224.74 OK
r-release-windows-ix86+x86_64 2.0-5 11.00 288.00 299.00 OK
r-release-osx-x86_64 2.0-5 OK
r-oldrel-windows-ix86+x86_64 2.0-5 10.00 254.00 264.00 OK
r-oldrel-osx-x86_64 2.0-5 OK

Check Details

Version: 2.0-5
Check: installed package size
Result: NOTE
     installed size is 5.0Mb
     sub-directories of 1Mb or more:
     doc 4.2Mb
Flavor: r-patched-solaris-x86