CRAN Package Check Results for Package Sleuth2

Last updated on 2014-04-24 11:48:56.

Flavor Version Tinstall Tcheck Ttotal Status Flags
r-devel-linux-x86_64-debian-clang 1.0-7 3.21 18.26 21.47 OK
r-devel-linux-x86_64-debian-gcc 1.0-7 3.39 17.61 21.00 OK
r-devel-linux-x86_64-fedora-clang 1.0-7 54.71 NOTE
r-devel-linux-x86_64-fedora-gcc 1.0-7 53.11 NOTE
r-devel-osx-x86_64-clang 1.0-7 36.77 OK
r-devel-osx-x86_64-gcc 1.0-7 OK
r-devel-windows-ix86+x86_64 1.0-7 9.00 29.00 38.00 OK
r-patched-linux-x86_64 1.0-7 3.12 18.38 21.50 OK
r-patched-solaris-sparc 1.0-7 237.70 OK
r-patched-solaris-x86 1.0-7 57.90 OK
r-release-linux-ix86 1.0-7 6.00 34.00 40.00 OK
r-release-linux-x86_64 1.0-7 3.12 17.72 20.84 OK
r-release-osx-x86_64-mavericks 1.0-7 WARN
r-release-windows-ix86+x86_64 1.0-7 10.00 29.00 39.00 OK
r-oldrel-windows-ix86+x86_64 1.0-7 11.00 31.00 42.00 OK

Check Details

Version: 1.0-7
Check: top-level files
Result: NOTE
    Non-standard files/directories found at top level:
     ‘LICENSE.GPL-2’ ‘LICENSE.GPL-3’
Flavors: r-devel-linux-x86_64-fedora-clang, r-devel-linux-x86_64-fedora-gcc

Version: 1.0-7
Check: Rd line widths
Result: NOTE
    Rd file 'case1602.Rd':
     \examples lines wider than 100 characters:
     legend(1,245,legend=c("Baseline","After Low Fiber Diet","After High Fiber Diet"),pch=c(24,19,21),col=c(1,5,3))
    
    Rd file 'case1902.Rd':
     \examples lines wider than 100 characters:
     plot(empiricalodds ~ as.numeric(Aggravation), case1902, log="y", pch=ifelse(Victim=="White", 21, 19), xlab="Aggravation Level of the Mu ... [TRUNCATED]
    
    These lines will be truncated in the PDF manual.
Flavors: r-devel-linux-x86_64-fedora-clang, r-devel-linux-x86_64-fedora-gcc

Version: 1.0-7
Check: PDF version of manual
Result: WARNING
    LaTeX errors when creating PDF version.
    This typically indicates Rd problems.
    LaTeX errors found:
    ! LaTeX Error: File `upquote.sty' not found.
    
    Type X to quit or <RETURN> to proceed,
    or enter new name. (Default extension: sty)
    
    8d11e3/Rd2.tex:8: ==> Fatal error occurred, no output PDF file produced!
Flavor: r-release-osx-x86_64-mavericks