CRAN Package Check Results for Package Sleuth2

Last updated on 2014-08-23 03:48:15.

Flavor Version Tinstall Tcheck Ttotal Status Flags
r-devel-linux-x86_64-debian-clang 1.0-7 3.03 16.60 19.64 OK
r-devel-linux-x86_64-debian-gcc 1.0-7 2.85 16.93 19.78 OK
r-devel-linux-x86_64-fedora-clang 1.0-7 53.56 NOTE
r-devel-linux-x86_64-fedora-gcc 1.0-7 50.40 NOTE
r-devel-osx-x86_64-clang 1.0-7 40.18 OK
r-devel-windows-ix86+x86_64 1.0-7 10.00 30.00 40.00 OK
r-patched-linux-x86_64 1.0-7 2.90 16.84 19.74 OK
r-patched-solaris-sparc 1.0-7 249.50 OK
r-patched-solaris-x86 1.0-7 74.00 OK
r-release-linux-ix86 1.0-7 3.88 25.74 29.62 OK
r-release-linux-x86_64 1.0-7 2.93 17.46 20.38 OK
r-release-osx-x86_64-mavericks 1.0-7 OK
r-release-windows-ix86+x86_64 1.0-7 10.00 29.00 39.00 OK
r-oldrel-windows-ix86+x86_64 1.0-7 11.00 31.00 42.00 OK

Check Details

Version: 1.0-7
Check: top-level files
Result: NOTE
    Non-standard files/directories found at top level:
     ‘LICENSE.GPL-2’ ‘LICENSE.GPL-3’
Flavors: r-devel-linux-x86_64-fedora-clang, r-devel-linux-x86_64-fedora-gcc

Version: 1.0-7
Check: Rd line widths
Result: NOTE
    Rd file 'case1602.Rd':
     \examples lines wider than 100 characters:
     legend(1,245,legend=c("Baseline","After Low Fiber Diet","After High Fiber Diet"),pch=c(24,19,21),col=c(1,5,3))
    
    Rd file 'case1902.Rd':
     \examples lines wider than 100 characters:
     plot(empiricalodds ~ as.numeric(Aggravation), case1902, log="y", pch=ifelse(Victim=="White", 21, 19), xlab="Aggravation Level of the Mu ... [TRUNCATED]
    
    These lines will be truncated in the PDF manual.
Flavors: r-devel-linux-x86_64-fedora-clang, r-devel-linux-x86_64-fedora-gcc