CRAN Package Check Results for Package Sleuth2

Last updated on 2018-04-25 15:48:32 CEST.

Flavor Version Tinstall Tcheck Ttotal Status Flags
r-devel-linux-x86_64-debian-clang 2.0-4 2.66 177.18 179.84 OK
r-devel-linux-x86_64-debian-gcc 2.0-4 2.77 144.71 147.48 OK
r-devel-linux-x86_64-fedora-clang 2.0-4 224.37 OK
r-devel-linux-x86_64-fedora-gcc 2.0-4 217.31 OK
r-devel-windows-ix86+x86_64 2.0-4 15.00 254.00 269.00 OK
r-patched-linux-x86_64 2.0-4 2.63 179.99 182.62 OK
r-patched-solaris-x86 2.0-4 258.60 OK
r-release-linux-x86_64 2.0-4 2.65 187.62 190.27 OK
r-release-windows-ix86+x86_64 2.0-4 15.00 254.00 269.00 OK
r-release-osx-x86_64 2.0-4 OK
r-oldrel-windows-ix86+x86_64 2.0-4 10.00 245.00 255.00 OK
r-oldrel-osx-x86_64 2.0-4 WARN

Check Details

Version: 2.0-4
Check: re-building of vignette outputs
Result: WARN
    Error in re-building vignettes:
     ...
    
     D, IQR, binom.test, cor, cov, fivenum, median, prop.test,
     quantile, sd, t.test, var
    
    The following objects are masked from 'package:base':
    
     max, mean, min, prod, range, sample, sum
    
    Loading required package: Sleuth2
    Error in texi2dvi(file = file, pdf = TRUE, clean = clean, quiet = quiet, :
     Running 'texi2dvi' on 'chapter01-HortonMosaic.tex' failed.
    LaTeX errors:
    ! LaTeX Error: File `xstring.sty' not found.
    
    Type X to quit or <RETURN> to proceed,
    or enter new name. (Default extension: sty)
    
    ! Emergency stop.
    <read *>
    
    l.4 \RequirePackage
     {xcolor}^^M
    ! ==> Fatal error occurred, no output PDF file produced!
    Calls: buildVignettes -> texi2pdf -> texi2dvi
    Execution halted
Flavor: r-oldrel-osx-x86_64