CRAN Package Check Results for Package Sleuth3

Last updated on 2016-05-28 19:49:30.

Flavor Version Tinstall Tcheck Ttotal Status Flags
r-devel-linux-x86_64-debian-gcc 1.0-1 2.87 116.52 119.39 OK
r-devel-linux-x86_64-fedora-clang 1.0-1 239.41 OK
r-devel-linux-x86_64-fedora-gcc 1.0-1 222.30 OK
r-devel-osx-x86_64-clang 1.0-1 246.56 OK
r-devel-windows-ix86+x86_64 1.0-1 12.00 272.00 284.00 OK
r-patched-linux-x86_64 1.0-1 2.92 116.74 119.66 OK
r-patched-solaris-sparc 1.0-1 1210.50 NOTE
r-patched-solaris-x86 1.0-1 275.00 NOTE
r-release-linux-x86_64 1.0-1 3.08 115.48 118.56 OK
r-release-osx-x86_64-mavericks 1.0-1 OK
r-release-windows-ix86+x86_64 1.0-1 13.00 365.00 378.00 OK
r-oldrel-windows-ix86+x86_64 1.0-1 14.00 273.00 287.00 OK

Check Details

Version: 1.0-1
Check: installed package size
Result: NOTE
     installed size is 5.7Mb
     sub-directories of 1Mb or more:
     doc 4.2Mb
Flavors: r-patched-solaris-sparc, r-patched-solaris-x86