CRAN Package Check Results for Package Sleuth3

Last updated on 2017-10-20 00:52:59.

Flavor Version Tinstall Tcheck Ttotal Status Flags
r-devel-linux-x86_64-debian-clang 1.0-2 3.09 136.22 139.31 OK
r-devel-linux-x86_64-debian-gcc 1.0-2 3.01 147.71 150.72 OK
r-devel-linux-x86_64-fedora-clang 1.0-2 275.50 OK
r-devel-linux-x86_64-fedora-gcc 1.0-2 282.00 OK
r-devel-windows-ix86+x86_64 1.0-2 11.00 248.00 259.00 OK
r-patched-linux-x86_64 1.0-2 3.15 140.55 143.70 OK
r-patched-solaris-x86 1.0-2 332.10 NOTE
r-release-linux-x86_64 1.0-2 2.97 143.33 146.30 OK
r-release-windows-ix86+x86_64 1.0-2 24.00 379.00 403.00 OK
r-release-osx-x86_64 1.0-2 WARN
r-oldrel-windows-ix86+x86_64 1.0-2 11.00 375.00 386.00 OK
r-oldrel-osx-x86_64 1.0-2 OK

Check Details

Version: 1.0-2
Check: installed package size
Result: NOTE
     installed size is 5.7Mb
     sub-directories of 1Mb or more:
     doc 4.2Mb
Flavor: r-patched-solaris-x86

Version: 1.0-2
Check: re-building of vignette outputs
Result: WARN
    Error in re-building vignettes:
     ...
    
     D, IQR, binom.test, cor, cov, fivenum, median, prop.test,
     quantile, sd, t.test, var
    
    The following objects are masked from 'package:base':
    
     max, mean, min, prod, range, sample, sum
    
    Loading required package: Sleuth3
    Error in texi2dvi(file = file, pdf = TRUE, clean = clean, quiet = quiet, :
     Running 'texi2dvi' on 'chapter01-HortonMosaic.tex' failed.
    LaTeX errors:
    ! LaTeX Error: File `xstring.sty' not found.
    
    Type X to quit or <RETURN> to proceed,
    or enter new name. (Default extension: sty)
    
    ! Emergency stop.
    <read *>
    
    l.4 \RequirePackage
     {xcolor}^^M
    ! ==> Fatal error occurred, no output PDF file produced!
    Calls: buildVignettes -> texi2pdf -> texi2dvi
    Execution halted
Flavor: r-release-osx-x86_64