CRAN Package Check Results for Package Sleuth3

Last updated on 2017-02-20 11:51:02.

Flavor Version Tinstall Tcheck Ttotal Status Flags
r-devel-linux-x86_64-debian-clang 1.0-2 2.96 133.89 136.85 OK
r-devel-linux-x86_64-debian-gcc 1.0-2 2.91 137.96 140.86 OK
r-devel-linux-x86_64-fedora-clang 1.0-2 269.59 OK --no-stop-on-test-error
r-devel-linux-x86_64-fedora-gcc 1.0-2 263.57 OK --no-stop-on-test-error
r-devel-macos-x86_64-clang 1.0-2 207.94 OK --no-stop-on-test-error
r-devel-windows-ix86+x86_64 1.0-2 16.00 388.00 404.00 OK
r-patched-linux-x86_64 1.0-2 2.98 128.74 131.72 OK
r-patched-solaris-sparc 1.0-2 1355.70 NOTE
r-patched-solaris-x86 1.0-2 273.30 NOTE
r-release-linux-x86_64 1.0-2 2.73 126.81 129.54 OK
r-release-osx-x86_64-mavericks 1.0-2 OK
r-release-windows-ix86+x86_64 1.0-2 13.00 255.00 268.00 OK
r-oldrel-windows-ix86+x86_64 1.0-2 15.00 296.00 311.00 OK

Check Details

Version: 1.0-2
Check: installed package size
Result: NOTE
     installed size is 5.7Mb
     sub-directories of 1Mb or more:
     doc 4.2Mb
Flavors: r-patched-solaris-sparc, r-patched-solaris-x86