CRAN Package Check Results for Package Sleuth3

Last updated on 2017-03-26 21:48:14.

Flavor Version Tinstall Tcheck Ttotal Status Flags
r-devel-linux-x86_64-debian-clang 1.0-2 2.80 142.93 145.73 OK
r-devel-linux-x86_64-debian-gcc 1.0-2 3.14 139.16 142.30 OK
r-devel-linux-x86_64-fedora-clang 1.0-2 269.88 OK --no-stop-on-test-error
r-devel-linux-x86_64-fedora-gcc 1.0-2 267.65 OK --no-stop-on-test-error
r-devel-macos-x86_64-clang 1.0-2 203.32 OK --no-stop-on-test-error
r-patched-linux-x86_64 1.0-2 3.07 135.83 138.90 OK
r-patched-solaris-sparc 1.0-2 1372.50 NOTE
r-patched-solaris-x86 1.0-2 291.70 NOTE
r-release-linux-x86_64 1.0-2 2.90 128.09 130.99 OK
r-release-osx-x86_64-mavericks 1.0-2 OK
r-release-windows-ix86+x86_64 1.0-2 18.00 292.00 310.00 OK
r-oldrel-windows-ix86+x86_64 1.0-2 26.00 264.00 290.00 OK

Check Details

Version: 1.0-2
Check: installed package size
Result: NOTE
     installed size is 5.7Mb
     sub-directories of 1Mb or more:
     doc 4.2Mb
Flavors: r-patched-solaris-sparc, r-patched-solaris-x86