CRAN Package Check Results for Package Sleuth3

Last updated on 2014-04-24 23:48:13.

Flavor Version Tinstall Tcheck Ttotal Status Flags
r-devel-linux-x86_64-debian-clang 0.1-6 4.01 38.96 42.97 OK
r-devel-linux-x86_64-debian-gcc 0.1-6 3.98 37.94 41.91 OK
r-devel-linux-x86_64-fedora-clang 0.1-6 103.54 NOTE
r-devel-linux-x86_64-fedora-gcc 0.1-6 101.61 NOTE
r-devel-osx-x86_64-clang 0.1-6 64.72 OK
r-devel-osx-x86_64-gcc 0.1-6 NOTE
r-devel-windows-ix86+x86_64 0.1-6 11.00 59.00 70.00 OK
r-patched-linux-x86_64 0.1-6 4.00 39.05 43.05 OK
r-patched-solaris-sparc 0.1-6 475.10 OK
r-patched-solaris-x86 0.1-6 109.20 OK
r-release-linux-ix86 0.1-6 7.00 65.00 72.00 OK
r-release-linux-x86_64 0.1-6 4.03 39.38 43.42 OK
r-release-osx-x86_64-mavericks 0.1-6 WARN
r-release-windows-ix86+x86_64 0.1-6 13.00 63.00 76.00 OK
r-oldrel-windows-ix86+x86_64 0.1-6 14.00 62.00 76.00 OK

Check Details

Version: 0.1-6
Check: top-level files
Result: NOTE
    Non-standard files/directories found at top level:
     ‘LICENSE.GPL-2’ ‘LICENSE.GPL-3’
Flavors: r-devel-linux-x86_64-fedora-clang, r-devel-linux-x86_64-fedora-gcc

Version: 0.1-6
Check: Rd line widths
Result: NOTE
    Rd file 'case1201.Rd':
     \examples lines wider than 100 characters:
     crPlots(myLm2) # Partial residual plot
     main="States Ranked by SAT Scores Adjusted for Demographics of Takers and Education Expenditure",
    
    Rd file 'case1202.Rd':
     \examples lines wider than 100 characters:
     lines(exp(curveM) ~ dummyYears, lty = 2, lwd=2, col="blue")
    
    These lines will be truncated in the PDF manual.
Flavors: r-devel-linux-x86_64-fedora-clang, r-devel-linux-x86_64-fedora-gcc

Version: 0.1-6
Check: package dependencies
Result: NOTE
    Packages suggested but not available for checking:
     ‘multcomp’ ‘car’ ‘CCA’ ‘Hmisc’
Flavor: r-devel-osx-x86_64-gcc

Version: 0.1-6
Check: package dependencies
Result: NOTE
    Package suggested but not available for checking: ‘multcomp’
Flavor: r-release-osx-x86_64-mavericks

Version: 0.1-6
Check: PDF version of manual
Result: WARNING
    LaTeX errors when creating PDF version.
    This typically indicates Rd problems.
    LaTeX errors found:
    ! LaTeX Error: File `upquote.sty' not found.
    
    Type X to quit or <RETURN> to proceed,
    or enter new name. (Default extension: sty)
    
    a347c24/Rd2.tex:8: ==> Fatal error occurred, no output PDF file produced!
Flavor: r-release-osx-x86_64-mavericks