CRAN Package Check Results for Package Sleuth3

Last updated on 2016-10-01 18:47:42.

Flavor Version Tinstall Tcheck Ttotal Status Flags
r-devel-linux-x86_64-debian-clang 1.0-2 2.98 136.15 139.13 OK
r-devel-linux-x86_64-debian-gcc 1.0-2 2.86 138.75 141.61 OK
r-devel-linux-x86_64-fedora-clang 1.0-2 255.69 OK
r-devel-linux-x86_64-fedora-gcc 1.0-2 243.33 OK
r-devel-macos-x86_64-clang 1.0-2 192.82 OK
r-devel-windows-ix86+x86_64 1.0-2 13.00 397.00 410.00 OK
r-patched-linux-x86_64 1.0-2 2.75 126.22 128.97 OK
r-patched-solaris-sparc 1.0-2 1321.70 NOTE
r-patched-solaris-x86 1.0-2 277.10 NOTE
r-release-linux-x86_64 1.0-2 2.82 127.37 130.18 OK
r-release-osx-x86_64-mavericks 1.0-2 OK
r-release-windows-ix86+x86_64 1.0-2 12.00 273.00 285.00 OK
r-oldrel-windows-ix86+x86_64 1.0-2 13.00 269.00 282.00 OK

Check Details

Version: 1.0-2
Check: installed package size
Result: NOTE
     installed size is 5.7Mb
     sub-directories of 1Mb or more:
     doc 4.2Mb
Flavors: r-patched-solaris-sparc, r-patched-solaris-x86