CRAN Package Check Results for Package Sleuth3

Last updated on 2018-04-25 15:48:32 CEST.

Flavor Version Tinstall Tcheck Ttotal Status Flags
r-devel-linux-x86_64-debian-clang 1.0-2 3.65 195.64 199.29 OK
r-devel-linux-x86_64-debian-gcc 1.0-2 2.71 151.52 154.23 OK
r-devel-linux-x86_64-fedora-clang 1.0-2 247.21 OK
r-devel-linux-x86_64-fedora-gcc 1.0-2 238.36 OK
r-devel-windows-ix86+x86_64 1.0-2 17.00 263.00 280.00 OK
r-patched-linux-x86_64 1.0-2 4.18 199.18 203.36 OK
r-patched-solaris-x86 1.0-2 283.10 NOTE
r-release-linux-x86_64 1.0-2 3.23 209.08 212.31 OK
r-release-windows-ix86+x86_64 1.0-2 17.00 263.00 280.00 OK
r-release-osx-x86_64 1.0-2 OK
r-oldrel-windows-ix86+x86_64 1.0-2 12.00 271.00 283.00 OK
r-oldrel-osx-x86_64 1.0-2 WARN

Check Details

Version: 1.0-2
Check: installed package size
Result: NOTE
     installed size is 5.7Mb
     sub-directories of 1Mb or more:
     doc 4.2Mb
Flavor: r-patched-solaris-x86

Version: 1.0-2
Check: re-building of vignette outputs
Result: WARN
    Error in re-building vignettes:
     ...
    
     D, IQR, binom.test, cor, cov, fivenum, median, prop.test,
     quantile, sd, t.test, var
    
    The following objects are masked from 'package:base':
    
     max, mean, min, prod, range, sample, sum
    
    Loading required package: Sleuth3
    Error in texi2dvi(file = file, pdf = TRUE, clean = clean, quiet = quiet, :
     Running 'texi2dvi' on 'chapter01-HortonMosaic.tex' failed.
    LaTeX errors:
    ! LaTeX Error: File `xstring.sty' not found.
    
    Type X to quit or <RETURN> to proceed,
    or enter new name. (Default extension: sty)
    
    ! Emergency stop.
    <read *>
    
    l.4 \RequirePackage
     {xcolor}^^M
    ! ==> Fatal error occurred, no output PDF file produced!
    Calls: buildVignettes -> texi2pdf -> texi2dvi
    Execution halted
Flavor: r-oldrel-osx-x86_64