CRAN Package Check Results for Package Sleuth3

Last updated on 2016-02-14 06:47:16.

Flavor Version Tinstall Tcheck Ttotal Status Flags
r-devel-linux-x86_64-debian-gcc 1.0-1 2.94 113.71 116.65 OK
r-devel-linux-x86_64-fedora-clang 1.0-1 237.06 OK
r-devel-linux-x86_64-fedora-gcc 1.0-1 225.57 OK
r-devel-osx-x86_64-clang 1.0-1 247.78 OK
r-devel-windows-ix86+x86_64 1.0-1 22.00 253.00 275.00 OK
r-patched-linux-x86_64 1.0-1 3.11 118.80 121.91 OK
r-patched-solaris-sparc 1.0-1 1102.10 NOTE
r-patched-solaris-x86 1.0-1 253.90 NOTE
r-release-linux-x86_64 1.0-1 3.31 116.96 120.27 OK
r-release-osx-x86_64-mavericks 1.0-1 OK
r-release-windows-ix86+x86_64 1.0-1 22.00 205.00 227.00 OK
r-oldrel-windows-ix86+x86_64 1.0-1 25.00 277.00 302.00 OK

Check Details

Version: 1.0-1
Check: installed package size
Result: NOTE
     installed size is 5.7Mb
     sub-directories of 1Mb or more:
     doc 4.2Mb
Flavors: r-patched-solaris-sparc, r-patched-solaris-x86