CRAN Package Check Results for Package Sleuth3

Last updated on 2014-12-20 14:48:05.

Flavor Version Tinstall Tcheck Ttotal Status Flags
r-devel-linux-x86_64-debian-clang 0.1-6 3.89 40.90 44.79 NOTE
r-devel-linux-x86_64-debian-gcc 0.1-6 3.55 39.48 43.03 NOTE
r-devel-linux-x86_64-fedora-clang 0.1-6 87.83 NOTE
r-devel-linux-x86_64-fedora-gcc 0.1-6 78.82 NOTE
r-devel-osx-x86_64-clang 0.1-6 69.90 OK
r-devel-windows-ix86+x86_64 0.1-6 16.00 55.00 71.00 OK
r-patched-linux-x86_64 0.1-6 3.86 41.19 45.05 NOTE
r-patched-solaris-sparc 0.1-6 487.50 OK
r-patched-solaris-x86 0.1-6 103.40 OK
r-release-linux-ix86 0.1-6 4.88 48.90 53.78 OK
r-release-linux-x86_64 0.1-6 4.00 41.42 45.41 NOTE
r-release-osx-x86_64-mavericks 0.1-6 OK
r-release-windows-ix86+x86_64 0.1-6 16.00 62.00 78.00 OK
r-oldrel-windows-ix86+x86_64 0.1-6 18.00 68.00 86.00 OK

Check Details

Version: 0.1-6
Check: top-level files
Result: NOTE
    Non-standard files/directories found at top level:
     ‘LICENSE.GPL-2’ ‘LICENSE.GPL-3’
Flavors: r-devel-linux-x86_64-debian-clang, r-devel-linux-x86_64-debian-gcc, r-devel-linux-x86_64-fedora-clang, r-devel-linux-x86_64-fedora-gcc, r-patched-linux-x86_64, r-release-linux-x86_64

Version: 0.1-6
Check: Rd line widths
Result: NOTE
    Rd file 'case1201.Rd':
     \examples lines wider than 100 characters:
     crPlots(myLm2) # Partial residual plot
     main="States Ranked by SAT Scores Adjusted for Demographics of Takers and Education Expenditure",
    
    Rd file 'case1202.Rd':
     \examples lines wider than 100 characters:
     lines(exp(curveM) ~ dummyYears, lty = 2, lwd=2, col="blue")
    
    These lines will be truncated in the PDF manual.
Flavors: r-devel-linux-x86_64-debian-clang, r-devel-linux-x86_64-debian-gcc, r-devel-linux-x86_64-fedora-clang, r-devel-linux-x86_64-fedora-gcc, r-patched-linux-x86_64, r-release-linux-x86_64