CRAN Package Check Results for Package Sleuth3

Last updated on 2015-05-28 17:48:13.

Flavor Version Tinstall Tcheck Ttotal Status Flags
r-devel-linux-x86_64-debian-clang 0.1-8 2.88 31.15 34.03 OK
r-devel-linux-x86_64-debian-gcc 0.1-8 2.82 29.07 31.89 OK
r-devel-linux-x86_64-fedora-clang 0.1-8 70.33 OK
r-devel-linux-x86_64-fedora-gcc 0.1-8 62.26 OK
r-devel-osx-x86_64-clang 0.1-8 55.77 OK
r-devel-windows-ix86+x86_64 0.1-8 13.00 49.00 62.00 OK
r-patched-linux-x86_64 0.1-8 3.01 29.43 32.44 OK
r-patched-solaris-sparc 0.1-8 343.60 OK
r-patched-solaris-x86 0.1-8 77.50 OK
r-release-linux-x86_64 0.1-8 2.89 30.59 33.48 OK
r-release-osx-x86_64-mavericks 0.1-8 OK
r-release-osx-x86_64-snowleopard 0.1-8 NOTE
r-release-windows-ix86+x86_64 0.1-8 14.00 54.00 68.00 OK
r-oldrel-windows-ix86+x86_64 0.1-8 18.00 47.00 65.00 OK

Check Details

Version: 0.1-8
Check: package dependencies
Result: NOTE
    Packages suggested but not available for checking:
     ‘multcomp’ ‘car’ ‘CCA’ ‘Hmisc’
Flavor: r-release-osx-x86_64-snowleopard