CRAN Package Check Results for Package Sleuth3

Last updated on 2015-04-19 03:49:51.

Flavor Version Tinstall Tcheck Ttotal Status Flags
r-devel-linux-x86_64-debian-clang 0.1-8 3.06 30.01 33.07 OK
r-devel-linux-x86_64-debian-gcc 0.1-8 2.88 29.63 32.51 OK
r-devel-linux-x86_64-fedora-clang 0.1-8 67.24 OK
r-devel-linux-x86_64-fedora-gcc 0.1-8 63.83 OK
r-devel-osx-x86_64-clang 0.1-8 56.92 OK
r-patched-linux-x86_64 0.1-8 2.96 29.23 32.20 OK
r-patched-solaris-sparc 0.1-8 369.50 OK
r-patched-solaris-x86 0.1-8 76.70 OK
r-release-linux-x86_64 0.1-8 3.04 30.59 33.63 OK
r-release-osx-x86_64-mavericks 0.1-8 NOTE
r-release-osx-x86_64-snowleopard 0.1-8 NOTE
r-release-windows-ix86+x86_64 0.1-8 8.00 54.00 62.00 OK
r-oldrel-windows-ix86+x86_64 0.1-8 15.00 52.00 67.00 OK

Check Details

Version: 0.1-8
Check: package dependencies
Result: NOTE
    Packages suggested but not available for checking:
     ‘multcomp’ ‘car’ ‘CCA’ ‘Hmisc’
Flavors: r-release-osx-x86_64-mavericks, r-release-osx-x86_64-snowleopard