CRAN Package Check Results for Package Sleuth3

Last updated on 2017-04-26 23:53:26.

Flavor Version Tinstall Tcheck Ttotal Status Flags
r-devel-linux-x86_64-debian-clang 1.0-2 3.01 137.88 140.90 OK
r-devel-linux-x86_64-debian-gcc 1.0-2 5.05 138.68 143.73 OK
r-devel-linux-x86_64-fedora-clang 1.0-2 270.01 OK --no-stop-on-test-error
r-devel-linux-x86_64-fedora-gcc 1.0-2 266.16 OK --no-stop-on-test-error
r-devel-windows-ix86+x86_64 1.0-2 22.00 313.00 335.00 OK
r-patched-linux-x86_64 1.0-2 3.06 139.46 142.52 OK
r-patched-solaris-sparc 1.0-2 1372.50 NOTE
r-patched-solaris-x86 1.0-2 286.40 NOTE
r-release-linux-x86_64 1.0-2 2.79 138.04 140.84 OK
r-release-windows-ix86+x86_64 1.0-2 13.00 308.00 321.00 OK
r-release-osx-x86_64 1.0-2 WARN
r-oldrel-windows-ix86+x86_64 1.0-2 11.00 287.00 298.00 OK
r-oldrel-osx-x86_64 1.0-2 OK

Check Details

Version: 1.0-2
Check: installed package size
Result: NOTE
     installed size is 5.7Mb
     sub-directories of 1Mb or more:
     doc 4.2Mb
Flavors: r-patched-solaris-sparc, r-patched-solaris-x86

Version: 1.0-2
Check: re-building of vignette outputs
Result: WARN
    Error in re-building vignettes:
     ...
    
     D, IQR, binom.test, cor, cov, fivenum, median, prop.test,
     quantile, sd, t.test, var
    
    The following objects are masked from 'package:base':
    
     max, mean, min, prod, range, sample, sum
    
    Loading required package: Sleuth3
    Error in texi2dvi(file = file, pdf = TRUE, clean = clean, quiet = quiet, :
     Running 'texi2dvi' on 'chapter01-HortonMosaic.tex' failed.
    LaTeX errors:
    ! LaTeX Error: File `xstring.sty' not found.
    
    Type X to quit or <RETURN> to proceed,
    or enter new name. (Default extension: sty)
    
    ! Emergency stop.
    <read *>
    
    l.4 \RequirePackage
     {xcolor}^^M
    ! ==> Fatal error occurred, no output PDF file produced!
    Calls: buildVignettes -> texi2pdf -> texi2dvi
    Execution halted
Flavor: r-release-osx-x86_64