CRAN Package Check Results for Package Sleuth3

Last updated on 2016-07-29 07:47:24.

Flavor Version Tinstall Tcheck Ttotal Status Flags
r-devel-linux-x86_64-debian-clang 1.0-2 2.75 129.35 132.10 OK
r-devel-linux-x86_64-debian-gcc 1.0-2 3.23 150.94 154.17 OK
r-devel-linux-x86_64-fedora-clang 1.0-2 248.56 OK
r-devel-linux-x86_64-fedora-gcc 1.0-2 237.97 OK
r-devel-osx-x86_64-clang 1.0-2 193.86 OK
r-devel-windows-ix86+x86_64 1.0-2 17.00 285.00 302.00 OK
r-patched-linux-x86_64 1.0-2 3.24 147.31 150.55 OK
r-patched-solaris-sparc 1.0-2 1321.70 NOTE
r-patched-solaris-x86 1.0-2 270.40 NOTE
r-release-linux-x86_64 1.0-2 3.10 144.13 147.23 OK
r-release-osx-x86_64-mavericks 1.0-2 OK
r-release-windows-ix86+x86_64 1.0-2 19.00 372.00 391.00 OK
r-oldrel-windows-ix86+x86_64 1.0-2 27.00 287.00 314.00 OK

Check Details

Version: 1.0-2
Check: installed package size
Result: NOTE
     installed size is 5.7Mb
     sub-directories of 1Mb or more:
     doc 4.2Mb
Flavors: r-patched-solaris-sparc, r-patched-solaris-x86