CRAN Package Check Results for Package Sleuth3

Last updated on 2016-08-30 16:47:33.

Flavor Version Tinstall Tcheck Ttotal Status Flags
r-devel-linux-x86_64-debian-clang 1.0-2 2.88 127.47 130.36 OK
r-devel-linux-x86_64-debian-gcc 1.0-2 2.94 124.55 127.49 OK
r-devel-linux-x86_64-fedora-clang 1.0-2 253.80 OK
r-devel-linux-x86_64-fedora-gcc 1.0-2 250.33 OK
r-devel-osx-x86_64-clang 1.0-2 196.04 OK
r-devel-windows-ix86+x86_64 1.0-2 18.00 268.00 286.00 OK
r-patched-linux-x86_64 1.0-2 2.92 129.05 131.98 OK
r-patched-solaris-sparc 1.0-2 1321.70 NOTE
r-patched-solaris-x86 1.0-2 267.60 NOTE
r-release-linux-x86_64 1.0-2 2.74 124.32 127.06 OK
r-release-osx-x86_64-mavericks 1.0-2 OK
r-release-windows-ix86+x86_64 1.0-2 12.00 249.00 261.00 OK
r-oldrel-windows-ix86+x86_64 1.0-2 24.00 313.00 337.00 OK

Check Details

Version: 1.0-2
Check: installed package size
Result: NOTE
     installed size is 5.7Mb
     sub-directories of 1Mb or more:
     doc 4.2Mb
Flavors: r-patched-solaris-sparc, r-patched-solaris-x86