CRAN Package Check Results for Package Sleuth3

Last updated on 2022-10-05 11:52:25 CEST.

Flavor Version Tinstall Tcheck Ttotal Status Flags
r-devel-linux-x86_64-debian-clang 1.0-3 5.97 240.91 246.88 OK
r-devel-linux-x86_64-debian-gcc 1.0-3 4.25 175.75 180.00 OK
r-devel-linux-x86_64-fedora-clang 1.0-3 337.32 NOTE
r-devel-linux-x86_64-fedora-gcc 1.0-3 295.43 OK
r-devel-windows-x86_64 1.0-3 101.00 527.00 628.00 NOTE
r-patched-linux-x86_64 1.0-3 9.28 219.83 229.11 OK
r-release-linux-x86_64 1.0-3 5.77 225.55 231.32 OK
r-release-macos-arm64 1.0-3 97.00 NOTE
r-release-macos-x86_64 1.0-3 130.00 NOTE
r-release-windows-x86_64 1.0-3 111.00 611.00 722.00 NOTE
r-oldrel-macos-arm64 1.0-3 142.00 NOTE
r-oldrel-macos-x86_64 1.0-3 255.00 NOTE
r-oldrel-windows-ix86+x86_64 1.0-3 12.00 459.00 471.00 NOTE

Check Details

Version: 1.0-3
Check: installed package size
Result: NOTE
     installed size is 5.1Mb
     sub-directories of 1Mb or more:
     doc 3.7Mb
Flavors: r-devel-linux-x86_64-fedora-clang, r-devel-windows-x86_64, r-release-macos-arm64, r-release-macos-x86_64, r-release-windows-x86_64, r-oldrel-macos-arm64, r-oldrel-macos-x86_64, r-oldrel-windows-ix86+x86_64