CRAN Package Check Results for Package Sleuth3

Last updated on 2016-06-28 14:48:41.

Flavor Version Tinstall Tcheck Ttotal Status Flags
r-devel-linux-x86_64-debian-gcc 1.0-2 3.12 123.86 126.98 OK
r-devel-linux-x86_64-fedora-clang 1.0-2 249.03 OK
r-devel-linux-x86_64-fedora-gcc 1.0-2 234.32 OK
r-devel-osx-x86_64-clang 1.0-2 191.42 OK
r-devel-windows-ix86+x86_64 1.0-2 21.00 269.00 290.00 OK
r-patched-linux-x86_64 1.0-2 2.92 128.45 131.37 OK
r-patched-solaris-sparc 1.0-2 1321.70 NOTE
r-patched-solaris-x86 1.0-2 282.10 NOTE
r-release-linux-x86_64 1.0-2 2.85 125.18 128.03 OK
r-release-osx-x86_64-mavericks 1.0-2 OK
r-release-windows-ix86+x86_64 1.0-2 18.00 300.00 318.00 OK
r-oldrel-windows-ix86+x86_64 1.0-2 30.00 381.00 411.00 OK

Check Details

Version: 1.0-2
Check: installed package size
Result: NOTE
     installed size is 5.7Mb
     sub-directories of 1Mb or more:
     doc 4.2Mb
Flavors: r-patched-solaris-sparc, r-patched-solaris-x86