CRAN Package Check Results for Package Sleuth3

Last updated on 2017-01-17 06:48:35.

Flavor Version Tinstall Tcheck Ttotal Status Flags
r-devel-linux-x86_64-debian-clang 1.0-2 2.76 139.07 141.83 OK
r-devel-linux-x86_64-debian-gcc 1.0-2 2.87 138.83 141.70 OK
r-devel-linux-x86_64-fedora-clang 1.0-2 264.75 OK --no-stop-on-test-error
r-devel-linux-x86_64-fedora-gcc 1.0-2 266.35 OK --no-stop-on-test-error
r-devel-macos-x86_64-clang 1.0-2 206.05 OK --no-stop-on-test-error
r-devel-windows-ix86+x86_64 1.0-2 20.00 270.00 290.00 OK
r-patched-linux-x86_64 1.0-2 2.73 129.36 132.09 OK
r-patched-solaris-sparc 1.0-2 1355.70 NOTE
r-patched-solaris-x86 1.0-2 272.20 NOTE
r-release-linux-x86_64 1.0-2 2.81 125.42 128.23 OK
r-release-osx-x86_64-mavericks 1.0-2 OK
r-release-windows-ix86+x86_64 1.0-2 18.00 363.00 381.00 OK
r-oldrel-windows-ix86+x86_64 1.0-2 18.00 403.00 421.00 OK

Check Details

Version: 1.0-2
Check: installed package size
Result: NOTE
     installed size is 5.7Mb
     sub-directories of 1Mb or more:
     doc 4.2Mb
Flavors: r-patched-solaris-sparc, r-patched-solaris-x86