CRAN Package Check Results for Package Sleuth3

Last updated on 2014-09-17 19:47:45.

Flavor Version Tinstall Tcheck Ttotal Status Flags
r-devel-linux-x86_64-debian-clang 0.1-6 3.76 39.90 43.66 NOTE
r-devel-linux-x86_64-debian-gcc 0.1-6 3.65 39.80 43.45 NOTE
r-devel-linux-x86_64-fedora-clang 0.1-6 94.45 NOTE
r-devel-linux-x86_64-fedora-gcc 0.1-6 94.45 NOTE
r-devel-osx-x86_64-clang 0.1-6 63.47 OK
r-devel-windows-ix86+x86_64 0.1-6 14.00 60.00 74.00 OK
r-patched-linux-x86_64 0.1-6 4.36 37.97 42.32 OK
r-patched-solaris-sparc 0.1-6 487.50 OK
r-patched-solaris-x86 0.1-6 107.10 OK
r-release-linux-ix86 0.1-6 5.11 52.22 57.34 OK
r-release-linux-x86_64 0.1-6 3.82 43.27 47.09 NOTE
r-release-osx-x86_64-mavericks 0.1-6 OK
r-release-windows-ix86+x86_64 0.1-6 12.00 62.00 74.00 OK
r-oldrel-windows-ix86+x86_64 0.1-6 15.00 62.00 77.00 OK

Check Details

Version: 0.1-6
Check: top-level files
Result: NOTE
    Non-standard files/directories found at top level:
     ‘LICENSE.GPL-2’ ‘LICENSE.GPL-3’
Flavors: r-devel-linux-x86_64-debian-clang, r-devel-linux-x86_64-debian-gcc, r-devel-linux-x86_64-fedora-clang, r-devel-linux-x86_64-fedora-gcc, r-release-linux-x86_64

Version: 0.1-6
Check: Rd line widths
Result: NOTE
    Rd file 'case1201.Rd':
     \examples lines wider than 100 characters:
     crPlots(myLm2) # Partial residual plot
     main="States Ranked by SAT Scores Adjusted for Demographics of Takers and Education Expenditure",
    
    Rd file 'case1202.Rd':
     \examples lines wider than 100 characters:
     lines(exp(curveM) ~ dummyYears, lty = 2, lwd=2, col="blue")
    
    These lines will be truncated in the PDF manual.
Flavors: r-devel-linux-x86_64-debian-clang, r-devel-linux-x86_64-debian-gcc, r-devel-linux-x86_64-fedora-clang, r-devel-linux-x86_64-fedora-gcc, r-release-linux-x86_64