CRAN Package Check Results for Package Sleuth3

Last updated on 2014-11-24 03:49:17.

Flavor Version Tinstall Tcheck Ttotal Status Flags
r-devel-linux-x86_64-debian-clang 0.1-6 3.97 41.52 45.49 NOTE
r-devel-linux-x86_64-debian-gcc 0.1-6 3.80 40.68 44.48 NOTE
r-devel-linux-x86_64-fedora-clang 0.1-6 87.18 NOTE
r-devel-linux-x86_64-fedora-gcc 0.1-6 83.62 NOTE
r-devel-osx-x86_64-clang 0.1-6 70.74 OK
r-devel-windows-ix86+x86_64 0.1-6 14.00 57.00 71.00 OK
r-patched-linux-x86_64 0.1-6 3.79 42.11 45.90 NOTE
r-patched-solaris-sparc 0.1-6 487.50 OK
r-patched-solaris-x86 0.1-6 104.30 OK
r-release-linux-ix86 0.1-6 4.95 48.64 53.58 OK
r-release-linux-x86_64 0.1-6 4.09 43.32 47.41 NOTE
r-release-osx-x86_64-mavericks 0.1-6 OK
r-release-windows-ix86+x86_64 0.1-6 13.00 60.00 73.00 OK
r-oldrel-windows-ix86+x86_64 0.1-6 15.00 66.00 81.00 OK

Check Details

Version: 0.1-6
Check: top-level files
Result: NOTE
    Non-standard files/directories found at top level:
     ‘LICENSE.GPL-2’ ‘LICENSE.GPL-3’
Flavors: r-devel-linux-x86_64-debian-clang, r-devel-linux-x86_64-debian-gcc, r-devel-linux-x86_64-fedora-clang, r-devel-linux-x86_64-fedora-gcc, r-patched-linux-x86_64, r-release-linux-x86_64

Version: 0.1-6
Check: Rd line widths
Result: NOTE
    Rd file 'case1201.Rd':
     \examples lines wider than 100 characters:
     crPlots(myLm2) # Partial residual plot
     main="States Ranked by SAT Scores Adjusted for Demographics of Takers and Education Expenditure",
    
    Rd file 'case1202.Rd':
     \examples lines wider than 100 characters:
     lines(exp(curveM) ~ dummyYears, lty = 2, lwd=2, col="blue")
    
    These lines will be truncated in the PDF manual.
Flavors: r-devel-linux-x86_64-debian-clang, r-devel-linux-x86_64-debian-gcc, r-devel-linux-x86_64-fedora-clang, r-devel-linux-x86_64-fedora-gcc, r-patched-linux-x86_64, r-release-linux-x86_64