CRAN Package Check Results for Package Sleuth3

Last updated on 2016-12-08 12:48:26.

Flavor Version Tinstall Tcheck Ttotal Status Flags
r-devel-linux-x86_64-debian-clang 1.0-2 2.91 145.93 148.84 OK
r-devel-linux-x86_64-debian-gcc 1.0-2 3.04 142.04 145.08 OK
r-devel-linux-x86_64-fedora-clang 1.0-2 288.00 OK --no-stop-on-test-error
r-devel-linux-x86_64-fedora-gcc 1.0-2 274.69 OK --no-stop-on-test-error
r-devel-macos-x86_64-clang 1.0-2 206.81 OK
r-devel-windows-ix86+x86_64 1.0-2 14.00 279.00 293.00 OK
r-patched-linux-x86_64 1.0-2 3.01 130.12 133.13 OK
r-patched-solaris-sparc 1.0-2 1321.70 NOTE
r-patched-solaris-x86 1.0-2 278.20 NOTE
r-release-linux-x86_64 1.0-2 2.80 131.33 134.12 OK
r-release-osx-x86_64-mavericks 1.0-2 OK
r-release-windows-ix86+x86_64 1.0-2 9.00 270.00 279.00 OK
r-oldrel-windows-ix86+x86_64 1.0-2 24.00 278.00 302.00 OK

Check Details

Version: 1.0-2
Check: installed package size
Result: NOTE
     installed size is 5.7Mb
     sub-directories of 1Mb or more:
     doc 4.2Mb
Flavors: r-patched-solaris-sparc, r-patched-solaris-x86