CRAN Package Check Results for Package Sleuth3

Last updated on 2014-07-31 19:48:17.

Flavor Version Tinstall Tcheck Ttotal Status Flags
r-devel-linux-x86_64-debian-clang 0.1-6 4.18 37.57 41.74 OK
r-devel-linux-x86_64-debian-gcc 0.1-6 3.81 37.07 40.88 OK
r-devel-linux-x86_64-fedora-clang 0.1-6 105.40 NOTE
r-devel-linux-x86_64-fedora-gcc 0.1-6 99.95 NOTE
r-devel-osx-x86_64-clang 0.1-6 71.21 OK
r-devel-windows-ix86+x86_64 0.1-6 13.00 62.00 75.00 OK
r-patched-linux-x86_64 0.1-6 4.04 37.44 41.48 OK
r-patched-solaris-sparc 0.1-6 487.50 OK
r-patched-solaris-x86 0.1-6 128.40 OK
r-release-linux-ix86 0.1-6 5.04 50.79 55.83 OK
r-release-linux-x86_64 0.1-6 3.83 38.28 42.12 OK
r-release-osx-x86_64-mavericks 0.1-6 OK
r-release-windows-ix86+x86_64 0.1-6 14.00 78.00 92.00 OK
r-oldrel-windows-ix86+x86_64 0.1-6 23.00 87.00 110.00 OK

Check Details

Version: 0.1-6
Check: top-level files
Result: NOTE
    Non-standard files/directories found at top level:
     LICENSE.GPL-2 LICENSE.GPL-3
Flavors: r-devel-linux-x86_64-fedora-clang, r-devel-linux-x86_64-fedora-gcc

Version: 0.1-6
Check: Rd line widths
Result: NOTE
    Rd file 'case1201.Rd':
     \examples lines wider than 100 characters:
     crPlots(myLm2) # Partial residual plot
     main="States Ranked by SAT Scores Adjusted for Demographics of Takers and Education Expenditure",
    
    Rd file 'case1202.Rd':
     \examples lines wider than 100 characters:
     lines(exp(curveM) ~ dummyYears, lty = 2, lwd=2, col="blue")
    
    These lines will be truncated in the PDF manual.
Flavors: r-devel-linux-x86_64-fedora-clang, r-devel-linux-x86_64-fedora-gcc