CRAN Package Check Results for Package SmarterPoland

Last updated on 2017-10-17 03:49:05.

Flavor Version Tinstall Tcheck Ttotal Status Flags
r-devel-linux-x86_64-debian-clang 1.7 9.73 25.27 35.00 OK
r-devel-linux-x86_64-debian-gcc 1.7 11.59 26.85 38.44 OK
r-devel-linux-x86_64-fedora-clang 1.7 65.37 NOTE
r-devel-linux-x86_64-fedora-gcc 1.7 63.14 NOTE
r-devel-windows-ix86+x86_64 1.7 17.00 52.00 69.00 NOTE
r-patched-linux-x86_64 1.7 9.41 24.65 34.06 OK
r-patched-solaris-x86 1.7 104.40 NOTE
r-release-linux-x86_64 1.7 9.29 24.55 33.84 OK
r-release-windows-ix86+x86_64 1.7 25.00 66.00 91.00 NOTE
r-release-osx-x86_64 1.7 NOTE
r-oldrel-windows-ix86+x86_64 1.7 22.00 64.00 86.00 NOTE
r-oldrel-osx-x86_64 1.7 NOTE

Check Details

Version: 1.7
Check: installed package size
Result: NOTE
     installed size is 8.2Mb
     sub-directories of 1Mb or more:
     data 8.1Mb
Flavors: r-devel-linux-x86_64-fedora-clang, r-devel-linux-x86_64-fedora-gcc, r-devel-windows-ix86+x86_64, r-patched-solaris-x86, r-release-windows-ix86+x86_64, r-release-osx-x86_64, r-oldrel-windows-ix86+x86_64, r-oldrel-osx-x86_64

Version: 1.7
Check: data for non-ASCII characters
Result: NOTE
     Note: found 1122 marked UTF-8 strings
Flavors: r-devel-linux-x86_64-fedora-clang, r-devel-linux-x86_64-fedora-gcc, r-patched-solaris-x86, r-release-osx-x86_64, r-oldrel-osx-x86_64