CRAN Package Check Results for Package SmarterPoland

Last updated on 2017-01-23 17:49:38.

Flavor Version Tinstall Tcheck Ttotal Status Flags
r-devel-linux-x86_64-debian-clang 1.7 9.31 25.00 34.31 OK
r-devel-linux-x86_64-debian-gcc 1.7 9.43 25.36 34.79 OK
r-devel-linux-x86_64-fedora-clang 1.7 62.47 NOTE --no-stop-on-test-error
r-devel-linux-x86_64-fedora-gcc 1.7 62.33 NOTE --no-stop-on-test-error
r-devel-macos-x86_64-clang 1.7 51.69 NOTE --no-stop-on-test-error
r-devel-windows-ix86+x86_64 1.7 17.00 52.00 69.00 NOTE
r-patched-linux-x86_64 1.7 9.49 22.42 31.92 OK
r-patched-solaris-sparc 1.7 473.30 NOTE
r-patched-solaris-x86 1.7 94.90 NOTE
r-release-linux-x86_64 1.7 9.50 22.42 31.92 OK
r-release-osx-x86_64-mavericks 1.7 NOTE
r-release-windows-ix86+x86_64 1.7 27.00 48.00 75.00 NOTE
r-oldrel-windows-ix86+x86_64 1.7 30.00 118.00 148.00 NOTE

Check Details

Version: 1.7
Flags: --no-stop-on-test-error
Check: installed package size
Result: NOTE
     installed size is 8.2Mb
     sub-directories of 1Mb or more:
     data 8.1Mb
Flavors: r-devel-linux-x86_64-fedora-clang, r-devel-linux-x86_64-fedora-gcc, r-devel-macos-x86_64-clang

Version: 1.7
Flags: --no-stop-on-test-error
Check: data for non-ASCII characters
Result: NOTE
     Note: found 1122 marked UTF-8 strings
Flavors: r-devel-linux-x86_64-fedora-clang, r-devel-linux-x86_64-fedora-gcc, r-devel-macos-x86_64-clang

Version: 1.7
Check: installed package size
Result: NOTE
     installed size is 8.2Mb
     sub-directories of 1Mb or more:
     data 8.1Mb
Flavors: r-devel-windows-ix86+x86_64, r-patched-solaris-sparc, r-patched-solaris-x86, r-release-osx-x86_64-mavericks, r-release-windows-ix86+x86_64, r-oldrel-windows-ix86+x86_64

Version: 1.7
Check: data for non-ASCII characters
Result: NOTE
     Note: found 1122 marked UTF-8 strings
Flavors: r-patched-solaris-sparc, r-patched-solaris-x86, r-release-osx-x86_64-mavericks, r-oldrel-windows-ix86+x86_64