CRAN Package Check Results for Package SmarterPoland

Last updated on 2015-03-03 20:48:52.

Flavor Version Tinstall Tcheck Ttotal Status Flags
r-devel-linux-x86_64-debian-clang 1.5 1.68 17.19 18.88 NOTE
r-devel-linux-x86_64-debian-gcc 1.5 1.60 16.53 18.13 NOTE
r-devel-linux-x86_64-fedora-clang 1.5 38.06 NOTE
r-devel-linux-x86_64-fedora-gcc 1.5 34.98 NOTE
r-devel-osx-x86_64-clang 1.5 36.62 NOTE
r-devel-windows-ix86+x86_64 1.5 7.00 38.00 45.00 NOTE
r-patched-linux-x86_64 1.5 2.23 24.60 26.83 NOTE
r-patched-solaris-sparc 1.5 321.90 NOTE
r-patched-solaris-x86 1.5 71.10 NOTE
r-release-linux-ix86 1.5 2.20 31.70 33.90 NOTE
r-release-linux-x86_64 1.5 2.22 24.68 26.90 NOTE
r-release-osx-x86_64-mavericks 1.5 NOTE
r-release-osx-x86_64-snowleopard 1.5 NOTE
r-release-windows-ix86+x86_64 1.5 14.00 63.00 77.00 NOTE
r-oldrel-windows-ix86+x86_64 1.5 9.00 49.00 58.00 NOTE

Check Details

Version: 1.5
Check: data for non-ASCII characters
Result: NOTE
     Note: found 1122 marked UTF-8 strings
Flavors: r-devel-linux-x86_64-debian-clang, r-devel-linux-x86_64-debian-gcc, r-devel-linux-x86_64-fedora-clang, r-devel-linux-x86_64-fedora-gcc, r-devel-osx-x86_64-clang, r-devel-windows-ix86+x86_64, r-patched-linux-x86_64, r-patched-solaris-sparc, r-patched-solaris-x86, r-release-linux-ix86, r-release-linux-x86_64, r-release-osx-x86_64-mavericks, r-release-osx-x86_64-snowleopard, r-release-windows-ix86+x86_64, r-oldrel-windows-ix86+x86_64

Version: 1.5
Check: dependencies in R code
Result: NOTE
    Missing or unexported object: 'SmarterPoland::cities_lon_lat'
    See the information on DESCRIPTION files in the chapter 'Creating R
    packages' of the 'Writing R Extensions' manual.
Flavor: r-oldrel-windows-ix86+x86_64