CRAN Package Check Results for Package SmarterPoland

Last updated on 2016-06-29 23:51:42.

Flavor Version Tinstall Tcheck Ttotal Status Flags
r-devel-linux-x86_64-debian-gcc 1.7 9.69 23.33 33.02 NOTE
r-devel-linux-x86_64-fedora-clang 1.7 57.87 NOTE
r-devel-linux-x86_64-fedora-gcc 1.7 54.85 NOTE
r-devel-osx-x86_64-clang 1.7 45.85 NOTE
r-devel-windows-ix86+x86_64 1.7 18.00 43.00 61.00 NOTE
r-patched-linux-x86_64 1.7 9.08 21.43 30.51 NOTE
r-patched-solaris-sparc 1.7 466.90 NOTE
r-patched-solaris-x86 1.7 96.40 NOTE
r-release-linux-x86_64 1.7 9.02 21.60 30.62 NOTE
r-release-osx-x86_64-mavericks 1.7 NOTE
r-release-windows-ix86+x86_64 1.7 22.00 44.00 66.00 NOTE
r-oldrel-windows-ix86+x86_64 1.7 24.00 46.00 70.00 NOTE

Check Details

Version: 1.7
Check: installed package size
Result: NOTE
     installed size is 8.2Mb
     sub-directories of 1Mb or more:
     data 8.1Mb
Flavors: r-devel-linux-x86_64-debian-gcc, r-devel-linux-x86_64-fedora-clang, r-devel-linux-x86_64-fedora-gcc, r-devel-osx-x86_64-clang, r-devel-windows-ix86+x86_64, r-patched-linux-x86_64, r-patched-solaris-sparc, r-patched-solaris-x86, r-release-linux-x86_64, r-release-osx-x86_64-mavericks, r-release-windows-ix86+x86_64, r-oldrel-windows-ix86+x86_64

Version: 1.7
Check: data for non-ASCII characters
Result: NOTE
     Note: found 1122 marked UTF-8 strings
Flavors: r-devel-linux-x86_64-fedora-clang, r-devel-linux-x86_64-fedora-gcc, r-devel-osx-x86_64-clang, r-patched-solaris-sparc, r-patched-solaris-x86, r-release-osx-x86_64-mavericks, r-oldrel-windows-ix86+x86_64