CRAN Package Check Results for Package SmarterPoland

Last updated on 2014-04-23 17:47:54.

Flavor Version Tinstall Tcheck Ttotal Status Flags
r-devel-linux-x86_64-debian-clang 1.2 1.16 14.56 15.72 NOTE
r-devel-linux-x86_64-debian-gcc 1.2 1.13 14.88 16.01 NOTE
r-devel-linux-x86_64-fedora-clang 1.2 31.01 NOTE
r-devel-linux-x86_64-fedora-gcc 1.2 29.99 NOTE
r-devel-osx-x86_64-clang 1.2 30.48 NOTE
r-devel-osx-x86_64-gcc 1.2 NOTE
r-devel-windows-ix86+x86_64 1.2 4.00 24.00 28.00 NOTE
r-patched-linux-x86_64 1.2 1.11 14.37 15.48 NOTE
r-patched-solaris-sparc 1.2 177.50 NOTE
r-patched-solaris-x86 1.2 45.90 NOTE
r-release-linux-ix86 1.2 2.00 29.00 31.00 NOTE
r-release-linux-x86_64 1.2 1.11 14.70 15.81 NOTE
r-release-osx-x86_64-mavericks 1.2 WARN
r-release-osx-x86_64-snowleopard 1.2 NOTE
r-release-windows-ix86+x86_64 1.2 4.00 24.00 28.00 NOTE
r-oldrel-windows-ix86+x86_64 1.2 1.00 1.00 2.00 ERROR

Check Details

Version: 1.2
Check: dependencies in R code
Result: NOTE
    'library' or 'require' calls to packages already attached by Depends:
     ‘reshape’ ‘rjson’
     Please remove these calls from your code.
    Packages in Depends field not imported from:
     ‘reshape’ ‘rjson’
     These packages need to be imported from (in the NAMESPACE file)
     for when this namespace is loaded but not attached.
    See the information on DESCRIPTION files in the chapter ‘Creating R
    packages’ of the ‘Writing R Extensions’ manual.
Flavors: r-devel-linux-x86_64-debian-clang, r-devel-linux-x86_64-debian-gcc, r-devel-linux-x86_64-fedora-clang, r-devel-linux-x86_64-fedora-gcc, r-devel-osx-x86_64-clang, r-devel-osx-x86_64-gcc, r-devel-windows-ix86+x86_64, r-patched-linux-x86_64, r-patched-solaris-sparc, r-patched-solaris-x86, r-release-linux-ix86, r-release-linux-x86_64, r-release-osx-x86_64-mavericks, r-release-windows-ix86+x86_64

Version: 1.2
Check: Rd line widths
Result: NOTE
    Rd file 'getGoogleMapsAddress.Rd':
     \usage lines wider than 90 characters:
     getGoogleMapsAddress(street = "Banacha 2", city = "Warszawa", country="Poland", positionOnly = TRUE, delay=1)
    
    These lines will be truncated in the PDF manual.
Flavors: r-devel-linux-x86_64-fedora-clang, r-devel-linux-x86_64-fedora-gcc

Version: 1.2
Check: PDF version of manual
Result: WARNING
    LaTeX errors when creating PDF version.
    This typically indicates Rd problems.
    LaTeX errors found:
    ! LaTeX Error: File `upquote.sty' not found.
    
    Type X to quit or <RETURN> to proceed,
    or enter new name. (Default extension: sty)
    
    dfb53cf/Rd2.tex:8: ==> Fatal error occurred, no output PDF file produced!
Flavor: r-release-osx-x86_64-mavericks

Version: 1.2
Check: dependencies in R code
Result: NOTE
    'library' or 'require' calls to packages already attached by Depends:
     'reshape' 'rjson'
     Please remove these calls from your code.
    See the information on DESCRIPTION files in the chapter 'Creating R
    packages' of the 'Writing R Extensions' manual.
Flavor: r-release-osx-x86_64-snowleopard

Version: 1.2
Check: whether package can be installed
Result: ERROR
    Installation failed.
    See 'd:/Rcompile/CRANpkg/local/3.0/SmarterPoland.Rcheck/00install.out' for details.
Flavor: r-oldrel-windows-ix86+x86_64