CRAN Package Check Results for Package SmarterPoland

Last updated on 2014-07-30 09:47:58.

Flavor Version Tinstall Tcheck Ttotal Status Flags
r-devel-linux-x86_64-debian-clang 1.2 1.05 13.71 14.76 NOTE
r-devel-linux-x86_64-debian-gcc 1.2 1.46 13.75 15.22 NOTE
r-devel-linux-x86_64-fedora-clang 1.2 31.45 NOTE
r-devel-linux-x86_64-fedora-gcc 1.2 28.55 NOTE
r-devel-osx-x86_64-clang 1.2 32.01 NOTE
r-devel-windows-ix86+x86_64 1.2 3.00 23.00 26.00 NOTE
r-patched-linux-x86_64 1.2 1.04 13.77 14.81 NOTE
r-patched-solaris-sparc 1.2 177.50 NOTE
r-patched-solaris-x86 1.2 42.70 NOTE
r-release-linux-ix86 1.2 1.41 20.06 21.46 NOTE
r-release-linux-x86_64 1.2 1.36 14.70 16.06 NOTE
r-release-osx-x86_64-mavericks 1.2 NOTE
r-release-osx-x86_64-snowleopard 1.2 NOTE
r-release-windows-ix86+x86_64 1.2 4.00 23.00 27.00 NOTE
r-oldrel-windows-ix86+x86_64 1.2 5.00 24.00 29.00 NOTE

Check Details

Version: 1.2
Check: dependencies in R code
Result: NOTE
    'library' or 'require' calls to packages already attached by Depends:
     reshape rjson
     Please remove these calls from your code.
    Packages in Depends field not imported from:
     reshape rjson
     These packages need to be imported from (in the NAMESPACE file)
     for when this namespace is loaded but not attached.
    See the information on DESCRIPTION files in the chapter Creating R
    packages of the Writing R Extensions manual.
Flavors: r-devel-linux-x86_64-debian-clang, r-devel-linux-x86_64-debian-gcc, r-devel-linux-x86_64-fedora-clang, r-devel-linux-x86_64-fedora-gcc, r-devel-osx-x86_64-clang, r-devel-windows-ix86+x86_64, r-patched-linux-x86_64, r-patched-solaris-sparc, r-patched-solaris-x86, r-release-linux-ix86, r-release-linux-x86_64, r-release-osx-x86_64-mavericks, r-release-windows-ix86+x86_64, r-oldrel-windows-ix86+x86_64

Version: 1.2
Check: Rd line widths
Result: NOTE
    Rd file 'getGoogleMapsAddress.Rd':
     \usage lines wider than 90 characters:
     getGoogleMapsAddress(street = "Banacha 2", city = "Warszawa", country="Poland", positionOnly = TRUE, delay=1)
    
    These lines will be truncated in the PDF manual.
Flavors: r-devel-linux-x86_64-fedora-clang, r-devel-linux-x86_64-fedora-gcc

Version: 1.2
Check: dependencies in R code
Result: NOTE
    'library' or 'require' calls to packages already attached by Depends:
     'reshape' 'rjson'
     Please remove these calls from your code.
    See the information on DESCRIPTION files in the chapter 'Creating R
    packages' of the 'Writing R Extensions' manual.
Flavor: r-release-osx-x86_64-snowleopard