CRAN Package Check Results for Package SmarterPoland

Last updated on 2016-05-01 03:49:00.

Flavor Version Tinstall Tcheck Ttotal Status Flags
r-devel-linux-x86_64-debian-gcc 1.7 9.08 21.46 30.54 NOTE
r-devel-linux-x86_64-fedora-clang 1.7 55.90 NOTE
r-devel-linux-x86_64-fedora-gcc 1.7 54.70 NOTE
r-devel-osx-x86_64-clang 1.7 65.24 NOTE
r-devel-windows-ix86+x86_64 1.7 18.00 44.00 62.00 NOTE
r-patched-linux-x86_64 1.7 8.99 21.71 30.70 NOTE
r-patched-solaris-sparc 1.7 428.00 NOTE
r-patched-solaris-x86 1.7 92.90 NOTE
r-release-linux-x86_64 1.7 9.24 23.43 32.68 NOTE
r-release-osx-x86_64-mavericks 1.7 NOTE
r-release-windows-ix86+x86_64 1.7 22.00 54.00 76.00 NOTE
r-oldrel-windows-ix86+x86_64 1.7 28.00 79.00 107.00 NOTE

Check Details

Version: 1.7
Check: installed package size
Result: NOTE
     installed size is 8.2Mb
     sub-directories of 1Mb or more:
     data 8.1Mb
Flavors: r-devel-linux-x86_64-debian-gcc, r-devel-linux-x86_64-fedora-clang, r-devel-linux-x86_64-fedora-gcc, r-devel-osx-x86_64-clang, r-devel-windows-ix86+x86_64, r-patched-linux-x86_64, r-patched-solaris-sparc, r-patched-solaris-x86, r-release-linux-x86_64, r-release-osx-x86_64-mavericks, r-release-windows-ix86+x86_64, r-oldrel-windows-ix86+x86_64

Version: 1.7
Check: data for non-ASCII characters
Result: NOTE
     Note: found 1122 marked UTF-8 strings
Flavors: r-devel-linux-x86_64-fedora-clang, r-devel-linux-x86_64-fedora-gcc, r-devel-osx-x86_64-clang, r-patched-solaris-sparc, r-patched-solaris-x86, r-release-linux-x86_64, r-release-osx-x86_64-mavericks, r-release-windows-ix86+x86_64, r-oldrel-windows-ix86+x86_64