CRAN Package Check Results for Package SmarterPoland

Last updated on 2017-03-25 06:48:16.

Flavor Version Tinstall Tcheck Ttotal Status Flags
r-devel-linux-x86_64-debian-clang 1.7 9.20 25.04 34.25 OK
r-devel-linux-x86_64-debian-gcc 1.7 9.36 24.89 34.26 OK
r-devel-linux-x86_64-fedora-clang 1.7 61.89 NOTE --no-stop-on-test-error
r-devel-linux-x86_64-fedora-gcc 1.7 61.67 NOTE --no-stop-on-test-error
r-devel-macos-x86_64-clang 1.7 51.59 NOTE --no-stop-on-test-error
r-patched-linux-x86_64 1.7 9.92 22.82 32.74 OK
r-patched-solaris-sparc 1.7 484.00 NOTE
r-patched-solaris-x86 1.7 104.30 NOTE
r-release-linux-x86_64 1.7 9.18 22.16 31.34 OK
r-release-osx-x86_64-mavericks 1.7 NOTE
r-release-windows-ix86+x86_64 1.7 21.00 50.00 71.00 NOTE
r-oldrel-windows-ix86+x86_64 1.7 16.00 49.00 65.00 NOTE

Check Details

Version: 1.7
Flags: --no-stop-on-test-error
Check: installed package size
Result: NOTE
     installed size is 8.2Mb
     sub-directories of 1Mb or more:
     data 8.1Mb
Flavors: r-devel-linux-x86_64-fedora-clang, r-devel-linux-x86_64-fedora-gcc, r-devel-macos-x86_64-clang

Version: 1.7
Flags: --no-stop-on-test-error
Check: data for non-ASCII characters
Result: NOTE
     Note: found 1122 marked UTF-8 strings
Flavors: r-devel-linux-x86_64-fedora-clang, r-devel-linux-x86_64-fedora-gcc, r-devel-macos-x86_64-clang

Version: 1.7
Check: installed package size
Result: NOTE
     installed size is 8.2Mb
     sub-directories of 1Mb or more:
     data 8.1Mb
Flavors: r-patched-solaris-sparc, r-patched-solaris-x86, r-release-osx-x86_64-mavericks, r-release-windows-ix86+x86_64, r-oldrel-windows-ix86+x86_64

Version: 1.7
Check: data for non-ASCII characters
Result: NOTE
     Note: found 1122 marked UTF-8 strings
Flavors: r-patched-solaris-sparc, r-patched-solaris-x86, r-release-osx-x86_64-mavericks, r-oldrel-windows-ix86+x86_64