CRAN Package Check Results for Package SmarterPoland

Last updated on 2016-02-06 11:48:33.

Flavor Version Tinstall Tcheck Ttotal Status Flags
r-devel-linux-x86_64-debian-gcc 1.5 1.09 14.83 15.92 NOTE
r-devel-linux-x86_64-fedora-clang 1.5 30.17 NOTE
r-devel-linux-x86_64-fedora-gcc 1.5 27.99 NOTE
r-devel-osx-x86_64-clang 1.5 33.65 NOTE
r-devel-windows-ix86+x86_64 1.5 7.00 32.00 39.00 NOTE
r-patched-linux-x86_64 1.5 1.22 16.26 17.49 NOTE
r-patched-solaris-sparc 1.5 207.90 NOTE
r-patched-solaris-x86 1.5 44.30 NOTE
r-release-linux-x86_64 1.5 1.24 16.16 17.41 NOTE
r-release-osx-x86_64-mavericks 1.5 NOTE
r-release-windows-ix86+x86_64 1.5 6.00 29.00 35.00 NOTE
r-oldrel-windows-ix86+x86_64 1.5 12.00 52.00 64.00 NOTE

Check Details

Version: 1.5
Check: R code for possible problems
Result: NOTE
    getEurostatDictionary: no visible global function definition for
     ‘read.table’
    getEurostatRaw: no visible global function definition for
     ‘download.file’
    getEurostatRaw: no visible global function definition for ‘read.table’
    plotGradeStat: no visible global function definition for ‘par’
    plotGradeStat: no visible global function definition for ‘plot’
    plotGradeStat: no visible global function definition for ‘abline’
    plotGradeStat: no visible global function definition for ‘text’
    plotGradeStat: no visible global function definition for ‘points’
    plotGradeStat2D: no visible global function definition for ‘addmargins’
    plotGradeStat2D: no visible global function definition for ‘plot’
    plotGradeStat2D: no visible global function definition for ‘abline’
    plotGradeStat2D: no visible global function definition for ‘points’
    plotGradeStat2D: no visible global function definition for ‘legend’
    plotGradeStat2D: no visible global function definition for ‘par’
    plotGradeStat2D: no visible global function definition for ‘text’
    plotGradeStat2D2: no visible global function definition for ‘par’
    setEurostatTOC: no visible global function definition for ‘read.table’
    Undefined global functions or variables:
     abline addmargins download.file legend par plot points read.table
     text
    Consider adding
     importFrom("graphics", "abline", "legend", "par", "plot", "points",
     "text")
     importFrom("stats", "addmargins")
     importFrom("utils", "download.file", "read.table")
    to your NAMESPACE.
Flavors: r-devel-linux-x86_64-debian-gcc, r-devel-linux-x86_64-fedora-clang, r-devel-linux-x86_64-fedora-gcc, r-devel-windows-ix86+x86_64

Version: 1.5
Check: data for non-ASCII characters
Result: NOTE
     Note: found 1122 marked UTF-8 strings
Flavors: r-devel-linux-x86_64-fedora-clang, r-devel-linux-x86_64-fedora-gcc, r-devel-osx-x86_64-clang, r-patched-linux-x86_64, r-patched-solaris-sparc, r-patched-solaris-x86, r-release-linux-x86_64, r-release-osx-x86_64-mavericks, r-release-windows-ix86+x86_64, r-oldrel-windows-ix86+x86_64

Version: 1.5
Check: R code for possible problems
Result: NOTE
    getEurostatDictionary: no visible global function definition for
     ‘read.table’
    getEurostatRaw: no visible global function definition for
     ‘download.file’
    getEurostatRaw: no visible global function definition for ‘read.table’
    plotGradeStat: no visible global function definition for ‘par’
    plotGradeStat: no visible global function definition for ‘plot’
    plotGradeStat: no visible global function definition for ‘abline’
    plotGradeStat: no visible global function definition for ‘text’
    plotGradeStat: no visible global function definition for ‘points’
    plotGradeStat2D: no visible global function definition for ‘addmargins’
    plotGradeStat2D: no visible global function definition for ‘plot’
    plotGradeStat2D: no visible global function definition for ‘abline’
    plotGradeStat2D: no visible global function definition for ‘points’
    plotGradeStat2D: no visible global function definition for ‘legend’
    plotGradeStat2D: no visible global function definition for ‘par’
    plotGradeStat2D: no visible global function definition for ‘text’
    plotGradeStat2D2: no visible global function definition for ‘par’
    setEurostatTOC: no visible global function definition for ‘read.table’
    Undefined global functions or variables:
     abline addmargins download.file legend par plot points read.table
     text
    Consider adding
     importFrom("graphics", "abline", "legend", "par", "plot", "points",
     "text")
     importFrom("stats", "addmargins")
     importFrom("utils", "download.file", "read.table")
    to your NAMESPACE file.
Flavor: r-devel-osx-x86_64-clang