CRAN Package Check Results for Package SmarterPoland

Last updated on 2017-12-15 04:47:43 CET.

Flavor Version Tinstall Tcheck Ttotal Status Flags
r-devel-linux-x86_64-debian-clang 1.7 12.33 33.18 45.51 OK
r-devel-linux-x86_64-debian-gcc 1.7 10.48 30.81 41.29 OK
r-devel-linux-x86_64-fedora-clang 1.7 62.70 NOTE
r-devel-linux-x86_64-fedora-gcc 1.7 61.32 NOTE
r-devel-windows-ix86+x86_64 1.7 15.00 47.00 62.00 NOTE
r-patched-linux-x86_64 1.7 11.15 36.57 47.72 OK
r-patched-solaris-x86 1.7 101.90 NOTE
r-release-linux-x86_64 1.7 12.42 36.85 49.27 OK
r-release-windows-ix86+x86_64 1.7 19.00 46.00 65.00 NOTE
r-release-osx-x86_64 1.7 NOTE
r-oldrel-windows-ix86+x86_64 1.7 15.00 67.00 82.00 NOTE
r-oldrel-osx-x86_64 1.7 NOTE

Check Details

Version: 1.7
Check: installed package size
Result: NOTE
     installed size is 8.2Mb
     sub-directories of 1Mb or more:
     data 8.1Mb
Flavors: r-devel-linux-x86_64-fedora-clang, r-devel-linux-x86_64-fedora-gcc, r-devel-windows-ix86+x86_64, r-patched-solaris-x86, r-release-windows-ix86+x86_64, r-release-osx-x86_64, r-oldrel-windows-ix86+x86_64, r-oldrel-osx-x86_64

Version: 1.7
Check: data for non-ASCII characters
Result: NOTE
     Note: found 1122 marked UTF-8 strings
Flavors: r-devel-linux-x86_64-fedora-clang, r-devel-linux-x86_64-fedora-gcc, r-patched-solaris-x86, r-release-osx-x86_64, r-oldrel-osx-x86_64