CRAN Package Check Results for Package SmarterPoland

Last updated on 2017-08-17 09:47:26.

Flavor Version Tinstall Tcheck Ttotal Status Flags
r-devel-linux-x86_64-debian-clang 1.7 9.62 25.24 34.86 OK
r-devel-linux-x86_64-debian-gcc 1.7 9.37 24.32 33.69 OK
r-devel-linux-x86_64-fedora-clang 1.7 63.24 NOTE
r-devel-linux-x86_64-fedora-gcc 1.7 63.48 NOTE
r-devel-windows-ix86+x86_64 1.7 17.00 46.00 63.00 NOTE
r-patched-linux-x86_64 1.7 9.15 25.22 34.37 OK
r-patched-solaris-x86 1.7 104.30 NOTE
r-release-linux-x86_64 1.7 9.33 24.70 34.04 OK
r-release-windows-ix86+x86_64 1.7 17.00 53.00 70.00 NOTE
r-release-osx-x86_64 1.7 NOTE
r-oldrel-windows-ix86+x86_64 1.7 16.00 42.00 58.00 NOTE
r-oldrel-osx-x86_64 1.7 NOTE

Check Details

Version: 1.7
Check: installed package size
Result: NOTE
     installed size is 8.2Mb
     sub-directories of 1Mb or more:
     data 8.1Mb
Flavors: r-devel-linux-x86_64-fedora-clang, r-devel-linux-x86_64-fedora-gcc, r-devel-windows-ix86+x86_64, r-patched-solaris-x86, r-release-windows-ix86+x86_64, r-release-osx-x86_64, r-oldrel-windows-ix86+x86_64, r-oldrel-osx-x86_64

Version: 1.7
Check: data for non-ASCII characters
Result: NOTE
     Note: found 1122 marked UTF-8 strings
Flavors: r-devel-linux-x86_64-fedora-clang, r-devel-linux-x86_64-fedora-gcc, r-patched-solaris-x86, r-release-osx-x86_64, r-oldrel-osx-x86_64