CRAN Package Check Results for Package SmarterPoland

Last updated on 2017-02-25 17:47:51.

Flavor Version Tinstall Tcheck Ttotal Status Flags
r-devel-linux-x86_64-debian-clang 1.7 9.76 24.92 34.69 OK
r-devel-linux-x86_64-debian-gcc 1.7 9.34 25.38 34.72 OK
r-devel-linux-x86_64-fedora-clang 1.7 62.39 NOTE --no-stop-on-test-error
r-devel-linux-x86_64-fedora-gcc 1.7 61.67 NOTE --no-stop-on-test-error
r-devel-macos-x86_64-clang 1.7 52.27 NOTE --no-stop-on-test-error
r-devel-windows-ix86+x86_64 1.7 24.00 69.00 93.00 NOTE
r-patched-linux-x86_64 1.7 9.09 22.47 31.56 OK
r-patched-solaris-sparc 1.7 473.30 NOTE
r-patched-solaris-x86 1.7 95.60 NOTE
r-release-linux-x86_64 1.7 9.48 22.21 31.69 OK
r-release-osx-x86_64-mavericks 1.7 NOTE
r-release-windows-ix86+x86_64 1.7 24.00 43.00 67.00 NOTE
r-oldrel-windows-ix86+x86_64 1.7 24.00 62.00 86.00 NOTE

Check Details

Version: 1.7
Flags: --no-stop-on-test-error
Check: installed package size
Result: NOTE
     installed size is 8.2Mb
     sub-directories of 1Mb or more:
     data 8.1Mb
Flavors: r-devel-linux-x86_64-fedora-clang, r-devel-linux-x86_64-fedora-gcc, r-devel-macos-x86_64-clang

Version: 1.7
Flags: --no-stop-on-test-error
Check: data for non-ASCII characters
Result: NOTE
     Note: found 1122 marked UTF-8 strings
Flavors: r-devel-linux-x86_64-fedora-clang, r-devel-linux-x86_64-fedora-gcc, r-devel-macos-x86_64-clang

Version: 1.7
Check: installed package size
Result: NOTE
     installed size is 8.2Mb
     sub-directories of 1Mb or more:
     data 8.1Mb
Flavors: r-devel-windows-ix86+x86_64, r-patched-solaris-sparc, r-patched-solaris-x86, r-release-osx-x86_64-mavericks, r-release-windows-ix86+x86_64, r-oldrel-windows-ix86+x86_64

Version: 1.7
Check: data for non-ASCII characters
Result: NOTE
     Note: found 1122 marked UTF-8 strings
Flavors: r-patched-solaris-sparc, r-patched-solaris-x86, r-release-osx-x86_64-mavericks, r-oldrel-windows-ix86+x86_64