CRAN Package Check Results for Package SmarterPoland

Last updated on 2015-05-27 05:47:53.

Flavor Version Tinstall Tcheck Ttotal Status Flags
r-devel-linux-x86_64-debian-clang 1.5 1.23 17.38 18.62 NOTE
r-devel-linux-x86_64-debian-gcc 1.5 1.23 16.93 18.16 NOTE
r-devel-linux-x86_64-fedora-clang 1.5 37.24 NOTE
r-devel-linux-x86_64-fedora-gcc 1.5 36.26 NOTE
r-devel-osx-x86_64-clang 1.5 37.05 NOTE
r-devel-windows-ix86+x86_64 1.5 5.00 30.00 35.00 NOTE
r-patched-linux-x86_64 1.5 1.22 17.44 18.66 NOTE
r-patched-solaris-sparc 1.5 224.10 NOTE
r-patched-solaris-x86 1.5 55.60 NOTE
r-release-linux-x86_64 1.5 1.29 17.06 18.36 NOTE
r-release-osx-x86_64-mavericks 1.5 NOTE
r-release-osx-x86_64-snowleopard 1.5 ERROR
r-release-windows-ix86+x86_64 1.5 5.00 32.00 37.00 NOTE
r-oldrel-windows-ix86+x86_64 1.5 8.00 51.00 59.00 NOTE

Check Details

Version: 1.5
Check: data for non-ASCII characters
Result: NOTE
     Note: found 1122 marked UTF-8 strings
Flavors: r-devel-linux-x86_64-debian-clang, r-devel-linux-x86_64-debian-gcc, r-devel-linux-x86_64-fedora-clang, r-devel-linux-x86_64-fedora-gcc, r-devel-osx-x86_64-clang, r-devel-windows-ix86+x86_64, r-patched-linux-x86_64, r-patched-solaris-sparc, r-patched-solaris-x86, r-release-linux-x86_64, r-release-osx-x86_64-mavericks, r-release-windows-ix86+x86_64, r-oldrel-windows-ix86+x86_64

Version: 1.5
Check: package dependencies
Result: ERROR
    Package required but not available: ‘ggplot2’
    
    See section ‘The DESCRIPTION file’ in the ‘Writing R Extensions’
    manual.
Flavor: r-release-osx-x86_64-snowleopard