CRAN Package Check Results for Package SmarterPoland

Last updated on 2016-12-08 03:54:39.

Flavor Version Tinstall Tcheck Ttotal Status Flags
r-devel-linux-x86_64-debian-clang 1.7 9.24 24.75 33.99 OK
r-devel-linux-x86_64-debian-gcc 1.7 9.59 24.36 33.95 OK
r-devel-linux-x86_64-fedora-clang 1.7 67.22 NOTE --no-stop-on-test-error
r-devel-linux-x86_64-fedora-gcc 1.7 62.60 NOTE --no-stop-on-test-error
r-devel-macos-x86_64-clang 1.7 52.68 NOTE
r-devel-windows-ix86+x86_64 1.7 16.00 48.00 64.00 NOTE
r-patched-linux-x86_64 1.7 9.55 22.16 31.70 OK
r-patched-solaris-sparc 1.7 518.00 NOTE
r-patched-solaris-x86 1.7 94.30 NOTE
r-release-linux-x86_64 1.7 9.28 22.17 31.45 OK
r-release-osx-x86_64-mavericks 1.7 NOTE
r-release-windows-ix86+x86_64 1.7 14.00 45.00 59.00 NOTE
r-oldrel-windows-ix86+x86_64 1.7 25.00 64.00 89.00 NOTE

Check Details

Version: 1.7
Flags: --no-stop-on-test-error
Check: installed package size
Result: NOTE
     installed size is 8.2Mb
     sub-directories of 1Mb or more:
     data 8.1Mb
Flavors: r-devel-linux-x86_64-fedora-clang, r-devel-linux-x86_64-fedora-gcc

Version: 1.7
Flags: --no-stop-on-test-error
Check: data for non-ASCII characters
Result: NOTE
     Note: found 1122 marked UTF-8 strings
Flavors: r-devel-linux-x86_64-fedora-clang, r-devel-linux-x86_64-fedora-gcc

Version: 1.7
Check: installed package size
Result: NOTE
     installed size is 8.2Mb
     sub-directories of 1Mb or more:
     data 8.1Mb
Flavors: r-devel-macos-x86_64-clang, r-devel-windows-ix86+x86_64, r-patched-solaris-sparc, r-patched-solaris-x86, r-release-osx-x86_64-mavericks, r-release-windows-ix86+x86_64, r-oldrel-windows-ix86+x86_64

Version: 1.7
Check: data for non-ASCII characters
Result: NOTE
     Note: found 1122 marked UTF-8 strings
Flavors: r-devel-macos-x86_64-clang, r-patched-solaris-sparc, r-patched-solaris-x86, r-release-osx-x86_64-mavericks, r-oldrel-windows-ix86+x86_64