CRAN Package Check Results for Package SmarterPoland

Last updated on 2015-08-03 03:48:00.

Flavor Version Tinstall Tcheck Ttotal Status Flags
r-devel-linux-x86_64-debian-clang 1.5 1.28 17.38 18.67 NOTE
r-devel-linux-x86_64-debian-gcc 1.5 1.23 16.89 18.12 NOTE
r-devel-linux-x86_64-fedora-clang 1.5 38.50 NOTE
r-devel-linux-x86_64-fedora-gcc 1.5 38.88 NOTE
r-devel-osx-x86_64-clang 1.5 34.47 NOTE
r-devel-windows-ix86+x86_64 1.5 5.00 33.00 38.00 NOTE
r-patched-linux-x86_64 1.5 1.30 17.08 18.38 NOTE
r-patched-solaris-sparc 1.5 257.50 NOTE
r-patched-solaris-x86 1.5 57.70 NOTE
r-release-linux-x86_64 1.5 1.25 17.59 18.84 NOTE
r-release-osx-x86_64-mavericks 1.5 NOTE
r-release-windows-ix86+x86_64 1.5 7.00 33.00 40.00 NOTE
r-oldrel-windows-ix86+x86_64 1.5 14.00 59.00 73.00 NOTE

Check Details

Version: 1.5
Check: R code for possible problems
Result: NOTE
    getEurostatDictionary: no visible global function definition for
     ‘read.table’
    getEurostatRaw: no visible global function definition for
     ‘download.file’
    getEurostatRaw: no visible global function definition for ‘read.table’
    plotGradeStat: no visible global function definition for ‘par’
    plotGradeStat: no visible global function definition for ‘plot’
    plotGradeStat: no visible global function definition for ‘abline’
    plotGradeStat: no visible global function definition for ‘text’
    plotGradeStat: no visible global function definition for ‘points’
    plotGradeStat2D: no visible global function definition for ‘addmargins’
    plotGradeStat2D: no visible global function definition for ‘plot’
    plotGradeStat2D: no visible global function definition for ‘abline’
    plotGradeStat2D: no visible global function definition for ‘points’
    plotGradeStat2D: no visible global function definition for ‘legend’
    plotGradeStat2D: no visible global function definition for ‘par’
    plotGradeStat2D: no visible global function definition for ‘text’
    plotGradeStat2D2: no visible global function definition for ‘par’
    setEurostatTOC: no visible global function definition for ‘read.table’
    Undefined global functions or variables:
     abline addmargins download.file legend par plot points read.table
     text
    Consider adding
     importFrom("graphics", "abline", "legend", "par", "plot", "points",
     "text")
     importFrom("stats", "addmargins")
     importFrom("utils", "download.file", "read.table")
    to your NAMESPACE.
Flavors: r-devel-linux-x86_64-debian-clang, r-devel-linux-x86_64-debian-gcc, r-devel-linux-x86_64-fedora-clang, r-devel-linux-x86_64-fedora-gcc, r-devel-windows-ix86+x86_64

Version: 1.5
Check: data for non-ASCII characters
Result: NOTE
     Note: found 1122 marked UTF-8 strings
Flavors: r-devel-linux-x86_64-debian-clang, r-devel-linux-x86_64-debian-gcc, r-devel-linux-x86_64-fedora-clang, r-devel-linux-x86_64-fedora-gcc, r-devel-osx-x86_64-clang, r-devel-windows-ix86+x86_64, r-patched-linux-x86_64, r-patched-solaris-sparc, r-patched-solaris-x86, r-release-linux-x86_64, r-release-osx-x86_64-mavericks, r-release-windows-ix86+x86_64, r-oldrel-windows-ix86+x86_64