CRAN Package Check Results for Package SmarterPoland

Last updated on 2015-01-31 19:51:36.

Flavor Version Tinstall Tcheck Ttotal Status Flags
r-devel-linux-x86_64-debian-clang 1.5 1.28 16.72 17.99 NOTE
r-devel-linux-x86_64-debian-gcc 1.5 1.27 17.09 18.36 NOTE
r-devel-linux-x86_64-fedora-clang 1.5 22.12 NOTE
r-devel-linux-x86_64-fedora-gcc 1.5 20.78 NOTE
r-devel-osx-x86_64-clang 1.5 41.95 NOTE
r-devel-windows-ix86+x86_64 1.5 8.00 54.00 62.00 NOTE
r-patched-linux-x86_64 1.5 1.80 24.22 26.02 NOTE
r-patched-solaris-sparc 1.5 271.90 NOTE
r-patched-solaris-x86 1.5 58.70 NOTE
r-release-linux-ix86 1.2 1.35 20.44 21.79 NOTE
r-release-linux-x86_64 1.2 1.42 14.18 15.60 NOTE
r-release-osx-x86_64-mavericks 1.5 NOTE
r-release-osx-x86_64-snowleopard 1.5 NOTE
r-release-windows-ix86+x86_64 1.5 10.00 48.00 58.00 NOTE
r-oldrel-windows-ix86+x86_64 1.5 10.00 55.00 65.00 NOTE

Check Details

Version: 1.5
Check: data for non-ASCII characters
Result: NOTE
     Note: found 1122 marked UTF-8 strings
Flavors: r-devel-linux-x86_64-debian-clang, r-devel-linux-x86_64-debian-gcc, r-devel-linux-x86_64-fedora-clang, r-devel-linux-x86_64-fedora-gcc, r-devel-osx-x86_64-clang, r-devel-windows-ix86+x86_64, r-patched-linux-x86_64, r-patched-solaris-sparc, r-patched-solaris-x86, r-release-osx-x86_64-mavericks, r-release-osx-x86_64-snowleopard, r-release-windows-ix86+x86_64, r-oldrel-windows-ix86+x86_64

Version: 1.2
Check: dependencies in R code
Result: NOTE
    'library' or 'require' calls to packages already attached by Depends:
     ‘reshape’ ‘rjson’
     Please remove these calls from your code.
    Packages in Depends field not imported from:
     ‘reshape’ ‘rjson’
     These packages need to be imported from (in the NAMESPACE file)
     for when this namespace is loaded but not attached.
    See the information on DESCRIPTION files in the chapter ‘Creating R
    packages’ of the ‘Writing R Extensions’ manual.
Flavors: r-release-linux-ix86, r-release-linux-x86_64

Version: 1.2
Check: R code for possible problems
Result: NOTE
    getEurostatRCV: no visible global function definition for ‘melt’
    getGoogleMapsSignleAddress: no visible global function definition for
     ‘fromJSON’
Flavors: r-release-linux-ix86, r-release-linux-x86_64

Version: 1.2
Check: Rd line widths
Result: NOTE
    Rd file 'getGoogleMapsAddress.Rd':
     \usage lines wider than 90 characters:
     getGoogleMapsAddress(street = "Banacha 2", city = "Warszawa", country="Poland", positionOnly = TRUE, delay=1)
    
    These lines will be truncated in the PDF manual.
Flavors: r-release-linux-ix86, r-release-linux-x86_64

Version: 1.5
Check: dependencies in R code
Result: NOTE
    Missing or unexported object: 'SmarterPoland::cities_lon_lat'
    See the information on DESCRIPTION files in the chapter 'Creating R
    packages' of the 'Writing R Extensions' manual.
Flavor: r-oldrel-windows-ix86+x86_64