CRAN Package Check Results for Package SmarterPoland

Last updated on 2018-05-27 02:47:01 CEST.

Flavor Version Tinstall Tcheck Ttotal Status Flags
r-devel-linux-x86_64-debian-clang 1.7 14.39 41.52 55.91 OK
r-devel-linux-x86_64-debian-gcc 1.7 11.67 33.16 44.83 OK
r-devel-linux-x86_64-fedora-clang 1.7 69.44 NOTE
r-devel-linux-x86_64-fedora-gcc 1.7 66.11 NOTE
r-devel-windows-ix86+x86_64 1.7 18.00 55.00 73.00 NOTE
r-patched-linux-x86_64 1.7 12.75 38.57 51.32 OK
r-patched-solaris-x86 1.7 115.10 NOTE
r-release-linux-x86_64 1.7 12.32 38.31 50.63 OK
r-release-windows-ix86+x86_64 1.7 22.00 72.00 94.00 NOTE
r-release-osx-x86_64 1.7 NOTE
r-oldrel-windows-ix86+x86_64 1.7 25.00 51.00 76.00 NOTE
r-oldrel-osx-x86_64 1.7 NOTE

Check Details

Version: 1.7
Check: installed package size
Result: NOTE
     installed size is 8.2Mb
     sub-directories of 1Mb or more:
     data 8.1Mb
Flavors: r-devel-linux-x86_64-fedora-clang, r-devel-linux-x86_64-fedora-gcc, r-devel-windows-ix86+x86_64, r-patched-solaris-x86, r-release-windows-ix86+x86_64, r-release-osx-x86_64, r-oldrel-windows-ix86+x86_64, r-oldrel-osx-x86_64

Version: 1.7
Check: data for non-ASCII characters
Result: NOTE
     Note: found 1122 marked UTF-8 strings
Flavors: r-devel-linux-x86_64-fedora-clang, r-devel-linux-x86_64-fedora-gcc, r-patched-solaris-x86, r-release-osx-x86_64, r-oldrel-osx-x86_64