CRAN Package Check Results for Package SmarterPoland

Last updated on 2017-06-28 18:47:16.

Flavor Version Tinstall Tcheck Ttotal Status Flags
r-devel-linux-x86_64-debian-clang 1.7 9.03 25.32 34.34 OK
r-devel-linux-x86_64-debian-gcc 1.7 9.41 23.24 32.65 OK
r-devel-linux-x86_64-fedora-clang 1.7 63.21 NOTE
r-devel-linux-x86_64-fedora-gcc 1.7 62.07 NOTE
r-devel-windows-ix86+x86_64 1.7 19.00 48.00 67.00 NOTE
r-patched-linux-x86_64 1.7 9.48 24.59 34.07 OK
r-patched-solaris-sparc 1.7 484.00 NOTE
r-patched-solaris-x86 1.7 103.50 NOTE
r-release-linux-x86_64 1.7 9.38 24.79 34.17 OK
r-release-windows-ix86+x86_64 1.7 21.00 67.00 88.00 NOTE
r-release-osx-x86_64 1.7 NOTE
r-oldrel-windows-ix86+x86_64 1.7 21.00 65.00 86.00 NOTE
r-oldrel-osx-x86_64 1.7 NOTE

Check Details

Version: 1.7
Check: installed package size
Result: NOTE
     installed size is 8.2Mb
     sub-directories of 1Mb or more:
     data 8.1Mb
Flavors: r-devel-linux-x86_64-fedora-clang, r-devel-linux-x86_64-fedora-gcc, r-devel-windows-ix86+x86_64, r-patched-solaris-sparc, r-patched-solaris-x86, r-release-windows-ix86+x86_64, r-release-osx-x86_64, r-oldrel-windows-ix86+x86_64, r-oldrel-osx-x86_64

Version: 1.7
Check: data for non-ASCII characters
Result: NOTE
     Note: found 1122 marked UTF-8 strings
Flavors: r-devel-linux-x86_64-fedora-clang, r-devel-linux-x86_64-fedora-gcc, r-patched-solaris-sparc, r-patched-solaris-x86, r-release-osx-x86_64, r-oldrel-osx-x86_64