CRAN Package Check Results for Package SmarterPoland

Last updated on 2017-04-30 23:51:56.

Flavor Version Tinstall Tcheck Ttotal Status Flags
r-devel-linux-x86_64-debian-clang 1.7 9.11 24.88 33.98 OK
r-devel-linux-x86_64-debian-gcc 1.7 9.73 24.08 33.80 OK
r-devel-linux-x86_64-fedora-clang 1.7 62.33 NOTE --no-stop-on-test-error
r-devel-linux-x86_64-fedora-gcc 1.7 60.27 NOTE --no-stop-on-test-error
r-devel-windows-ix86+x86_64 1.7 19.00 70.00 89.00 NOTE
r-patched-linux-x86_64 1.7 9.20 24.47 33.67 OK
r-patched-solaris-sparc 1.7 484.00 NOTE
r-patched-solaris-x86 1.7 100.30 NOTE
r-release-linux-x86_64 1.7 9.46 25.75 35.21 OK
r-release-windows-ix86+x86_64 1.7 25.00 77.00 102.00 NOTE
r-release-osx-x86_64 1.7 NOTE
r-oldrel-windows-ix86+x86_64 1.7 23.00 80.00 103.00 NOTE
r-oldrel-osx-x86_64 1.7 NOTE

Check Details

Version: 1.7
Flags: --no-stop-on-test-error
Check: installed package size
Result: NOTE
     installed size is 8.2Mb
     sub-directories of 1Mb or more:
     data 8.1Mb
Flavors: r-devel-linux-x86_64-fedora-clang, r-devel-linux-x86_64-fedora-gcc

Version: 1.7
Flags: --no-stop-on-test-error
Check: data for non-ASCII characters
Result: NOTE
     Note: found 1122 marked UTF-8 strings
Flavors: r-devel-linux-x86_64-fedora-clang, r-devel-linux-x86_64-fedora-gcc

Version: 1.7
Check: installed package size
Result: NOTE
     installed size is 8.2Mb
     sub-directories of 1Mb or more:
     data 8.1Mb
Flavors: r-devel-windows-ix86+x86_64, r-patched-solaris-sparc, r-patched-solaris-x86, r-release-windows-ix86+x86_64, r-release-osx-x86_64, r-oldrel-windows-ix86+x86_64, r-oldrel-osx-x86_64

Version: 1.7
Check: data for non-ASCII characters
Result: NOTE
     Note: found 1122 marked UTF-8 strings
Flavors: r-patched-solaris-sparc, r-patched-solaris-x86, r-release-osx-x86_64, r-oldrel-osx-x86_64