CRAN Package Check Results for Package SmarterPoland

Last updated on 2016-09-26 03:55:15.

Flavor Version Tinstall Tcheck Ttotal Status Flags
r-devel-linux-x86_64-debian-clang 1.7 9.09 21.18 30.28 NOTE
r-devel-linux-x86_64-debian-gcc 1.7 9.09 21.86 30.95 NOTE
r-devel-linux-x86_64-fedora-clang 1.7 56.43 NOTE
r-devel-linux-x86_64-fedora-gcc 1.7 53.80 NOTE
r-devel-macos-x86_64-clang 1.7 46.92 NOTE
r-devel-windows-ix86+x86_64 1.7 21.00 64.00 85.00 NOTE
r-patched-linux-x86_64 1.7 9.10 21.66 30.76 NOTE
r-patched-solaris-sparc 1.7 466.90 NOTE
r-patched-solaris-x86 1.7 93.20 NOTE
r-release-linux-x86_64 1.7 9.13 21.70 30.84 NOTE
r-release-osx-x86_64-mavericks 1.7 NOTE
r-release-windows-ix86+x86_64 1.7 21.00 92.00 113.00 NOTE
r-oldrel-windows-ix86+x86_64 1.7 25.00 63.00 88.00 NOTE

Check Details

Version: 1.7
Check: installed package size
Result: NOTE
     installed size is 8.2Mb
     sub-directories of 1Mb or more:
     data 8.1Mb
Flavors: r-devel-linux-x86_64-debian-clang, r-devel-linux-x86_64-debian-gcc, r-devel-linux-x86_64-fedora-clang, r-devel-linux-x86_64-fedora-gcc, r-devel-macos-x86_64-clang, r-devel-windows-ix86+x86_64, r-patched-linux-x86_64, r-patched-solaris-sparc, r-patched-solaris-x86, r-release-linux-x86_64, r-release-osx-x86_64-mavericks, r-release-windows-ix86+x86_64, r-oldrel-windows-ix86+x86_64

Version: 1.7
Check: data for non-ASCII characters
Result: NOTE
     Note: found 1122 marked UTF-8 strings
Flavors: r-devel-linux-x86_64-fedora-clang, r-devel-linux-x86_64-fedora-gcc, r-devel-macos-x86_64-clang, r-patched-solaris-sparc, r-patched-solaris-x86, r-release-osx-x86_64-mavericks, r-oldrel-windows-ix86+x86_64