CRAN Package Check Results for Package SmarterPoland

Last updated on 2015-04-01 21:47:50.

Flavor Version Tinstall Tcheck Ttotal Status Flags
r-devel-linux-x86_64-debian-clang 1.5 1.30 17.01 18.31 NOTE
r-devel-linux-x86_64-debian-gcc 1.5 1.18 16.98 18.17 NOTE
r-devel-linux-x86_64-fedora-clang 1.5 36.82 NOTE
r-devel-linux-x86_64-fedora-gcc 1.5 35.85 NOTE
r-devel-osx-x86_64-clang 1.5 39.80 NOTE
r-prerel-windows-ix86+x86_64 1.5 4.00 28.00 32.00 NOTE
r-prerel-linux-x86_64 1.5 1.24 17.82 19.07 NOTE
r-prerel-solaris-sparc 1.5 255.30 NOTE
r-prerel-solaris-x86 1.5 51.20 NOTE
r-release-linux-x86_64 1.5 2.22 23.70 25.92 NOTE
r-release-osx-x86_64-mavericks 1.5 NOTE
r-release-osx-x86_64-snowleopard 1.5 NOTE
r-release-windows-ix86+x86_64 1.5 9.00 44.00 53.00 NOTE
r-oldrel-windows-ix86+x86_64 1.5 9.00 49.00 58.00 NOTE

Check Details

Version: 1.5
Check: data for non-ASCII characters
Result: NOTE
     Note: found 1122 marked UTF-8 strings
Flavors: r-devel-linux-x86_64-debian-clang, r-devel-linux-x86_64-debian-gcc, r-devel-linux-x86_64-fedora-clang, r-devel-linux-x86_64-fedora-gcc, r-devel-osx-x86_64-clang, r-prerel-windows-ix86+x86_64, r-prerel-linux-x86_64, r-prerel-solaris-sparc, r-prerel-solaris-x86, r-release-linux-x86_64, r-release-osx-x86_64-mavericks, r-release-osx-x86_64-snowleopard, r-release-windows-ix86+x86_64, r-oldrel-windows-ix86+x86_64

Version: 1.5
Check: dependencies in R code
Result: NOTE
    Missing or unexported object: 'SmarterPoland::cities_lon_lat'
    See the information on DESCRIPTION files in the chapter 'Creating R
    packages' of the 'Writing R Extensions' manual.
Flavor: r-oldrel-windows-ix86+x86_64