CRAN Package Check Results for Package SmarterPoland

Last updated on 2016-07-30 08:48:31.

Flavor Version Tinstall Tcheck Ttotal Status Flags
r-devel-linux-x86_64-debian-clang 1.7 8.90 21.44 30.34 NOTE
r-devel-linux-x86_64-debian-gcc 1.7 9.47 21.81 31.28 NOTE
r-devel-linux-x86_64-fedora-clang 1.7 55.57 NOTE
r-devel-linux-x86_64-fedora-gcc 1.7 54.52 NOTE
r-devel-osx-x86_64-clang 1.7 47.15 NOTE
r-devel-windows-ix86+x86_64 1.7 19.00 47.00 66.00 NOTE
r-patched-linux-x86_64 1.7 10.80 24.93 35.73 NOTE
r-patched-solaris-sparc 1.7 466.90 NOTE
r-patched-solaris-x86 1.7 91.50 NOTE
r-release-linux-x86_64 1.7 10.17 26.21 36.38 NOTE
r-release-osx-x86_64-mavericks 1.7 NOTE
r-release-windows-ix86+x86_64 1.7 22.00 57.00 79.00 NOTE
r-oldrel-windows-ix86+x86_64 1.7 22.00 47.00 69.00 NOTE

Check Details

Version: 1.7
Check: installed package size
Result: NOTE
     installed size is 8.2Mb
     sub-directories of 1Mb or more:
     data 8.1Mb
Flavors: r-devel-linux-x86_64-debian-clang, r-devel-linux-x86_64-debian-gcc, r-devel-linux-x86_64-fedora-clang, r-devel-linux-x86_64-fedora-gcc, r-devel-osx-x86_64-clang, r-devel-windows-ix86+x86_64, r-patched-linux-x86_64, r-patched-solaris-sparc, r-patched-solaris-x86, r-release-linux-x86_64, r-release-osx-x86_64-mavericks, r-release-windows-ix86+x86_64, r-oldrel-windows-ix86+x86_64

Version: 1.7
Check: data for non-ASCII characters
Result: NOTE
     Note: found 1122 marked UTF-8 strings
Flavors: r-devel-linux-x86_64-fedora-clang, r-devel-linux-x86_64-fedora-gcc, r-devel-osx-x86_64-clang, r-patched-solaris-sparc, r-patched-solaris-x86, r-release-osx-x86_64-mavericks, r-oldrel-windows-ix86+x86_64