CRAN Package Check Results for Package SmoothHazard

Last updated on 2014-07-24 22:48:44.

Flavor Version Tinstall Tcheck Ttotal Status Flags
r-devel-linux-x86_64-debian-clang 1.0.9 8.20 19.23 27.43 NOTE
r-devel-linux-x86_64-debian-gcc 1.0.9 8.18 19.63 27.81 NOTE
r-devel-linux-x86_64-fedora-clang 1.0.9 50.64 NOTE
r-devel-linux-x86_64-fedora-gcc 1.0.9 48.51 NOTE
r-devel-osx-x86_64-clang 1.0.9 48.77 NOTE
r-devel-windows-ix86+x86_64 1.0.9 31.00 37.00 68.00 NOTE
r-patched-linux-x86_64 1.0.9 7.97 19.14 27.11 NOTE
r-patched-solaris-sparc 1.0.9 298.90 NOTE
r-patched-solaris-x86 1.0.9 77.40 NOTE
r-release-linux-ix86 1.0.9 12.94 27.42 40.36 NOTE
r-release-linux-x86_64 1.0.9 8.02 19.57 27.59 NOTE
r-release-osx-x86_64-mavericks 1.0.9 NOTE
r-release-osx-x86_64-snowleopard 1.0.9 NOTE
r-release-windows-ix86+x86_64 1.0.9 35.00 36.00 71.00 NOTE
r-oldrel-windows-ix86+x86_64 1.0.9 36.00 43.00 79.00 NOTE

Check Details

Version: 1.0.9
Check: dependencies in R code
Result: NOTE
    Package in Depends field not imported from: ‘prodlim’
     These packages need to be imported from (in the NAMESPACE file)
     for when this namespace is loaded but not attached.
    See the information on DESCRIPTION files in the chapter ‘Creating R
    packages’ of the ‘Writing R Extensions’ manual.
Flavors: r-devel-linux-x86_64-debian-clang, r-devel-linux-x86_64-debian-gcc, r-devel-linux-x86_64-fedora-clang, r-devel-linux-x86_64-fedora-gcc, r-devel-osx-x86_64-clang, r-devel-windows-ix86+x86_64, r-patched-linux-x86_64, r-patched-solaris-sparc, r-patched-solaris-x86, r-release-linux-ix86, r-release-linux-x86_64, r-release-osx-x86_64-mavericks, r-release-windows-ix86+x86_64, r-oldrel-windows-ix86+x86_64

Version: 1.0.9
Check: dependencies in R code
Result: NOTE
    Package in Depends field not imported from: 'prodlim'
     These packages need to be imported from for the case when
     this namespace is loaded but not attached.
    See the information on DESCRIPTION files in the chapter 'Creating R
    packages' of the 'Writing R Extensions' manual.
Flavor: r-release-osx-x86_64-snowleopard