CRAN Package Check Results for Package SmoothHazard

Last updated on 2014-04-24 07:52:37.

Flavor Version Tinstall Tcheck Ttotal Status Flags
r-devel-linux-x86_64-debian-clang 1.0.9 8.07 21.23 29.30 NOTE
r-devel-linux-x86_64-debian-gcc 1.0.9 8.19 21.24 29.42 NOTE
r-devel-linux-x86_64-fedora-clang 1.0.9 51.30 NOTE
r-devel-linux-x86_64-fedora-gcc 1.0.9 49.96 NOTE
r-devel-osx-x86_64-clang 1.0.9 46.37 NOTE
r-devel-osx-x86_64-gcc 1.0.9 NOTE
r-devel-windows-ix86+x86_64 1.0.9 36.00 38.00 74.00 NOTE
r-patched-linux-x86_64 1.0.9 8.19 20.84 29.03 NOTE
r-patched-solaris-sparc 1.0.9 298.90 NOTE
r-patched-solaris-x86 1.0.9 77.80 NOTE
r-release-linux-ix86 1.0.9 15.00 40.00 55.00 NOTE
r-release-linux-x86_64 1.0.9 8.06 21.66 29.73 NOTE
r-release-osx-x86_64-mavericks 1.0.9 NOTE
r-release-osx-x86_64-snowleopard 1.0.9 NOTE
r-release-windows-ix86+x86_64 1.0.9 35.00 41.00 76.00 NOTE
r-oldrel-windows-ix86+x86_64 1.0.9 37.00 41.00 78.00 NOTE

Check Details

Version: 1.0.9
Check: dependencies in R code
Result: NOTE
    Package in Depends field not imported from: ‘prodlim’
     These packages need to be imported from (in the NAMESPACE file)
     for when this namespace is loaded but not attached.
    See the information on DESCRIPTION files in the chapter ‘Creating R
    packages’ of the ‘Writing R Extensions’ manual.
Flavors: r-devel-linux-x86_64-debian-clang, r-devel-linux-x86_64-debian-gcc, r-devel-linux-x86_64-fedora-clang, r-devel-linux-x86_64-fedora-gcc, r-devel-osx-x86_64-clang, r-devel-osx-x86_64-gcc, r-devel-windows-ix86+x86_64, r-patched-linux-x86_64, r-patched-solaris-sparc, r-patched-solaris-x86, r-release-linux-ix86, r-release-linux-x86_64, r-release-osx-x86_64-mavericks, r-release-windows-ix86+x86_64, r-oldrel-windows-ix86+x86_64

Version: 1.0.9
Check: dependencies in R code
Result: NOTE
    Package in Depends field not imported from: 'prodlim'
     These packages need to be imported from for the case when
     this namespace is loaded but not attached.
    See the information on DESCRIPTION files in the chapter 'Creating R
    packages' of the 'Writing R Extensions' manual.
Flavor: r-release-osx-x86_64-snowleopard