CRAN Package Check Results for Package SmoothHazard

Last updated on 2017-03-25 03:48:15.

Flavor Version Tinstall Tcheck Ttotal Status Flags
r-devel-linux-x86_64-debian-clang 1.2.3 10.76 43.41 54.17 NOTE
r-devel-linux-x86_64-debian-gcc 1.2.3 10.25 43.19 53.43 NOTE
r-devel-linux-x86_64-fedora-clang 1.2.3 106.83 NOTE --no-stop-on-test-error
r-devel-linux-x86_64-fedora-gcc 1.2.3 109.69 NOTE --no-stop-on-test-error
r-devel-macos-x86_64-clang 1.2.3 82.22 NOTE --no-stop-on-test-error
r-devel-windows-ix86+x86_64 1.2.3 47.00 101.00 148.00 NOTE
r-patched-linux-x86_64 1.2.3 9.82 39.15 48.97 NOTE
r-patched-solaris-sparc 1.2.3 651.20 NOTE
r-patched-solaris-x86 1.2.3 149.20 NOTE
r-release-linux-x86_64 1.2.3 9.83 38.59 48.43 NOTE
r-release-osx-x86_64-mavericks 1.2.3 NOTE
r-release-windows-ix86+x86_64 1.2.3 51.00 97.00 148.00 NOTE
r-oldrel-windows-ix86+x86_64 1.2.3 38.00 109.00 147.00 OK

Check Details

Version: 1.2.3
Check: R code for possible problems
Result: NOTE
    Predict0.idmPl : <anonymous>: no visible global function definition for
     ‘integrate’
    Predict0.idmWeib : <anonymous>: no visible global function definition
     for ‘integrate’
    S.weib: no visible global function definition for ‘pweibull’
    idm: no visible binding for global variable ‘na.fail’
    idm: no visible global function definition for ‘model.response’
    idm: no visible global function definition for ‘model.matrix’
    idm: no visible global function definition for ‘quantile’
    lifexpect0: no visible global function definition for ‘integrate’
    lifexpect0.idmWeib: no visible global function definition for
     ‘integrate’
    lifexpect0.idmWeib : <anonymous> : <anonymous>: no visible global
     function definition for ‘integrate’
    plot.idm : <anonymous>: no visible global function definition for
     ‘segments’
    plot.idm : <anonymous>: no visible global function definition for
     ‘col2rgb’
    plot.idm : <anonymous>: no visible global function definition for
     ‘polygon’
    plot.idm : <anonymous>: no visible global function definition for
     ‘lines’
    plot.idm: no visible global function definition for ‘par’
    plot.shr : <anonymous>: no visible global function definition for
     ‘lines’
    plot.shr: no visible global function definition for ‘col2rgb’
    plot.shr : <anonymous>: no visible global function definition for
     ‘rect’
    plot.shr: no visible global function definition for ‘lines’
    print.idm: no visible global function definition for ‘qnorm’
    print.idm: no visible global function definition for ‘pchisq’
    print.shr: no visible global function definition for ‘qnorm’
    print.shr: no visible global function definition for ‘pchisq’
    shr: no visible binding for global variable ‘na.omit’
    shr: no visible global function definition for ‘flush.console’
    shr: no visible global function definition for ‘model.response’
    shr: no visible global function definition for ‘model.matrix’
    sim.idmModel : <anonymous>: no visible global function definition for
     ‘rbinom’
    summary.idm: no visible global function definition for ‘qnorm’
    summary.idm: no visible global function definition for ‘pchisq’
    summary.shr: no visible global function definition for ‘qnorm’
    summary.shr: no visible global function definition for ‘pchisq’
    Undefined global functions or variables:
     col2rgb flush.console integrate lines model.matrix model.response
     na.fail na.omit par pchisq polygon pweibull qnorm quantile rbinom
     rect segments
    Consider adding
     importFrom("grDevices", "col2rgb")
     importFrom("graphics", "lines", "par", "polygon", "rect", "segments")
     importFrom("stats", "integrate", "model.matrix", "model.response",
     "na.fail", "na.omit", "pchisq", "pweibull", "qnorm",
     "quantile", "rbinom")
     importFrom("utils", "flush.console")
    to your NAMESPACE file.
Flavors: r-devel-linux-x86_64-debian-clang, r-devel-linux-x86_64-debian-gcc, r-devel-windows-ix86+x86_64, r-patched-linux-x86_64, r-patched-solaris-sparc, r-patched-solaris-x86, r-release-linux-x86_64, r-release-osx-x86_64-mavericks, r-release-windows-ix86+x86_64

Version: 1.2.3
Check: compiled code
Result: NOTE
    File ‘SmoothHazard/libs/SmoothHazard.so’:
     Found no calls to: ‘R_registerRoutines’, ‘R_useDynamicSymbols’
    
    It is good practice to register native routines and to disable symbol
    search.
    
    See ‘Writing portable packages’ in the ‘Writing R Extensions’ manual.
Flavors: r-devel-linux-x86_64-debian-clang, r-devel-linux-x86_64-debian-gcc

Version: 1.2.3
Flags: --no-stop-on-test-error
Check: R code for possible problems
Result: NOTE
    Predict0.idmPl : <anonymous>: no visible global function definition for
     ‘integrate’
    Predict0.idmWeib : <anonymous>: no visible global function definition
     for ‘integrate’
    S.weib: no visible global function definition for ‘pweibull’
    idm: no visible binding for global variable ‘na.fail’
    idm: no visible global function definition for ‘model.response’
    idm: no visible global function definition for ‘model.matrix’
    idm: no visible global function definition for ‘quantile’
    lifexpect0: no visible global function definition for ‘integrate’
    lifexpect0.idmWeib: no visible global function definition for
     ‘integrate’
    lifexpect0.idmWeib : <anonymous> : <anonymous>: no visible global
     function definition for ‘integrate’
    plot.idm : <anonymous>: no visible global function definition for
     ‘segments’
    plot.idm : <anonymous>: no visible global function definition for
     ‘col2rgb’
    plot.idm : <anonymous>: no visible global function definition for
     ‘polygon’
    plot.idm : <anonymous>: no visible global function definition for
     ‘lines’
    plot.idm: no visible global function definition for ‘par’
    plot.shr : <anonymous>: no visible global function definition for
     ‘lines’
    plot.shr: no visible global function definition for ‘col2rgb’
    plot.shr : <anonymous>: no visible global function definition for
     ‘rect’
    plot.shr: no visible global function definition for ‘lines’
    print.idm: no visible global function definition for ‘qnorm’
    print.idm: no visible global function definition for ‘pchisq’
    print.shr: no visible global function definition for ‘qnorm’
    print.shr: no visible global function definition for ‘pchisq’
    shr: no visible binding for global variable ‘na.omit’
    shr: no visible global function definition for ‘flush.console’
    shr: no visible global function definition for ‘model.response’
    shr: no visible global function definition for ‘model.matrix’
    sim.idmModel : <anonymous>: no visible global function definition for
     ‘rbinom’
    summary.idm: no visible global function definition for ‘qnorm’
    summary.idm: no visible global function definition for ‘pchisq’
    summary.shr: no visible global function definition for ‘qnorm’
    summary.shr: no visible global function definition for ‘pchisq’
    Undefined global functions or variables:
     col2rgb flush.console integrate lines model.matrix model.response
     na.fail na.omit par pchisq polygon pweibull qnorm quantile rbinom
     rect segments
    Consider adding
     importFrom("grDevices", "col2rgb")
     importFrom("graphics", "lines", "par", "polygon", "rect", "segments")
     importFrom("stats", "integrate", "model.matrix", "model.response",
     "na.fail", "na.omit", "pchisq", "pweibull", "qnorm",
     "quantile", "rbinom")
     importFrom("utils", "flush.console")
    to your NAMESPACE file.
Flavors: r-devel-linux-x86_64-fedora-clang, r-devel-linux-x86_64-fedora-gcc, r-devel-macos-x86_64-clang

Version: 1.2.3
Flags: --no-stop-on-test-error
Check: compiled code
Result: NOTE
    File ‘SmoothHazard/libs/SmoothHazard.so’:
     Found no calls to: ‘R_registerRoutines’, ‘R_useDynamicSymbols’
    
    It is good practice to register native routines and to disable symbol
    search.
    
    See ‘Writing portable packages’ in the ‘Writing R Extensions’ manual.
Flavors: r-devel-linux-x86_64-fedora-clang, r-devel-linux-x86_64-fedora-gcc, r-devel-macos-x86_64-clang