CRAN Package Check Results for Package SmoothHazard

Last updated on 2014-08-28 14:47:41.

Flavor Version Tinstall Tcheck Ttotal Status Flags
r-devel-linux-x86_64-debian-clang 1.0.9 8.10 18.58 26.67 NOTE
r-devel-linux-x86_64-debian-gcc 1.0.9 8.03 18.28 26.31 NOTE
r-devel-linux-x86_64-fedora-clang 1.0.9 53.53 NOTE
r-devel-linux-x86_64-fedora-gcc 1.0.9 45.39 NOTE
r-devel-osx-x86_64-clang 1.0.9 45.55 NOTE
r-devel-windows-ix86+x86_64 1.0.9 36.00 35.00 71.00 NOTE
r-patched-linux-x86_64 1.0.9 7.97 19.82 27.79 NOTE
r-patched-solaris-sparc 1.0.9 297.00 NOTE
r-patched-solaris-x86 1.0.9 77.50 NOTE
r-release-linux-ix86 1.0.9 12.90 27.63 40.53 NOTE
r-release-linux-x86_64 1.0.9 7.98 19.47 27.45 NOTE
r-release-osx-x86_64-mavericks 1.0.9 NOTE
r-release-osx-x86_64-snowleopard 1.0.9 NOTE
r-release-windows-ix86+x86_64 1.0.9 34.00 40.00 74.00 NOTE
r-oldrel-windows-ix86+x86_64 1.0.9 37.00 41.00 78.00 NOTE

Check Details

Version: 1.0.9
Check: dependencies in R code
Result: NOTE
    Package in Depends field not imported from: ‘prodlim’
     These packages need to be imported from (in the NAMESPACE file)
     for when this namespace is loaded but not attached.
    See the information on DESCRIPTION files in the chapter ‘Creating R
    packages’ of the ‘Writing R Extensions’ manual.
Flavors: r-devel-linux-x86_64-debian-clang, r-devel-linux-x86_64-debian-gcc, r-devel-linux-x86_64-fedora-clang, r-devel-linux-x86_64-fedora-gcc, r-devel-osx-x86_64-clang, r-devel-windows-ix86+x86_64, r-patched-linux-x86_64, r-patched-solaris-sparc, r-patched-solaris-x86, r-release-linux-ix86, r-release-linux-x86_64, r-release-osx-x86_64-mavericks, r-release-windows-ix86+x86_64, r-oldrel-windows-ix86+x86_64

Version: 1.0.9
Check: R code for possible problems
Result: NOTE
    plot.shr: no visible global function definition for ‘SmartControl’
Flavors: r-devel-linux-x86_64-debian-clang, r-devel-linux-x86_64-debian-gcc, r-devel-linux-x86_64-fedora-clang, r-devel-linux-x86_64-fedora-gcc, r-devel-osx-x86_64-clang, r-devel-windows-ix86+x86_64

Version: 1.0.9
Check: dependencies in R code
Result: NOTE
    Package in Depends field not imported from: 'prodlim'
     These packages need to be imported from for the case when
     this namespace is loaded but not attached.
    See the information on DESCRIPTION files in the chapter 'Creating R
    packages' of the 'Writing R Extensions' manual.
Flavor: r-release-osx-x86_64-snowleopard