CRAN Package Check Results for Package SmoothHazard

Last updated on 2015-08-30 09:47:42.

Flavor Version Tinstall Tcheck Ttotal Status Flags
r-devel-linux-x86_64-debian-clang 1.2.3 7.70 19.56 27.26 NOTE
r-devel-linux-x86_64-debian-gcc 1.2.3 7.85 19.94 27.80 NOTE
r-devel-linux-x86_64-fedora-clang 1.2.3 48.61 NOTE
r-devel-linux-x86_64-fedora-gcc 1.2.3 45.02 NOTE
r-devel-osx-x86_64-clang 1.2.3 40.73 OK
r-devel-windows-ix86+x86_64 1.2.3 42.00 53.00 95.00 NOTE
r-patched-linux-x86_64 1.2.3 7.58 20.08 27.66 OK
r-patched-solaris-sparc 1.2.3 319.90 OK
r-patched-solaris-x86 1.2.3 90.30 OK
r-release-linux-x86_64 1.2.3 7.68 19.74 27.42 OK
r-release-osx-x86_64-mavericks 1.2.3 OK
r-release-windows-ix86+x86_64 1.2.3 41.00 50.00 91.00 OK
r-oldrel-windows-ix86+x86_64 1.2.3 44.00 74.00 118.00 OK

Check Details

Version: 1.2.3
Check: R code for possible problems
Result: NOTE
    Predict0.idmPl : <anonymous>: no visible global function definition for
     ‘integrate’
    Predict0.idmWeib : <anonymous>: no visible global function definition
     for ‘integrate’
    S.weib: no visible global function definition for ‘pweibull’
    idm: no visible binding for global variable ‘na.fail’
    idm: no visible global function definition for ‘model.response’
    idm: no visible global function definition for ‘model.matrix’
    idm: no visible global function definition for ‘quantile’
    lifexpect0: no visible global function definition for ‘integrate’
    lifexpect0.idmWeib: no visible global function definition for
     ‘integrate’
    lifexpect0.idmWeib : <anonymous> : <anonymous>: no visible global
     function definition for ‘integrate’
    plot.idm : <anonymous>: no visible global function definition for
     ‘segments’
    plot.idm : <anonymous>: no visible global function definition for
     ‘col2rgb’
    plot.idm : <anonymous>: no visible global function definition for
     ‘polygon’
    plot.idm : <anonymous>: no visible global function definition for
     ‘lines’
    plot.idm: no visible global function definition for ‘par’
    plot.shr : <anonymous>: no visible global function definition for
     ‘lines’
    plot.shr: no visible global function definition for ‘col2rgb’
    plot.shr : <anonymous>: no visible global function definition for
     ‘rect’
    plot.shr: no visible global function definition for ‘lines’
    print.idm: no visible global function definition for ‘qnorm’
    print.idm: no visible global function definition for ‘pchisq’
    print.shr: no visible global function definition for ‘qnorm’
    print.shr: no visible global function definition for ‘pchisq’
    shr: no visible binding for global variable ‘na.omit’
    shr: no visible global function definition for ‘flush.console’
    shr: no visible global function definition for ‘model.response’
    shr: no visible global function definition for ‘model.matrix’
    sim.idmModel : <anonymous>: no visible global function definition for
     ‘rbinom’
    summary.idm: no visible global function definition for ‘qnorm’
    summary.idm: no visible global function definition for ‘pchisq’
    summary.shr: no visible global function definition for ‘qnorm’
    summary.shr: no visible global function definition for ‘pchisq’
    Undefined global functions or variables:
     col2rgb flush.console integrate lines model.matrix model.response
     na.fail na.omit par pchisq polygon pweibull qnorm quantile rbinom
     rect segments
    Consider adding
     importFrom("grDevices", "col2rgb")
     importFrom("graphics", "lines", "par", "polygon", "rect", "segments")
     importFrom("stats", "integrate", "model.matrix", "model.response",
     "na.fail", "na.omit", "pchisq", "pweibull", "qnorm",
     "quantile", "rbinom")
     importFrom("utils", "flush.console")
    to your NAMESPACE.
Flavors: r-devel-linux-x86_64-debian-clang, r-devel-linux-x86_64-debian-gcc, r-devel-linux-x86_64-fedora-clang, r-devel-linux-x86_64-fedora-gcc, r-devel-windows-ix86+x86_64