CRAN Package Check Results for Package SmoothHazard

Last updated on 2015-07-05 17:47:47.

Flavor Version Tinstall Tcheck Ttotal Status Flags
r-devel-linux-x86_64-debian-clang 1.2.3 7.54 19.91 27.46 NOTE
r-devel-linux-x86_64-debian-gcc 1.2.3 7.85 20.06 27.90 NOTE
r-devel-linux-x86_64-fedora-clang 1.2.3 48.50 NOTE
r-devel-linux-x86_64-fedora-gcc 1.2.3 47.69 NOTE
r-devel-osx-x86_64-clang 1.2.3 43.56 OK
r-devel-windows-ix86+x86_64 1.2.3 30.00 47.00 77.00 NOTE
r-patched-linux-x86_64 1.2.3 7.79 19.90 27.69 OK
r-patched-solaris-sparc 1.2.3 301.10 OK
r-patched-solaris-x86 1.2.3 76.80 OK
r-release-linux-x86_64 1.2.3 7.72 19.95 27.67 OK
r-release-osx-x86_64-mavericks 1.2.3 OK
r-release-windows-ix86+x86_64 1.2.3 36.00 49.00 85.00 OK
r-oldrel-windows-ix86+x86_64 1.2.3 40.00 80.00 120.00 OK

Check Details

Version: 1.2.3
Check: R code for possible problems
Result: NOTE
    Predict0.idmPl : <anonymous>: no visible global function definition for
     ‘integrate’
    Predict0.idmWeib : <anonymous>: no visible global function definition
     for ‘integrate’
    S.weib: no visible global function definition for ‘pweibull’
    idm: no visible binding for global variable ‘na.fail’
    idm: no visible global function definition for ‘model.response’
    idm: no visible global function definition for ‘model.matrix’
    idm: no visible global function definition for ‘quantile’
    lifexpect0: no visible global function definition for ‘integrate’
    lifexpect0.idmWeib: no visible global function definition for
     ‘integrate’
    lifexpect0.idmWeib : <anonymous> : <anonymous>: no visible global
     function definition for ‘integrate’
    plot.idm : <anonymous>: no visible global function definition for
     ‘segments’
    plot.idm : <anonymous>: no visible global function definition for
     ‘col2rgb’
    plot.idm : <anonymous>: no visible global function definition for
     ‘polygon’
    plot.idm : <anonymous>: no visible global function definition for
     ‘lines’
    plot.idm: no visible global function definition for ‘par’
    plot.shr : <anonymous>: no visible global function definition for
     ‘lines’
    plot.shr: no visible global function definition for ‘col2rgb’
    plot.shr : <anonymous>: no visible global function definition for
     ‘rect’
    plot.shr: no visible global function definition for ‘lines’
    print.idm: no visible global function definition for ‘qnorm’
    print.idm: no visible global function definition for ‘pchisq’
    print.shr: no visible global function definition for ‘qnorm’
    print.shr: no visible global function definition for ‘pchisq’
    shr: no visible binding for global variable ‘na.omit’
    shr: no visible global function definition for ‘flush.console’
    shr: no visible global function definition for ‘model.response’
    shr: no visible global function definition for ‘model.matrix’
    sim.idmModel : <anonymous>: no visible global function definition for
     ‘rbinom’
    summary.idm: no visible global function definition for ‘qnorm’
    summary.idm: no visible global function definition for ‘pchisq’
    summary.shr: no visible global function definition for ‘qnorm’
    summary.shr: no visible global function definition for ‘pchisq’
    Undefined global functions or variables:
     col2rgb flush.console integrate lines model.matrix model.response
     na.fail na.omit par pchisq polygon pweibull qnorm quantile rbinom
     rect segments
Flavors: r-devel-linux-x86_64-debian-clang, r-devel-linux-x86_64-debian-gcc, r-devel-linux-x86_64-fedora-clang, r-devel-linux-x86_64-fedora-gcc, r-devel-windows-ix86+x86_64