CRAN Package Check Results for Package SnowballC

Last updated on 2014-07-29 23:47:16.

Flavor Version Tinstall Tcheck Ttotal Status Flags
r-devel-linux-x86_64-debian-clang 0.5 2.44 8.00 10.44 NOTE
r-devel-linux-x86_64-debian-gcc 0.5 3.47 8.11 11.58 NOTE
r-devel-linux-x86_64-fedora-clang 0.5 21.02 NOTE
r-devel-linux-x86_64-fedora-gcc 0.5 20.47 NOTE
r-devel-osx-x86_64-clang 0.5 23.47 NOTE
r-devel-windows-ix86+x86_64 0.5 22.00 18.00 40.00 OK
r-patched-linux-x86_64 0.5 3.49 8.04 11.53 NOTE
r-patched-solaris-sparc 0.5 130.30 NOTE
r-patched-solaris-x86 0.5 33.00 NOTE
r-release-linux-ix86 0.5 5.32 13.86 19.18 NOTE
r-release-linux-x86_64 0.5 3.49 8.64 12.12 NOTE
r-release-osx-x86_64-mavericks 0.5 NOTE
r-release-windows-ix86+x86_64 0.5 29.00 17.00 46.00 OK
r-oldrel-windows-ix86+x86_64 0.5 23.00 19.00 42.00 OK

Check Details

Version: 0.5
Check: DESCRIPTION meta-information
Result: NOTE
    Deprecated license: BSD
Flavors: r-devel-linux-x86_64-debian-clang, r-devel-linux-x86_64-debian-gcc, r-devel-linux-x86_64-fedora-clang, r-devel-linux-x86_64-fedora-gcc, r-devel-osx-x86_64-clang, r-patched-linux-x86_64, r-patched-solaris-sparc, r-patched-solaris-x86, r-release-linux-ix86, r-release-linux-x86_64, r-release-osx-x86_64-mavericks