CRAN Package Check Results for Package SnowballC

Last updated on 2017-06-29 06:53:23.

Flavor Version Tinstall Tcheck Ttotal Status Flags
r-devel-linux-x86_64-debian-clang 0.5.1 5.02 12.24 17.25 NOTE
r-devel-linux-x86_64-debian-gcc 0.5.1 4.11 12.27 16.38 NOTE
r-devel-linux-x86_64-fedora-clang 0.5.1 27.45 NOTE
r-devel-linux-x86_64-fedora-gcc 0.5.1 24.90 NOTE
r-devel-windows-ix86+x86_64 0.5.1 35.00 48.00 83.00 OK
r-patched-linux-x86_64 0.5.1 3.74 12.11 15.85 NOTE
r-patched-solaris-sparc 0.5.1 186.60 OK
r-patched-solaris-x86 0.5.1 44.30 OK
r-release-linux-x86_64 0.5.1 3.90 12.27 16.17 NOTE
r-release-windows-ix86+x86_64 0.5.1 28.00 34.00 62.00 OK
r-release-osx-x86_64 0.5.1 OK
r-oldrel-windows-ix86+x86_64 0.5.1 23.00 29.00 52.00 OK
r-oldrel-osx-x86_64 0.5.1 OK

Check Details

Version: 0.5.1
Check: compiled code
Result: NOTE
    File ‘SnowballC/libs/SnowballC.so’:
     Found no calls to: ‘R_registerRoutines’, ‘R_useDynamicSymbols’
    
    It is good practice to register native routines and to disable symbol
    search.
    
    See ‘Writing portable packages’ in the ‘Writing R Extensions’ manual.
Flavors: r-devel-linux-x86_64-debian-clang, r-devel-linux-x86_64-debian-gcc, r-devel-linux-x86_64-fedora-clang, r-devel-linux-x86_64-fedora-gcc, r-patched-linux-x86_64, r-release-linux-x86_64