CRAN Package Check Results for Package SnowballC

Last updated on 2017-03-27 21:49:14.

Flavor Version Tinstall Tcheck Ttotal Status Flags
r-devel-linux-x86_64-debian-clang 0.5.1 5.02 12.09 17.11 NOTE
r-devel-linux-x86_64-debian-gcc 0.5.1 3.90 12.04 15.94 NOTE
r-devel-linux-x86_64-fedora-clang 0.5.1 27.27 NOTE --no-stop-on-test-error
r-devel-linux-x86_64-fedora-gcc 0.5.1 25.84 NOTE --no-stop-on-test-error
r-devel-macos-x86_64-clang 0.5.1 22.92 NOTE --no-stop-on-test-error
r-devel-windows-ix86+x86_64 0.5.1 28.00 32.00 60.00 OK
r-patched-linux-x86_64 0.5.1 3.71 12.52 16.23 NOTE
r-patched-solaris-sparc 0.5.1 186.60 OK
r-patched-solaris-x86 0.5.1 43.80 OK
r-release-linux-x86_64 0.5.1 4.06 10.46 14.52 OK
r-release-osx-x86_64-mavericks 0.5.1 OK
r-release-windows-ix86+x86_64 0.5.1 23.00 29.00 52.00 OK
r-oldrel-windows-ix86+x86_64 0.5.1 26.00 29.00 55.00 OK

Check Details

Version: 0.5.1
Check: compiled code
Result: NOTE
    File ‘SnowballC/libs/SnowballC.so’:
     Found no calls to: ‘R_registerRoutines’, ‘R_useDynamicSymbols’
    
    It is good practice to register native routines and to disable symbol
    search.
    
    See ‘Writing portable packages’ in the ‘Writing R Extensions’ manual.
Flavors: r-devel-linux-x86_64-debian-clang, r-devel-linux-x86_64-debian-gcc, r-patched-linux-x86_64

Version: 0.5.1
Flags: --no-stop-on-test-error
Check: compiled code
Result: NOTE
    File ‘SnowballC/libs/SnowballC.so’:
     Found no calls to: ‘R_registerRoutines’, ‘R_useDynamicSymbols’
    
    It is good practice to register native routines and to disable symbol
    search.
    
    See ‘Writing portable packages’ in the ‘Writing R Extensions’ manual.
Flavors: r-devel-linux-x86_64-fedora-clang, r-devel-linux-x86_64-fedora-gcc, r-devel-macos-x86_64-clang