CRAN Package Check Results for Package SnowballC

Last updated on 2017-04-27 11:54:00.

Flavor Version Tinstall Tcheck Ttotal Status Flags
r-devel-linux-x86_64-debian-clang 0.5.1 4.98 12.37 17.34 NOTE
r-devel-linux-x86_64-debian-gcc 0.5.1 4.00 11.99 15.99 NOTE
r-devel-linux-x86_64-fedora-clang 0.5.1 27.07 NOTE --no-stop-on-test-error
r-devel-linux-x86_64-fedora-gcc 0.5.1 24.98 NOTE --no-stop-on-test-error
r-devel-windows-ix86+x86_64 0.5.1 39.00 38.00 77.00 OK
r-patched-linux-x86_64 0.5.1 3.60 12.56 16.16 NOTE
r-patched-solaris-sparc 0.5.1 186.60 OK
r-patched-solaris-x86 0.5.1 43.10 OK
r-release-linux-x86_64 0.5.1 3.60 12.47 16.07 NOTE
r-release-windows-ix86+x86_64 0.5.1 28.00 34.00 62.00 OK
r-release-osx-x86_64 0.5.1 OK
r-oldrel-windows-ix86+x86_64 0.5.1 23.00 29.00 52.00 OK
r-oldrel-osx-x86_64 0.5.1 OK

Check Details

Version: 0.5.1
Check: compiled code
Result: NOTE
    File ‘SnowballC/libs/SnowballC.so’:
     Found no calls to: ‘R_registerRoutines’, ‘R_useDynamicSymbols’
    
    It is good practice to register native routines and to disable symbol
    search.
    
    See ‘Writing portable packages’ in the ‘Writing R Extensions’ manual.
Flavors: r-devel-linux-x86_64-debian-clang, r-devel-linux-x86_64-debian-gcc, r-patched-linux-x86_64, r-release-linux-x86_64

Version: 0.5.1
Flags: --no-stop-on-test-error
Check: compiled code
Result: NOTE
    File ‘SnowballC/libs/SnowballC.so’:
     Found no calls to: ‘R_registerRoutines’, ‘R_useDynamicSymbols’
    
    It is good practice to register native routines and to disable symbol
    search.
    
    See ‘Writing portable packages’ in the ‘Writing R Extensions’ manual.
Flavors: r-devel-linux-x86_64-fedora-clang, r-devel-linux-x86_64-fedora-gcc