Last updated on 2023-03-29 20:54:47 CEST.
Flavor | Version | Tinstall | Tcheck | Ttotal | Status | Flags |
---|---|---|---|---|---|---|
r-devel-linux-x86_64-debian-clang | 0.7.0 | 10.90 | 19.64 | 30.54 | WARN | |
r-devel-linux-x86_64-debian-gcc | 0.7.0 | 9.68 | 15.75 | 25.43 | WARN | |
r-devel-linux-x86_64-fedora-clang | 0.7.0 | 38.83 | WARN | |||
r-devel-linux-x86_64-fedora-gcc | 0.7.0 | 39.91 | WARN | |||
r-devel-windows-x86_64 | 0.7.0 | 55.00 | 50.00 | 105.00 | OK | |
r-patched-linux-x86_64 | 0.7.0 | 10.30 | 19.02 | 29.32 | WARN | |
r-release-linux-x86_64 | 0.7.0 | 9.96 | 20.98 | 30.94 | OK | |
r-release-macos-arm64 | 0.7.0 | 18.00 | OK | |||
r-release-macos-x86_64 | 0.7.0 | 26.00 | OK | |||
r-release-windows-x86_64 | 0.7.0 | 32.00 | 46.00 | 78.00 | OK | |
r-oldrel-macos-arm64 | 0.7.0 | 24.00 | OK | |||
r-oldrel-macos-x86_64 | 0.7.0 | 32.00 | OK | |||
r-oldrel-windows-ix86+x86_64 | 0.7.0 | 41.00 | 43.00 | 84.00 | OK |
Version: 0.7.0
Check: whether package can be installed
Result: WARN
Found the following significant warnings:
SnowballC_init.c:7:31: warning: a function declaration without a prototype is deprecated in all versions of C [-Wstrict-prototypes]
stem.c:59:19: warning: a function declaration without a prototype is deprecated in all versions of C [-Wstrict-prototypes]
See ‘/home/hornik/tmp/R.check/r-devel-clang/Work/PKGS/SnowballC.Rcheck/00install.out’ for details.
* used C compiler: ‘Debian clang version 15.0.6’
Flavor: r-devel-linux-x86_64-debian-clang
Version: 0.7.0
Check: whether package can be installed
Result: WARN
Found the following significant warnings:
SnowballC_init.c:7:1: warning: function declaration isn’t a prototype [-Wstrict-prototypes]
stem.c:59:1: warning: function declaration isn’t a prototype [-Wstrict-prototypes]
See ‘/home/hornik/tmp/R.check/r-devel-gcc/Work/PKGS/SnowballC.Rcheck/00install.out’ for details.
* used C compiler: ‘gcc-12 (Debian 12.2.0-14) 12.2.0’
Flavor: r-devel-linux-x86_64-debian-gcc
Version: 0.7.0
Check: whether package can be installed
Result: WARN
Found the following significant warnings:
SnowballC_init.c:7:31: warning: a function declaration without a prototype is deprecated in all versions of C [-Wstrict-prototypes]
stem.c:59:19: warning: a function declaration without a prototype is deprecated in all versions of C [-Wstrict-prototypes]
See ‘/data/gannet/ripley/R/packages/tests-clang/SnowballC.Rcheck/00install.out’ for details.
* used C compiler: ‘clang version 16.0.0’
Flavor: r-devel-linux-x86_64-fedora-clang
Version: 0.7.0
Check: whether package can be installed
Result: WARN
Found the following significant warnings:
SnowballC_init.c:7:1: warning: function declaration isn’t a prototype [-Wstrict-prototypes]
stem.c:59:1: warning: function declaration isn’t a prototype [-Wstrict-prototypes]
See ‘/data/gannet/ripley/R/packages/tests-devel/SnowballC.Rcheck/00install.out’ for details.
* used C compiler: ‘gcc (GCC) 12.2.1 20221121 (Red Hat 12.2.1-4)’
Flavor: r-devel-linux-x86_64-fedora-gcc
Version: 0.7.0
Check: whether package can be installed
Result: WARN
Found the following significant warnings:
SnowballC_init.c:7:1: warning: function declaration isn’t a prototype [-Wstrict-prototypes]
stem.c:59:1: warning: function declaration isn’t a prototype [-Wstrict-prototypes]
See ‘/home/hornik/tmp/R.check/r-patched-gcc/Work/PKGS/SnowballC.Rcheck/00install.out’ for details.
* used C compiler: ‘gcc-11 (Debian 11.3.0-12) 11.3.0’
Flavor: r-patched-linux-x86_64