CRAN Package Check Results for Package SnowballC

Last updated on 2017-10-18 23:48:07.

Flavor Version Tinstall Tcheck Ttotal Status Flags
r-devel-linux-x86_64-debian-clang 0.5.1 4.73 12.73 17.47 NOTE
r-devel-linux-x86_64-debian-gcc 0.5.1 4.44 13.21 17.65 NOTE
r-devel-linux-x86_64-fedora-clang 0.5.1 28.23 NOTE
r-devel-linux-x86_64-fedora-gcc 0.5.1 26.29 NOTE
r-devel-windows-ix86+x86_64 0.5.1 39.00 33.00 72.00 OK
r-patched-linux-x86_64 0.5.1 3.94 13.25 17.18 NOTE
r-patched-solaris-x86 0.5.1 52.10 OK
r-release-linux-x86_64 0.5.1 3.88 12.71 16.59 NOTE
r-release-windows-ix86+x86_64 0.5.1 28.00 33.00 61.00 OK
r-release-osx-x86_64 0.5.1 OK
r-oldrel-windows-ix86+x86_64 0.5.1 23.00 29.00 52.00 OK
r-oldrel-osx-x86_64 0.5.1 OK

Check Details

Version: 0.5.1
Check: compiled code
Result: NOTE
    File ‘SnowballC/libs/SnowballC.so’:
     Found no calls to: ‘R_registerRoutines’, ‘R_useDynamicSymbols’
    
    It is good practice to register native routines and to disable symbol
    search.
    
    See ‘Writing portable packages’ in the ‘Writing R Extensions’ manual.
Flavors: r-devel-linux-x86_64-debian-clang, r-devel-linux-x86_64-debian-gcc, r-devel-linux-x86_64-fedora-clang, r-devel-linux-x86_64-fedora-gcc, r-patched-linux-x86_64, r-release-linux-x86_64