CRAN Package Check Results for Package SnowballC

Last updated on 2017-08-18 00:50:24.

Flavor Version Tinstall Tcheck Ttotal Status Flags
r-devel-linux-x86_64-debian-clang 0.5.1 4.87 13.15 18.02 NOTE
r-devel-linux-x86_64-debian-gcc 0.5.1 3.99 12.41 16.40 NOTE
r-devel-linux-x86_64-fedora-clang 0.5.1 27.43 NOTE
r-devel-linux-x86_64-fedora-gcc 0.5.1 26.07 NOTE
r-devel-windows-ix86+x86_64 0.5.1 35.00 42.00 77.00 OK
r-patched-linux-x86_64 0.5.1 5.84 12.37 18.21 NOTE
r-patched-solaris-x86 0.5.1 52.90 OK
r-release-linux-x86_64 0.5.1 3.90 12.19 16.09 NOTE
r-release-windows-ix86+x86_64 0.5.1 28.00 33.00 61.00 OK
r-release-osx-x86_64 0.5.1 OK
r-oldrel-windows-ix86+x86_64 0.5.1 23.00 29.00 52.00 OK
r-oldrel-osx-x86_64 0.5.1 OK

Check Details

Version: 0.5.1
Check: compiled code
Result: NOTE
    File ‘SnowballC/libs/SnowballC.so’:
     Found no calls to: ‘R_registerRoutines’, ‘R_useDynamicSymbols’
    
    It is good practice to register native routines and to disable symbol
    search.
    
    See ‘Writing portable packages’ in the ‘Writing R Extensions’ manual.
Flavors: r-devel-linux-x86_64-debian-clang, r-devel-linux-x86_64-debian-gcc, r-devel-linux-x86_64-fedora-clang, r-devel-linux-x86_64-fedora-gcc, r-patched-linux-x86_64, r-release-linux-x86_64