CRAN Package Check Results for Package SnowballC

Last updated on 2014-04-21 12:43:27.

Flavor Version Tinstall Tcheck Ttotal Status Flags
r-devel-linux-x86_64-debian-clang 0.5 2.58 9.01 11.59 NOTE
r-devel-linux-x86_64-debian-gcc 0.5 3.47 9.08 12.54 NOTE
r-devel-linux-x86_64-fedora-clang 0.5 21.51 NOTE
r-devel-linux-x86_64-fedora-gcc 0.5 22.04 NOTE
r-devel-osx-x86_64-clang 0.5 22.05 NOTE
r-devel-osx-x86_64-gcc 0.5 NOTE
r-devel-windows-ix86+x86_64 0.5 24.00 18.00 42.00 OK
r-patched-linux-x86_64 0.5 3.72 9.21 12.93 NOTE
r-patched-solaris-sparc 0.5 130.30 NOTE
r-patched-solaris-x86 0.5 33.50 NOTE
r-release-linux-x86_64 0.5 3.46 9.02 12.48 NOTE
r-release-osx-x86_64-mavericks 0.5 NOTE
r-release-windows-ix86+x86_64 0.5 43.00 23.00 66.00 OK
r-oldrel-windows-ix86+x86_64 0.5 23.00 19.00 42.00 OK

Check Details

Version: 0.5
Check: DESCRIPTION meta-information
Result: NOTE
    Deprecated license: BSD
Flavors: r-devel-linux-x86_64-debian-clang, r-devel-linux-x86_64-debian-gcc, r-devel-linux-x86_64-fedora-clang, r-devel-linux-x86_64-fedora-gcc, r-devel-osx-x86_64-clang, r-devel-osx-x86_64-gcc, r-patched-linux-x86_64, r-patched-solaris-sparc, r-patched-solaris-x86, r-release-linux-x86_64, r-release-osx-x86_64-mavericks