CRAN Package Check Results for Package SnowballC

Last updated on 2017-12-13 20:49:00 CET.

Flavor Version Tinstall Tcheck Ttotal Status Flags
r-devel-linux-x86_64-debian-clang 0.5.1 6.35 15.82 22.17 NOTE
r-devel-linux-x86_64-debian-gcc 0.5.1 4.42 9.32 13.74 FAIL
r-devel-linux-x86_64-fedora-clang 0.5.1 26.50 NOTE
r-devel-linux-x86_64-fedora-gcc 0.5.1 26.78 NOTE
r-devel-windows-ix86+x86_64 0.5.1 45.00 42.00 87.00 OK
r-patched-linux-x86_64 0.5.1 4.90 16.09 20.99 NOTE
r-patched-solaris-x86 0.5.1 43.00 OK
r-release-linux-x86_64 0.5.1 4.90 15.95 20.85 NOTE
r-release-windows-ix86+x86_64 0.5.1 28.00 33.00 61.00 OK
r-release-osx-x86_64 0.5.1 OK
r-oldrel-windows-ix86+x86_64 0.5.1 23.00 29.00 52.00 OK
r-oldrel-osx-x86_64 0.5.1 OK

Check Details

Version: 0.5.1
Check: compiled code
Result: NOTE
    File ‘SnowballC/libs/SnowballC.so’:
     Found no calls to: ‘R_registerRoutines’, ‘R_useDynamicSymbols’
    
    It is good practice to register native routines and to disable symbol
    search.
    
    See ‘Writing portable packages’ in the ‘Writing R Extensions’ manual.
Flavors: r-devel-linux-x86_64-debian-clang, r-devel-linux-x86_64-fedora-clang, r-devel-linux-x86_64-fedora-gcc, r-patched-linux-x86_64, r-release-linux-x86_64

Version: 0.5.1
Check: pragmas in C/C++ headers and code
Result: FAIL
    
Flavor: r-devel-linux-x86_64-debian-gcc