CRAN Package Check Results for Package SoDA

Last updated on 2014-07-28 03:49:11.

Flavor Version Tinstall Tcheck Ttotal Status Flags
r-devel-linux-x86_64-debian-clang 1.0-6 2.03 15.64 17.67 NOTE
r-devel-linux-x86_64-debian-gcc 1.0-6 2.06 15.64 17.70 NOTE
r-devel-linux-x86_64-fedora-clang 1.0-6 36.16 NOTE
r-devel-linux-x86_64-fedora-gcc 1.0-6 34.14 NOTE
r-devel-osx-x86_64-clang 1.0-6 35.33 NOTE
r-devel-windows-ix86+x86_64 1.0-6 12.00 28.00 40.00 NOTE
r-patched-linux-x86_64 1.0-6 2.19 15.52 17.71 NOTE
r-patched-solaris-sparc 1.0-6 204.50 NOTE
r-patched-solaris-x86 1.0-6 51.00 NOTE
r-release-linux-ix86 1.0-6 2.89 23.61 26.50 NOTE
r-release-linux-x86_64 1.0-6 2.16 16.23 18.40 NOTE
r-release-osx-x86_64-mavericks 1.0-6 NOTE
r-release-windows-ix86+x86_64 1.0-6 15.00 29.00 44.00 NOTE
r-oldrel-windows-ix86+x86_64 1.0-6 12.00 30.00 42.00 NOTE

Check Details

Version: 1.0-6
Check: top-level files
Result: NOTE
    File
     LICENSE
    is not mentioned in the DESCRIPTION file.
Flavors: r-devel-linux-x86_64-debian-clang, r-devel-linux-x86_64-debian-gcc, r-devel-linux-x86_64-fedora-clang, r-devel-linux-x86_64-fedora-gcc, r-devel-osx-x86_64-clang, r-devel-windows-ix86+x86_64, r-patched-linux-x86_64, r-patched-solaris-sparc, r-patched-solaris-x86, r-release-linux-ix86, r-release-linux-x86_64, r-release-osx-x86_64-mavericks, r-release-windows-ix86+x86_64, r-oldrel-windows-ix86+x86_64

Version: 1.0-6
Check: dependencies in R code
Result: NOTE
    Package in Depends field not imported from: methods
     These packages need to be imported from (in the NAMESPACE file)
     for when this namespace is loaded but not attached.
    Missing or unexported object: base::WHAT
    See the information on DESCRIPTION files in the chapter Creating R
    packages of the Writing R Extensions manual.
Flavors: r-devel-linux-x86_64-debian-clang, r-devel-linux-x86_64-debian-gcc, r-devel-linux-x86_64-fedora-clang, r-devel-linux-x86_64-fedora-gcc, r-devel-osx-x86_64-clang, r-devel-windows-ix86+x86_64, r-patched-linux-x86_64, r-patched-solaris-sparc, r-patched-solaris-x86, r-release-linux-ix86, r-release-linux-x86_64, r-release-osx-x86_64-mavericks, r-release-windows-ix86+x86_64, r-oldrel-windows-ix86+x86_64