CRAN Package Check Results for Package SoDA

Last updated on 2014-09-16 19:48:44.

Flavor Version Tinstall Tcheck Ttotal Status Flags
r-devel-linux-x86_64-debian-clang 1.0-6 1.94 16.05 17.99 NOTE
r-devel-linux-x86_64-debian-gcc 1.0-6 2.16 16.44 18.60 NOTE
r-devel-linux-x86_64-fedora-clang 1.0-6 34.46 NOTE
r-devel-linux-x86_64-fedora-gcc 1.0-6 33.83 NOTE
r-devel-osx-x86_64-clang 1.0-6 33.95 NOTE
r-devel-windows-ix86+x86_64 1.0-6 12.00 28.00 40.00 NOTE
r-patched-linux-x86_64 1.0-6 2.19 15.67 17.86 NOTE
r-patched-solaris-sparc 1.0-6 227.00 NOTE
r-patched-solaris-x86 1.0-6 48.60 NOTE
r-release-linux-ix86 1.0-6 2.90 24.17 27.07 NOTE
r-release-linux-x86_64 1.0-6 2.12 17.86 19.98 NOTE
r-release-osx-x86_64-mavericks 1.0-6 NOTE
r-release-windows-ix86+x86_64 1.0-6 15.00 29.00 44.00 NOTE
r-oldrel-windows-ix86+x86_64 1.0-6 12.00 30.00 42.00 NOTE

Check Details

Version: 1.0-6
Check: top-level files
Result: NOTE
    File
     LICENSE
    is not mentioned in the DESCRIPTION file.
Flavors: r-devel-linux-x86_64-debian-clang, r-devel-linux-x86_64-debian-gcc, r-devel-linux-x86_64-fedora-clang, r-devel-linux-x86_64-fedora-gcc, r-devel-osx-x86_64-clang, r-devel-windows-ix86+x86_64, r-patched-linux-x86_64, r-patched-solaris-sparc, r-patched-solaris-x86, r-release-linux-ix86, r-release-linux-x86_64, r-release-osx-x86_64-mavericks, r-release-windows-ix86+x86_64, r-oldrel-windows-ix86+x86_64

Version: 1.0-6
Check: dependencies in R code
Result: NOTE
    Package in Depends field not imported from: ‘methods’
     These packages need to be imported from (in the NAMESPACE file)
     for when this namespace is loaded but not attached.
    Missing or unexported object: ‘base::WHAT’
    See the information on DESCRIPTION files in the chapter ‘Creating R
    packages’ of the ‘Writing R Extensions’ manual.
Flavors: r-devel-linux-x86_64-debian-clang, r-devel-linux-x86_64-debian-gcc, r-devel-linux-x86_64-fedora-clang, r-devel-linux-x86_64-fedora-gcc, r-devel-osx-x86_64-clang, r-devel-windows-ix86+x86_64, r-patched-linux-x86_64, r-patched-solaris-sparc, r-patched-solaris-x86, r-release-linux-ix86, r-release-linux-x86_64, r-release-osx-x86_64-mavericks, r-release-windows-ix86+x86_64, r-oldrel-windows-ix86+x86_64

Version: 1.0-6
Check: foreign function calls
Result: NOTE
    Call with DUP:
     .Fortran("GEODISTV", as.double(lat1), as.double(lon1), as.double(lat2),
     as.double(lon2), dist = double(nok), as.integer(nok), DUP = DUP,
     PACKAGE = "SoDA")
    DUP is no longer supported and will be ignored.
Flavors: r-devel-linux-x86_64-debian-clang, r-devel-linux-x86_64-debian-gcc, r-devel-linux-x86_64-fedora-clang, r-devel-linux-x86_64-fedora-gcc, r-devel-osx-x86_64-clang

Version: 1.0-6
Check: foreign function calls
Result: NOTE
    Call with DUP != TRUE:
     .Fortran("GEODISTV", as.double(lat1), as.double(lon1), as.double(lat2),
     as.double(lon2), dist = double(nok), as.integer(nok), DUP = DUP,
     PACKAGE = "SoDA")
    DUP = FALSE is deprecated and may be disabled in future versions of R.
Flavor: r-patched-linux-x86_64

Version: 1.0-6
Check: foreign function calls
Result: NOTE
    Call with DUP != TRUE:
     .Fortran("GEODISTV", as.double(lat1), as.double(lon1), as.double(lat2),
     as.double(lon2), dist = double(nok), as.integer(nok), DUP = DUP,
     PACKAGE = "SoDA")
    DUP = FALSE is deprecated and will be disabled in future versions of R.
Flavors: r-patched-solaris-sparc, r-patched-solaris-x86