CRAN Package Check Results for Package SoDA

Last updated on 2015-04-19 19:52:03.

Flavor Version Tinstall Tcheck Ttotal Status Flags
r-devel-linux-x86_64-debian-clang 1.0-6 2.09 15.65 17.74 NOTE
r-devel-linux-x86_64-debian-gcc 1.0-6 2.03 15.14 17.17 NOTE
r-devel-linux-x86_64-fedora-clang 1.0-6 33.97 NOTE
r-devel-linux-x86_64-fedora-gcc 1.0-6 32.06 NOTE
r-devel-osx-x86_64-clang 1.0-6 36.11 NOTE
r-devel-windows-ix86+x86_64 1.0-6 13.00 30.00 43.00 NOTE
r-patched-linux-x86_64 1.0-6 2.05 15.41 17.46 NOTE
r-patched-solaris-sparc 1.0-6 221.40 NOTE
r-patched-solaris-x86 1.0-6 49.50 NOTE
r-release-linux-x86_64 1.0-6 2.08 15.78 17.86 NOTE
r-release-osx-x86_64-mavericks 1.0-6 NOTE
r-release-osx-x86_64-snowleopard 1.0-6 NOTE
r-release-windows-ix86+x86_64 1.0-6 10.00 34.00 44.00 NOTE
r-oldrel-windows-ix86+x86_64 1.0-6 17.00 32.00 49.00 NOTE

Check Details

Version: 1.0-6
Check: top-level files
Result: NOTE
    File
     LICENSE
    is not mentioned in the DESCRIPTION file.
Flavors: r-devel-linux-x86_64-debian-clang, r-devel-linux-x86_64-debian-gcc, r-devel-linux-x86_64-fedora-clang, r-devel-linux-x86_64-fedora-gcc, r-devel-osx-x86_64-clang, r-devel-windows-ix86+x86_64, r-patched-linux-x86_64, r-patched-solaris-sparc, r-patched-solaris-x86, r-release-linux-x86_64, r-release-osx-x86_64-mavericks, r-release-osx-x86_64-snowleopard, r-release-windows-ix86+x86_64, r-oldrel-windows-ix86+x86_64

Version: 1.0-6
Check: dependencies in R code
Result: NOTE
    Package in Depends field not imported from: ‘methods’
     These packages need to be imported from (in the NAMESPACE file)
     for when this namespace is loaded but not attached.
    Missing or unexported object: ‘base::WHAT’
Flavors: r-devel-linux-x86_64-debian-clang, r-devel-linux-x86_64-debian-gcc, r-devel-linux-x86_64-fedora-clang, r-devel-linux-x86_64-fedora-gcc, r-devel-osx-x86_64-clang, r-devel-windows-ix86+x86_64, r-patched-linux-x86_64, r-patched-solaris-sparc, r-patched-solaris-x86, r-release-linux-x86_64, r-release-osx-x86_64-mavericks, r-release-osx-x86_64-snowleopard, r-release-windows-ix86+x86_64, r-oldrel-windows-ix86+x86_64

Version: 1.0-6
Check: foreign function calls
Result: NOTE
    Call with DUP:
     .Fortran("GEODISTV", as.double(lat1), as.double(lon1), as.double(lat2),
     as.double(lon2), dist = double(nok), as.integer(nok), DUP = DUP,
     PACKAGE = "SoDA")
    DUP is no longer supported and will be ignored.
Flavors: r-devel-linux-x86_64-debian-clang, r-devel-linux-x86_64-debian-gcc, r-devel-linux-x86_64-fedora-clang, r-devel-linux-x86_64-fedora-gcc, r-devel-osx-x86_64-clang, r-devel-windows-ix86+x86_64, r-patched-linux-x86_64, r-patched-solaris-sparc, r-patched-solaris-x86, r-release-linux-x86_64, r-release-osx-x86_64-mavericks, r-release-osx-x86_64-snowleopard, r-release-windows-ix86+x86_64

Version: 1.0-6
Check: foreign function calls
Result: NOTE
    Call with DUP != TRUE:
     .Fortran("GEODISTV", as.double(lat1), as.double(lon1), as.double(lat2),
     as.double(lon2), dist = double(nok), as.integer(nok), DUP = DUP,
     PACKAGE = "SoDA")
    DUP = FALSE is deprecated and will be disabled in future versions of R.
Flavor: r-oldrel-windows-ix86+x86_64