CRAN Package Check Results for Package SoDA

Last updated on 2015-07-01 06:48:56.

Flavor Version Tinstall Tcheck Ttotal Status Flags
r-devel-linux-x86_64-debian-clang 1.0-6 1.99 15.78 17.77 NOTE
r-devel-linux-x86_64-debian-gcc 1.0-6 1.98 15.19 17.17 NOTE
r-devel-linux-x86_64-fedora-clang 1.0-6 32.36 NOTE
r-devel-linux-x86_64-fedora-gcc 1.0-6 31.40 NOTE
r-devel-osx-x86_64-clang 1.0-6 31.55 NOTE
r-devel-windows-ix86+x86_64 1.0-6 21.00 30.00 51.00 NOTE
r-patched-linux-x86_64 1.0-6 2.06 15.64 17.70 NOTE
r-patched-solaris-sparc 1.0-6 193.90 NOTE
r-patched-solaris-x86 1.0-6 48.60 NOTE
r-release-linux-x86_64 1.0-6 2.03 15.38 17.40 NOTE
r-release-osx-x86_64-mavericks 1.0-6 NOTE
r-release-windows-ix86+x86_64 1.0-6 13.00 29.00 42.00 NOTE
r-oldrel-windows-ix86+x86_64 1.0-6 17.00 32.00 49.00 NOTE

Check Details

Version: 1.0-6
Check: top-level files
Result: NOTE
    File
     LICENSE
    is not mentioned in the DESCRIPTION file.
Flavors: r-devel-linux-x86_64-debian-clang, r-devel-linux-x86_64-debian-gcc, r-devel-linux-x86_64-fedora-clang, r-devel-linux-x86_64-fedora-gcc, r-devel-osx-x86_64-clang, r-devel-windows-ix86+x86_64, r-patched-linux-x86_64, r-patched-solaris-sparc, r-patched-solaris-x86, r-release-linux-x86_64, r-release-osx-x86_64-mavericks, r-release-windows-ix86+x86_64, r-oldrel-windows-ix86+x86_64

Version: 1.0-6
Check: dependencies in R code
Result: NOTE
    Package in Depends field not imported from: ‘methods’
     These packages need to be imported from (in the NAMESPACE file)
     for when this namespace is loaded but not attached.
    Missing or unexported object: ‘base::WHAT’
Flavors: r-devel-linux-x86_64-debian-clang, r-devel-linux-x86_64-debian-gcc, r-devel-linux-x86_64-fedora-clang, r-devel-linux-x86_64-fedora-gcc, r-devel-osx-x86_64-clang, r-devel-windows-ix86+x86_64, r-patched-linux-x86_64, r-patched-solaris-sparc, r-patched-solaris-x86, r-release-linux-x86_64, r-release-osx-x86_64-mavericks, r-release-windows-ix86+x86_64, r-oldrel-windows-ix86+x86_64

Version: 1.0-6
Check: foreign function calls
Result: NOTE
    Call with DUP:
     .Fortran("GEODISTV", as.double(lat1), as.double(lon1), as.double(lat2),
     as.double(lon2), dist = double(nok), as.integer(nok), DUP = DUP,
     PACKAGE = "SoDA")
    DUP is no longer supported and will be ignored.
Flavors: r-devel-linux-x86_64-debian-clang, r-devel-linux-x86_64-debian-gcc, r-devel-linux-x86_64-fedora-clang, r-devel-linux-x86_64-fedora-gcc, r-devel-osx-x86_64-clang, r-devel-windows-ix86+x86_64, r-patched-linux-x86_64, r-patched-solaris-sparc, r-patched-solaris-x86, r-release-linux-x86_64, r-release-osx-x86_64-mavericks, r-release-windows-ix86+x86_64

Version: 1.0-6
Check: R code for possible problems
Result: NOTE
    .functionDocEl: no visible global function definition for ‘elNamed’
    .isFunctionDoc: no visible global function definition for ‘elNamed’
    .makeStrictEnv: no visible global function definition for ‘getGeneric’
    .makeStrictEnv: no visible global function definition for
     ‘getGroupMembers’
    .sourceAsDemo: no visible global function definition for ‘new’
    binaryRep: no visible global function definition for ‘new’
    demoSource: no visible global function definition for ‘is’
    dropFormula: no visible global function definition for ‘terms’
    dropFormula: no visible global function definition for ‘as.formula’
    dropModel: no visible global function definition for ‘update’
    dropModel: no visible global function definition for ‘resid’
    exampleFiles: Error while checking: invalid ‘envir’ argument
    jitterXY: no visible global function definition for ‘runif’
    localRFiles: no visible global function definition for ‘menu’
    packageAdd: no visible global function definition for ‘is’
    packageAdd: no visible global function definition for ‘metaNameUndo’
    packageAdd: no visible global function definition for ‘packageSlot<-’
    packageAdd: no visible global function definition for ‘promptMethods’
    packageAdd: no visible global function definition for ‘promptClass’
    promptAll: no visible binding for global variable ‘elNamed’
    promptAll: no visible global function definition for ‘elNamed<-’
    randomSlippage: no visible global function definition for ‘runif’
    recoverHandler: no visible global function definition for ‘recover’
    resetSeed: no visible global function definition for ‘is’
    scanGPSTrack: no visible global function definition for ‘new’
    showCall: no visible global function definition for ‘is’
    showLanguage: no visible global function definition for ‘showDefault’
    simulationResult: no visible global function definition for ‘new’
    strictOp: no visible global function definition for ‘getGeneric’
    show,randomGeneratorState: no visible global function definition for
     ‘callNextMethod’
    show,simulationResult: no visible global function definition for ‘show’
Flavors: r-devel-linux-x86_64-debian-clang, r-devel-linux-x86_64-debian-gcc, r-devel-linux-x86_64-fedora-clang, r-devel-linux-x86_64-fedora-gcc

Version: 1.0-6
Check: foreign function calls
Result: NOTE
    Call with DUP != TRUE:
     .Fortran("GEODISTV", as.double(lat1), as.double(lon1), as.double(lat2),
     as.double(lon2), dist = double(nok), as.integer(nok), DUP = DUP,
     PACKAGE = "SoDA")
    DUP = FALSE is deprecated and will be disabled in future versions of R.
Flavor: r-oldrel-windows-ix86+x86_64