CRAN Package Check Results for Package Sojourn

Last updated on 2020-10-01 02:53:07 CEST.

Flavor Version Tinstall Tcheck Ttotal Status Flags
r-devel-linux-x86_64-debian-clang 0.1.0 4.52 82.10 86.62 OK
r-devel-linux-x86_64-debian-gcc 0.1.0 4.54 62.14 66.68 OK
r-devel-linux-x86_64-fedora-clang 0.1.0 118.47 NOTE
r-devel-linux-x86_64-fedora-gcc 0.1.0 110.37 NOTE
r-devel-windows-ix86+x86_64 0.1.0 13.00 103.00 116.00 OK
r-patched-linux-x86_64 0.1.0 4.11 77.30 81.41 OK
r-patched-solaris-x86 0.1.0 137.90 NOTE
r-release-linux-x86_64 0.1.0 5.63 75.35 80.98 OK
r-release-macos-x86_64 0.1.0 NOTE
r-release-windows-ix86+x86_64 0.1.0 15.00 103.00 118.00 OK
r-oldrel-macos-x86_64 0.1.0 NOTE
r-oldrel-windows-ix86+x86_64 0.1.0 11.00 233.00 244.00 OK

Check Details

Version: 0.1.0
Check: dependencies in R code
Result: NOTE
    Namespaces in Imports field not imported from:
     ‘AGread’ ‘caret’
     All declared Imports should be used.
Flavors: r-devel-linux-x86_64-fedora-clang, r-devel-linux-x86_64-fedora-gcc, r-patched-solaris-x86, r-release-macos-x86_64, r-oldrel-macos-x86_64