CRAN Package Check Results for Package Sojourn

Last updated on 2020-01-26 17:50:03 CET.

Flavor Version Tinstall Tcheck Ttotal Status Flags
r-devel-linux-x86_64-debian-clang 0.1.0 6.68 75.87 82.55 OK
r-devel-linux-x86_64-debian-gcc 0.1.0 5.39 58.39 63.78 OK
r-devel-linux-x86_64-fedora-clang 0.1.0 98.89 NOTE
r-devel-linux-x86_64-fedora-gcc 0.1.0 96.11 NOTE
r-devel-windows-ix86+x86_64 0.1.0 24.00 132.00 156.00 OK
r-devel-windows-ix86+x86_64-gcc8 0.1.0 30.00 98.00 128.00 OK
r-patched-linux-x86_64 0.1.0 5.73 66.24 71.97 OK
r-patched-solaris-x86 0.1.0 125.90 NOTE
r-release-linux-x86_64 0.1.0 5.31 65.63 70.94 OK
r-release-windows-ix86+x86_64 0.1.0 11.00 84.00 95.00 OK
r-release-osx-x86_64 0.1.0 NOTE
r-oldrel-windows-ix86+x86_64 0.1.0 9.00 83.00 92.00 OK
r-oldrel-osx-x86_64 0.1.0 NOTE

Check Details

Version: 0.1.0
Check: dependencies in R code
Result: NOTE
    Namespaces in Imports field not imported from:
     ‘AGread’ ‘caret’
     All declared Imports should be used.
Flavors: r-devel-linux-x86_64-fedora-clang, r-devel-linux-x86_64-fedora-gcc, r-patched-solaris-x86, r-release-osx-x86_64, r-oldrel-osx-x86_64