CRAN Package Check Results for Package SorptionAnalysis

Last updated on 2023-05-29 18:56:42 CEST.

Flavor Version Tinstall Tcheck Ttotal Status Flags
r-devel-linux-x86_64-debian-clang 0.1.0 1.84 19.98 21.82 NOTE
r-devel-linux-x86_64-debian-gcc 0.1.0 1.47 15.88 17.35 NOTE
r-devel-linux-x86_64-fedora-clang 0.1.0 27.99 NOTE
r-devel-linux-x86_64-fedora-gcc 0.1.0 29.31 NOTE
r-devel-windows-x86_64 0.1.0 3.00 36.00 39.00 NOTE
r-patched-linux-x86_64 0.1.0 1.89 19.73 21.62 NOTE
r-release-linux-x86_64 0.1.0 1.70 19.51 21.21 NOTE
r-release-macos-arm64 0.1.0 15.00 NOTE
r-release-macos-x86_64 0.1.0 18.00 NOTE
r-release-windows-x86_64 0.1.0 4.00 41.00 45.00 NOTE
r-oldrel-macos-arm64 0.1.0 14.00 NOTE
r-oldrel-macos-x86_64 0.1.0 20.00 NOTE
r-oldrel-windows-x86_64 0.1.0 5.00 41.00 46.00 NOTE

Check Details

Version: 0.1.0
Check: LazyData
Result: NOTE
     'LazyData' is specified without a 'data' directory
Flavors: r-devel-linux-x86_64-debian-clang, r-devel-linux-x86_64-debian-gcc, r-devel-linux-x86_64-fedora-clang, r-devel-linux-x86_64-fedora-gcc, r-devel-windows-x86_64, r-patched-linux-x86_64, r-release-linux-x86_64, r-release-macos-arm64, r-release-macos-x86_64, r-release-windows-x86_64, r-oldrel-macos-arm64, r-oldrel-macos-x86_64, r-oldrel-windows-x86_64