CRAN Package Check Results for Package SorptionAnalysis

Last updated on 2022-01-21 10:54:12 CET.

Flavor Version Tinstall Tcheck Ttotal Status Flags
r-devel-linux-x86_64-debian-clang 0.1.0 1.75 28.01 29.76 NOTE
r-devel-linux-x86_64-debian-gcc 0.1.0 1.57 22.14 23.71 NOTE
r-devel-linux-x86_64-fedora-clang 0.1.0 37.64 NOTE
r-devel-linux-x86_64-fedora-gcc 0.1.0 26.38 NOTE
r-devel-windows-x86_64-new-UL 0.1.0 46.00 43.00 89.00 NOTE
r-devel-windows-x86_64-new-TK 0.1.0 NOTE
r-patched-linux-x86_64 0.1.0 2.00 27.35 29.35 NOTE
r-release-linux-x86_64 0.1.0 1.82 26.90 28.72 NOTE
r-release-macos-arm64 0.1.0 NOTE
r-release-macos-x86_64 0.1.0 NOTE
r-release-windows-ix86+x86_64 0.1.0 5.00 31.00 36.00 NOTE
r-oldrel-macos-x86_64 0.1.0 OK
r-oldrel-windows-ix86+x86_64 0.1.0 5.00 30.00 35.00 OK

Check Details

Version: 0.1.0
Check: LazyData
Result: NOTE
     'LazyData' is specified without a 'data' directory
Flavors: r-devel-linux-x86_64-debian-clang, r-devel-linux-x86_64-debian-gcc, r-devel-linux-x86_64-fedora-clang, r-devel-linux-x86_64-fedora-gcc, r-devel-windows-x86_64-new-UL, r-devel-windows-x86_64-new-TK, r-patched-linux-x86_64, r-release-linux-x86_64, r-release-macos-arm64, r-release-macos-x86_64, r-release-windows-ix86+x86_64