CRAN Package Check Results for Package SortableHTMLTables

Last updated on 2020-05-27 14:49:06 CEST.

Flavor Version Tinstall Tcheck Ttotal Status Flags
r-devel-linux-x86_64-debian-clang 0.1-3 2.12 23.25 25.37 NOTE
r-devel-linux-x86_64-debian-gcc 0.1-3 1.64 18.71 20.35 NOTE
r-devel-linux-x86_64-fedora-clang 0.1-3 31.89 NOTE
r-devel-linux-x86_64-fedora-gcc 0.1-3 30.22 NOTE
r-devel-windows-ix86+x86_64 0.1-3 10.00 51.00 61.00 NOTE
r-patched-linux-x86_64 0.1-3 2.04 23.05 25.09 NOTE
r-patched-solaris-x86 0.1-3 49.50 NOTE
r-release-linux-x86_64 0.1-3 1.98 23.21 25.19 NOTE
r-release-osx-x86_64 0.1-3 NOTE
r-release-windows-ix86+x86_64 0.1-3 6.00 51.00 57.00 NOTE
r-oldrel-osx-x86_64 0.1-3 NOTE
r-oldrel-windows-ix86+x86_64 0.1-3 5.00 39.00 44.00 NOTE

Check Details

Version: 0.1-3
Check: for hidden files and directories
Result: NOTE
    Found the following hidden files and directories:
     .gitignore
    These were most likely included in error. See section 'Package
    structure' in the 'Writing R Extensions' manual.
Flavors: r-devel-linux-x86_64-debian-clang, r-devel-linux-x86_64-debian-gcc, r-devel-linux-x86_64-fedora-clang, r-devel-linux-x86_64-fedora-gcc, r-devel-windows-ix86+x86_64, r-patched-linux-x86_64, r-patched-solaris-x86, r-release-linux-x86_64, r-release-osx-x86_64, r-release-windows-ix86+x86_64, r-oldrel-osx-x86_64, r-oldrel-windows-ix86+x86_64

Version: 0.1-3
Check: DESCRIPTION meta-information
Result: NOTE
    Malformed Title field: should not end in a period.
    License components which are templates and need '+ file LICENSE':
     MIT
Flavors: r-devel-linux-x86_64-debian-clang, r-devel-linux-x86_64-debian-gcc, r-devel-linux-x86_64-fedora-clang, r-devel-linux-x86_64-fedora-gcc, r-patched-linux-x86_64, r-patched-solaris-x86, r-release-linux-x86_64, r-release-osx-x86_64, r-oldrel-osx-x86_64

Version: 0.1-3
Check: top-level files
Result: NOTE
    Non-standard files/directories found at top level:
     'README.markdown' 'build_package.sh' 'upload.sh'
Flavors: r-devel-linux-x86_64-debian-clang, r-devel-linux-x86_64-debian-gcc, r-devel-linux-x86_64-fedora-clang, r-devel-linux-x86_64-fedora-gcc, r-patched-linux-x86_64, r-release-linux-x86_64

Version: 0.1-3
Check: for non-standard things in the check directory
Result: NOTE
    Found the following files/directories:
     'asc.gif' 'bg.gif' 'desc.gif' 'jquery-1.4.2.js'
     'jquery.tablesorter.js' 'sample.html' 'style.css'
Flavors: r-devel-linux-x86_64-debian-clang, r-devel-linux-x86_64-debian-gcc, r-devel-linux-x86_64-fedora-clang, r-devel-linux-x86_64-fedora-gcc, r-patched-linux-x86_64, r-patched-solaris-x86, r-release-linux-x86_64

Version: 0.1-3
Check: DESCRIPTION meta-information
Result: NOTE
    Malformed Title field: should not end in a period.
Flavors: r-devel-windows-ix86+x86_64, r-release-windows-ix86+x86_64, r-oldrel-windows-ix86+x86_64