CRAN Package Check Results for Package SortableHTMLTables

Last updated on 2019-09-23 09:50:59 CEST.

Flavor Version Tinstall Tcheck Ttotal Status Flags
r-devel-linux-x86_64-debian-clang 0.1-3 1.93 21.52 23.45 NOTE
r-devel-linux-x86_64-debian-gcc 0.1-3 1.60 17.91 19.51 NOTE
r-devel-linux-x86_64-fedora-clang 0.1-3 29.50 NOTE
r-devel-linux-x86_64-fedora-gcc 0.1-3 28.75 NOTE
r-devel-windows-ix86+x86_64 0.1-3 8.00 52.00 60.00 NOTE
r-patched-linux-x86_64 0.1-3 1.66 21.60 23.26 NOTE
r-patched-solaris-x86 0.1-3 47.80 NOTE
r-release-linux-x86_64 0.1-3 1.61 21.41 23.02 NOTE
r-release-windows-ix86+x86_64 0.1-3 7.00 54.00 61.00 NOTE
r-release-osx-x86_64 0.1-3 NOTE
r-oldrel-windows-ix86+x86_64 0.1-3 2.00 36.00 38.00 NOTE
r-oldrel-osx-x86_64 0.1-3 NOTE

Check Details

Version: 0.1-3
Check: for hidden files and directories
Result: NOTE
    Found the following hidden files and directories:
     .gitignore
    These were most likely included in error. See section 'Package
    structure' in the 'Writing R Extensions' manual.
Flavors: r-devel-linux-x86_64-debian-clang, r-devel-linux-x86_64-debian-gcc, r-devel-linux-x86_64-fedora-clang, r-devel-linux-x86_64-fedora-gcc, r-devel-windows-ix86+x86_64, r-patched-linux-x86_64, r-patched-solaris-x86, r-release-linux-x86_64, r-release-windows-ix86+x86_64, r-release-osx-x86_64, r-oldrel-windows-ix86+x86_64, r-oldrel-osx-x86_64

Version: 0.1-3
Check: DESCRIPTION meta-information
Result: NOTE
    Malformed Title field: should not end in a period.
    License components which are templates and need '+ file LICENSE':
     MIT
Flavors: r-devel-linux-x86_64-debian-clang, r-devel-linux-x86_64-debian-gcc, r-devel-linux-x86_64-fedora-clang, r-devel-linux-x86_64-fedora-gcc, r-patched-linux-x86_64, r-patched-solaris-x86, r-release-linux-x86_64, r-release-osx-x86_64, r-oldrel-osx-x86_64

Version: 0.1-3
Check: top-level files
Result: NOTE
    Non-standard files/directories found at top level:
     'README.markdown' 'build_package.sh' 'upload.sh'
Flavors: r-devel-linux-x86_64-debian-clang, r-devel-linux-x86_64-debian-gcc, r-devel-linux-x86_64-fedora-clang, r-devel-linux-x86_64-fedora-gcc, r-patched-linux-x86_64, r-release-linux-x86_64

Version: 0.1-3
Check: for non-standard things in the check directory
Result: NOTE
    Found the following files/directories:
     'asc.gif' 'bg.gif' 'desc.gif' 'jquery-1.4.2.js'
     'jquery.tablesorter.js' 'sample.html' 'style.css'
Flavors: r-devel-linux-x86_64-debian-clang, r-devel-linux-x86_64-debian-gcc, r-devel-linux-x86_64-fedora-clang, r-devel-linux-x86_64-fedora-gcc

Version: 0.1-3
Check: DESCRIPTION meta-information
Result: NOTE
    Malformed Title field: should not end in a period.
Flavors: r-devel-windows-ix86+x86_64, r-release-windows-ix86+x86_64, r-oldrel-windows-ix86+x86_64