CRAN Package Check Results for Package SoyNAM

Last updated on 2019-07-16 07:51:05 CEST.

Flavor Version Tinstall Tcheck Ttotal Status Flags
r-devel-linux-x86_64-debian-clang 1.6 7.22 73.85 81.07 OK
r-devel-linux-x86_64-debian-gcc 1.6 6.72 59.78 66.50 OK
r-devel-linux-x86_64-fedora-clang 1.6 98.59 NOTE
r-devel-linux-x86_64-fedora-gcc 1.6 95.81 OK
r-devel-windows-ix86+x86_64 1.6 22.00 83.00 105.00 NOTE
r-patched-linux-x86_64 1.6 6.80 73.01 79.81 OK
r-patched-solaris-x86 1.6 176.20 NOTE
r-release-linux-x86_64 1.6 8.15 72.19 80.34 OK
r-release-windows-ix86+x86_64 1.6 16.00 114.00 130.00 NOTE
r-release-osx-x86_64 1.6 NOTE
r-oldrel-windows-ix86+x86_64 1.6 14.00 81.00 95.00 NOTE
r-oldrel-osx-x86_64 1.6 NOTE

Check Details

Version: 1.6
Check: installed package size
Result: NOTE
     installed size is 5.3Mb
     sub-directories of 1Mb or more:
     data 5.2Mb
Flavors: r-devel-linux-x86_64-fedora-clang, r-devel-windows-ix86+x86_64, r-patched-solaris-x86, r-release-windows-ix86+x86_64, r-release-osx-x86_64, r-oldrel-windows-ix86+x86_64, r-oldrel-osx-x86_64