CRAN Package Check Results for Package SpaTimeClus

Last updated on 2019-08-24 06:47:31 CEST.

Flavor Version Tinstall Tcheck Ttotal Status Flags
r-devel-linux-x86_64-debian-clang 1.0 71.46 25.65 97.11 NOTE
r-devel-linux-x86_64-debian-gcc 1.0 57.72 20.94 78.66 NOTE
r-devel-linux-x86_64-fedora-clang 1.0 154.66 NOTE
r-devel-linux-x86_64-fedora-gcc 1.0 146.47 NOTE
r-devel-windows-ix86+x86_64 1.0 143.00 86.00 229.00 NOTE
r-patched-linux-x86_64 1.0 61.99 25.70 87.69 NOTE
r-patched-solaris-x86 1.0 147.50 NOTE
r-release-linux-x86_64 1.0 67.56 25.43 92.99 NOTE
r-release-windows-ix86+x86_64 1.0 123.00 89.00 212.00 NOTE
r-release-osx-x86_64 1.0 NOTE
r-oldrel-windows-ix86+x86_64 1.0 178.00 79.00 257.00 OK
r-oldrel-osx-x86_64 1.0 OK

Check Details

Version: 1.0
Check: line endings in C/C++/Fortran sources/headers
Result: NOTE
    Found the following sources/headers not terminated with a newline:
     inst/include/STCXEM.h
     inst/include/STCXEMnonspatial.h
     inst/include/STCXEMspatial.h
     inst/include/STCdata.h
     inst/include/STCmodel.h
     inst/include/STCparam.h
     inst/include/STCtune.h
    Some compilers warn on such files.
Flavors: r-devel-linux-x86_64-debian-clang, r-devel-linux-x86_64-debian-gcc, r-devel-linux-x86_64-fedora-clang, r-devel-linux-x86_64-fedora-gcc, r-devel-windows-ix86+x86_64, r-patched-linux-x86_64, r-patched-solaris-x86, r-release-linux-x86_64, r-release-windows-ix86+x86_64, r-release-osx-x86_64

Version: 1.0
Check: installed package size
Result: NOTE
     installed size is 5.0Mb
     sub-directories of 1Mb or more:
     libs 4.8Mb
Flavor: r-devel-linux-x86_64-fedora-clang

Version: 1.0
Check: compiled code
Result: NOTE
    File ‘SpaTimeClus/libs/SpaTimeClus.so’:
     Found no calls to: ‘R_registerRoutines’, ‘R_useDynamicSymbols’
    
    It is good practice to register native routines and to disable symbol
    search.
    
    See ‘Writing portable packages’ in the ‘Writing R Extensions’ manual.
Flavors: r-devel-linux-x86_64-fedora-clang, r-devel-linux-x86_64-fedora-gcc