CRAN Package Check Results for Package SpaTimeClus

Last updated on 2019-06-17 10:48:31 CEST.

Flavor Version Tinstall Tcheck Ttotal Status Flags
r-devel-linux-x86_64-debian-clang 1.0 68.63 25.24 93.87 NOTE
r-devel-linux-x86_64-debian-gcc 1.0 56.33 20.76 77.09 NOTE
r-devel-linux-x86_64-fedora-clang 1.0 152.70 NOTE
r-devel-linux-x86_64-fedora-gcc 1.0 131.96 NOTE
r-devel-windows-ix86+x86_64 1.0 179.00 60.00 239.00 NOTE
r-patched-linux-x86_64 1.0 66.21 25.35 91.56 NOTE
r-patched-solaris-x86 1.0 145.40 NOTE
r-release-linux-x86_64 1.0 64.69 25.26 89.95 NOTE
r-release-windows-ix86+x86_64 1.0 129.00 86.00 215.00 NOTE
r-release-osx-x86_64 1.0 NOTE
r-oldrel-windows-ix86+x86_64 1.0 113.00 77.00 190.00 OK
r-oldrel-osx-x86_64 1.0 OK

Check Details

Version: 1.0
Check: line endings in C/C++/Fortran sources/headers
Result: NOTE
    Found the following sources/headers not terminated with a newline:
     inst/include/STCXEM.h
     inst/include/STCXEMnonspatial.h
     inst/include/STCXEMspatial.h
     inst/include/STCdata.h
     inst/include/STCmodel.h
     inst/include/STCparam.h
     inst/include/STCtune.h
    Some compilers warn on such files.
Flavors: r-devel-linux-x86_64-debian-clang, r-devel-linux-x86_64-debian-gcc, r-devel-linux-x86_64-fedora-clang, r-devel-linux-x86_64-fedora-gcc, r-devel-windows-ix86+x86_64, r-patched-linux-x86_64, r-patched-solaris-x86, r-release-linux-x86_64, r-release-windows-ix86+x86_64, r-release-osx-x86_64

Version: 1.0
Check: compiled code
Result: NOTE
    File ‘SpaTimeClus/libs/SpaTimeClus.so’:
     Found no calls to: ‘R_registerRoutines’, ‘R_useDynamicSymbols’
    
    It is good practice to register native routines and to disable symbol
    search.
    
    See ‘Writing portable packages’ in the ‘Writing R Extensions’ manual.
Flavors: r-devel-linux-x86_64-fedora-clang, r-devel-linux-x86_64-fedora-gcc