CRAN Package Check Results for Package SpaceTimeBSS

Last updated on 2022-11-29 01:52:20 CET.

Flavor Version Tinstall Tcheck Ttotal Status Flags
r-devel-linux-x86_64-debian-clang 0.1-0 55.06 91.94 147.00 OK
r-devel-linux-x86_64-debian-gcc 0.1-0 46.12 67.45 113.57 OK
r-devel-linux-x86_64-fedora-clang 0.1-0 215.02 OK
r-devel-linux-x86_64-fedora-gcc 0.1-0 196.12 OK
r-devel-windows-x86_64 0.1-0 49.00 137.00 186.00 OK
r-patched-linux-x86_64 0.1-0 46.56 86.15 132.71 OK
r-release-linux-x86_64 0.1-0 47.87 85.78 133.65 OK
r-release-macos-arm64 0.1-0 53.00 NOTE
r-release-macos-x86_64 0.1-0 66.00 OK
r-release-windows-x86_64 0.1-0 57.00 134.00 191.00 OK
r-oldrel-macos-arm64 0.1-0 47.00 OK
r-oldrel-macos-x86_64 0.1-0 68.00 OK
r-oldrel-windows-ix86+x86_64 0.1-0 139.00 152.00 291.00 OK

Check Details

Version: 0.1-0
Check: package dependencies
Result: NOTE
    Package suggested but not available for checking: ‘sftime’
Flavor: r-release-macos-arm64

Version: 0.1-0
Check: Rd cross-references
Result: NOTE
    Package unavailable to check Rd xrefs: ‘sftime’
Flavor: r-release-macos-arm64