CRAN Package Check Results for Package SparseGrid

Last updated on 2019-05-21 02:47:27 CEST.

Flavor Version Tinstall Tcheck Ttotal Status Flags
r-devel-linux-x86_64-debian-clang 0.8.2 2.37 44.83 47.20 NOTE
r-devel-linux-x86_64-debian-gcc 0.8.2 2.00 33.20 35.20 NOTE
r-devel-linux-x86_64-fedora-clang 0.8.2 55.95 NOTE
r-devel-linux-x86_64-fedora-gcc 0.8.2 53.87 NOTE
r-devel-windows-ix86+x86_64 0.8.2 9.00 75.00 84.00 NOTE
r-patched-linux-x86_64 0.8.2 2.48 43.66 46.14 NOTE
r-patched-solaris-x86 0.8.2 77.10 NOTE
r-release-linux-x86_64 0.8.2 2.40 44.38 46.78 NOTE
r-release-windows-ix86+x86_64 0.8.2 6.00 75.00 81.00 NOTE
r-release-osx-x86_64 0.8.2 NOTE
r-oldrel-windows-ix86+x86_64 0.8.2 3.00 55.00 58.00 NOTE
r-oldrel-osx-x86_64 0.8.2 NOTE

Check Details

Version: 0.8.2
Check: DESCRIPTION meta-information
Result: NOTE
    Malformed Description field: should contain one or more complete sentences.
Flavors: r-devel-linux-x86_64-debian-clang, r-devel-linux-x86_64-debian-gcc, r-devel-linux-x86_64-fedora-clang, r-devel-linux-x86_64-fedora-gcc, r-devel-windows-ix86+x86_64, r-patched-linux-x86_64, r-patched-solaris-x86, r-release-linux-x86_64, r-release-windows-ix86+x86_64, r-release-osx-x86_64, r-oldrel-windows-ix86+x86_64, r-oldrel-osx-x86_64