CRAN Package Check Results for Package SparseGrid

Last updated on 2020-06-07 05:47:51 CEST.

Flavor Version Tinstall Tcheck Ttotal Status Flags
r-devel-linux-x86_64-debian-clang 0.8.2 2.48 51.66 54.14 NOTE
r-devel-linux-x86_64-debian-gcc 0.8.2 2.09 35.84 37.93 NOTE
r-devel-linux-x86_64-fedora-clang 0.8.2 73.69 NOTE
r-devel-linux-x86_64-fedora-gcc 0.8.2 63.58 NOTE
r-devel-windows-ix86+x86_64 0.8.2 11.00 80.00 91.00 NOTE
r-patched-linux-x86_64 0.8.2 2.88 50.53 53.41 NOTE
r-patched-solaris-x86 0.8.2 87.00 NOTE
r-release-linux-x86_64 0.8.2 2.84 50.37 53.21 NOTE
r-release-osx-x86_64 0.8.2 NOTE
r-release-windows-ix86+x86_64 0.8.2 6.00 80.00 86.00 NOTE
r-oldrel-osx-x86_64 0.8.2 NOTE
r-oldrel-windows-ix86+x86_64 0.8.2 8.00 57.00 65.00 NOTE

Check Details

Version: 0.8.2
Check: DESCRIPTION meta-information
Result: NOTE
    Malformed Description field: should contain one or more complete sentences.
Flavors: r-devel-linux-x86_64-debian-clang, r-devel-linux-x86_64-debian-gcc, r-devel-linux-x86_64-fedora-clang, r-devel-linux-x86_64-fedora-gcc, r-devel-windows-ix86+x86_64, r-patched-linux-x86_64, r-patched-solaris-x86, r-release-linux-x86_64, r-release-osx-x86_64, r-release-windows-ix86+x86_64, r-oldrel-osx-x86_64, r-oldrel-windows-ix86+x86_64