CRAN Package Check Results for Package SparseM

Last updated on 2014-04-23 17:47:54.

Flavor Version Tinstall Tcheck Ttotal Status Flags
r-devel-linux-x86_64-debian-clang 1.03 6.86 29.75 36.61 NOTE
r-devel-linux-x86_64-debian-gcc 1.03 5.74 29.30 35.04 NOTE
r-devel-linux-x86_64-fedora-clang 1.03 68.29 NOTE
r-devel-linux-x86_64-fedora-gcc 1.03 67.35 NOTE
r-devel-osx-x86_64-clang 1.03 55.46 NOTE
r-devel-osx-x86_64-gcc 1.03 NOTE
r-devel-windows-ix86+x86_64 1.03 17.00 49.00 66.00 NOTE
r-patched-linux-x86_64 1.03 7.48 28.91 36.39 NOTE
r-patched-solaris-sparc 1.03 421.30 NOTE
r-patched-solaris-x86 1.03 105.70 NOTE
r-release-linux-ix86 1.03 7.00 55.00 62.00 NOTE
r-release-linux-x86_64 1.03 7.36 29.13 36.49 NOTE
r-release-osx-x86_64-mavericks 1.03 WARN
r-release-windows-ix86+x86_64 1.03 26.00 66.00 92.00 NOTE
r-oldrel-windows-ix86+x86_64 1.03 18.00 53.00 71.00 NOTE

Check Details

Version: 1.03
Check: dependencies in R code
Result: NOTE
    ':::' call which should be '::': ‘stats:::model.response’
     See the note in ?`:::` about the use of this operator.
    See the information on DESCRIPTION files in the chapter ‘Creating R
    packages’ of the ‘Writing R Extensions’ manual.
Flavors: r-devel-linux-x86_64-debian-clang, r-devel-linux-x86_64-debian-gcc, r-devel-linux-x86_64-fedora-clang, r-devel-linux-x86_64-fedora-gcc, r-devel-osx-x86_64-clang, r-devel-osx-x86_64-gcc, r-devel-windows-ix86+x86_64, r-patched-linux-x86_64, r-patched-solaris-sparc, r-patched-solaris-x86, r-release-linux-ix86, r-release-linux-x86_64, r-release-osx-x86_64-mavericks, r-release-windows-ix86+x86_64, r-oldrel-windows-ix86+x86_64

Version: 1.03
Check: PDF version of manual
Result: WARNING
    LaTeX errors when creating PDF version.
    This typically indicates Rd problems.
    LaTeX errors found:
    ! LaTeX Error: File `upquote.sty' not found.
    
    Type X to quit or <RETURN> to proceed,
    or enter new name. (Default extension: sty)
    
    57d5a42/Rd2.tex:8: ==> Fatal error occurred, no output PDF file produced!
Flavor: r-release-osx-x86_64-mavericks