CRAN Package Check Results for Package SparseM

Last updated on 2015-07-01 19:48:05.

Flavor Version Tinstall Tcheck Ttotal Status Flags
r-devel-linux-x86_64-debian-clang 1.6 4.84 29.24 34.08 NOTE
r-devel-linux-x86_64-debian-gcc 1.6 4.90 27.54 32.44 NOTE
r-devel-linux-x86_64-fedora-clang 1.6 61.55 NOTE
r-devel-linux-x86_64-fedora-gcc 1.6 59.07 NOTE
r-devel-osx-x86_64-clang 1.6 57.85 NOTE
r-devel-windows-ix86+x86_64 1.6 29.00 45.00 74.00 NOTE
r-patched-linux-x86_64 1.6 4.92 27.94 32.86 NOTE
r-patched-solaris-sparc 1.6 426.20 NOTE
r-patched-solaris-x86 1.6 96.20 NOTE
r-release-linux-x86_64 1.6 7.04 27.89 34.94 NOTE
r-release-osx-x86_64-mavericks 1.6 NOTE
r-release-windows-ix86+x86_64 1.6 20.00 49.00 69.00 NOTE
r-oldrel-windows-ix86+x86_64 1.6 24.00 54.00 78.00 OK

Check Details

Version: 1.6
Check: DESCRIPTION meta-information
Result: NOTE
    Malformed Description field: should contain one or more complete sentences.
Flavors: r-devel-linux-x86_64-debian-clang, r-devel-linux-x86_64-debian-gcc, r-devel-linux-x86_64-fedora-clang, r-devel-linux-x86_64-fedora-gcc, r-devel-osx-x86_64-clang, r-devel-windows-ix86+x86_64, r-patched-linux-x86_64, r-patched-solaris-sparc, r-patched-solaris-x86, r-release-linux-x86_64, r-release-osx-x86_64-mavericks, r-release-windows-ix86+x86_64

Version: 1.6
Check: S3 generic/method consistency
Result: NOTE
    Found the following apparent S3 methods exported but not registered:
     as.matrix.coo as.matrix.csc as.matrix.csr as.matrix.ssc as.matrix.ssr
     is.matrix.coo is.matrix.csc is.matrix.csr is.matrix.ssc is.matrix.ssr
    See section ‘Registering S3 methods’ in the ‘Writing R Extensions’
    manual.
Flavors: r-devel-linux-x86_64-debian-clang, r-devel-linux-x86_64-debian-gcc, r-devel-linux-x86_64-fedora-clang, r-devel-linux-x86_64-fedora-gcc, r-devel-osx-x86_64-clang, r-patched-linux-x86_64, r-patched-solaris-sparc, r-patched-solaris-x86, r-release-linux-x86_64

Version: 1.6
Check: R code for possible problems
Result: NOTE
    .csc.ssc: no visible global function definition for ‘new’
    .csr.coo: no visible global function definition for ‘new’
    .csr.relation: no visible global function definition for ‘new’
    .csr.ssr: no visible global function definition for ‘new’
    .kron.matrix.csr: no visible global function definition for ‘new’
    .matmul.matrix.csr: no visible global function definition for ‘new’
    .matrix.csr.addsub: no visible global function definition for ‘new’
    .matrix.csr.compl: no visible global function definition for ‘new’
    .matrix.csr.elediv: no visible global function definition for ‘new’
    .matrix.csr.elemul: no visible global function definition for ‘as’
    .matrix.csr.elemul: no visible global function definition for ‘new’
    .matrix.csr.expo: no visible global function definition for ‘new’
    .matrix.csr.intdiv: no visible global function definition for ‘rnorm’
    .matrix.csr.intdiv: no visible global function definition for ‘as’
    .matrix.csr.mod: no visible global function definition for ‘rnorm’
    .matrix.csr.mod: no visible global function definition for ‘as’
    .ssr.csr: no visible global function definition for ‘new’
    Ops.matrix.csr: no visible global function definition for ‘new’
    Ops.matrix.diag.csr: no visible global function definition for ‘new’
    [.matrix.coo: no visible global function definition for ‘new’
    [.matrix.csr: no visible global function definition for ‘is’
    [.matrix.diag.csr: no visible global function definition for ‘as’
    [.matrix.diag.csr: no visible global function definition for ‘is’
    [<-.matrix.coo: no visible global function definition for ‘new’
    cbind.matrix.csr: no visible global function definition for ‘new’
    deviance.slm: no visible global function definition for
     ‘weighted.residuals’
    is.matrix.coo: no visible global function definition for ‘is’
    is.matrix.csc: no visible global function definition for ‘is’
    is.matrix.csr: no visible global function definition for ‘is’
    is.matrix.ssc: no visible global function definition for ‘is’
    is.matrix.ssr: no visible global function definition for ‘is’
    print.slm: no visible global function definition for ‘coef’
    print.summary.slm: no visible global function definition for ‘quantile’
    print.summary.slm: no visible global function definition for
     ‘printCoefmat’
    print.summary.slm: no visible global function definition for ‘pf’
    print.summary.slm: no visible global function definition for ‘symnum’
    rbind.matrix.csr: no visible global function definition for ‘new’
    read.matrix.hb: no visible global function definition for ‘new’
    slm: no visible global function definition for ‘model.extract’
    slm.wfit: no visible global function definition for ‘as’
    summary.mslm: no visible global function definition for ‘residuals’
    summary.slm: no visible global function definition for ‘residuals’
    summary.slm: no visible global function definition for ‘fitted’
    summary.slm: no visible global function definition for ‘weights’
    summary.slm: no visible global function definition for ‘coefficients’
    summary.slm: no visible global function definition for ‘pt’
    %*%,matrix-matrix.csr: no visible global function definition for ‘new’
    %*%,matrix.csr-matrix: no visible global function definition for ‘new’
    %*%,matrix.csr-matrix.csr: no visible global function definition for
     ‘new’
    %*%,matrix.csr-numeric: no visible global function definition for ‘new’
    %*%,numeric-matrix.csr: no visible global function definition for ‘new’
    coerce,matrix.csr-matrix.diag.csr: no visible global function
     definition for ‘new’
    coerce,numeric-matrix.diag.csr: no visible global function definition
     for ‘new’
    diag<-,matrix.diag.csr: no visible global function definition for ‘as’
    model.matrix,matrix.csc.hb: no visible global function definition for
     ‘new’
    model.matrix,matrix.ssc.hb: no visible global function definition for
     ‘new’
    t,matrix.csc: no visible global function definition for ‘new’
    t,matrix.csr: no visible global function definition for ‘new’
Flavors: r-devel-linux-x86_64-debian-clang, r-devel-linux-x86_64-debian-gcc, r-devel-linux-x86_64-fedora-clang, r-devel-linux-x86_64-fedora-gcc