CRAN Package Check Results for Package SparseM

Last updated on 2015-04-27 08:48:25.

Flavor Version Tinstall Tcheck Ttotal Status Flags
r-devel-linux-x86_64-debian-clang 1.6 7.03 28.29 35.32 NOTE
r-devel-linux-x86_64-debian-gcc 1.6 7.26 28.93 36.19 NOTE
r-devel-linux-x86_64-fedora-clang 1.6 65.23 NOTE
r-devel-linux-x86_64-fedora-gcc 1.6 61.03 NOTE
r-devel-osx-x86_64-clang 1.6 59.46 NOTE
r-devel-windows-ix86+x86_64 1.6 20.00 52.00 72.00 NOTE
r-patched-linux-x86_64 1.6 4.93 28.04 32.97 NOTE
r-patched-solaris-sparc 1.6 433.10 NOTE
r-patched-solaris-x86 1.6 97.90 NOTE
r-release-linux-x86_64 1.6 5.58 28.08 33.66 NOTE
r-release-osx-x86_64-mavericks 1.6 NOTE
r-release-osx-x86_64-snowleopard 1.6 NOTE
r-release-windows-ix86+x86_64 1.6 14.00 60.00 74.00 NOTE
r-oldrel-windows-ix86+x86_64 1.6 24.00 54.00 78.00 OK

Check Details

Version: 1.6
Check: DESCRIPTION meta-information
Result: NOTE
    Malformed Description field: should contain one or more complete sentences.
Flavors: r-devel-linux-x86_64-debian-clang, r-devel-linux-x86_64-debian-gcc, r-devel-linux-x86_64-fedora-clang, r-devel-linux-x86_64-fedora-gcc, r-devel-osx-x86_64-clang, r-devel-windows-ix86+x86_64, r-patched-solaris-sparc, r-patched-solaris-x86, r-release-osx-x86_64-mavericks, r-release-osx-x86_64-snowleopard, r-release-windows-ix86+x86_64

Version: 1.6
Check: S3 generic/method consistency
Result: NOTE
    Found the following apparent S3 methods exported but not registered:
     as.matrix.coo as.matrix.csc as.matrix.csr as.matrix.ssc as.matrix.ssr
     is.matrix.coo is.matrix.csc is.matrix.csr is.matrix.ssc is.matrix.ssr
    See section ‘Registering S3 methods’ in the ‘Writing R Extensions’
    manual.
Flavors: r-devel-linux-x86_64-debian-clang, r-devel-linux-x86_64-debian-gcc, r-devel-linux-x86_64-fedora-clang, r-devel-linux-x86_64-fedora-gcc, r-devel-osx-x86_64-clang, r-patched-solaris-x86