CRAN Package Check Results for Package SparseM

Last updated on 2015-05-29 15:47:11.

Flavor Version Tinstall Tcheck Ttotal Status Flags
r-devel-linux-x86_64-debian-clang 1.6 6.42 29.69 36.11 NOTE
r-devel-linux-x86_64-debian-gcc 1.6 7.30 28.12 35.42 NOTE
r-devel-linux-x86_64-fedora-clang 1.6 70.47 NOTE
r-devel-linux-x86_64-fedora-gcc 1.6 60.01 NOTE
r-devel-osx-x86_64-clang 1.6 63.11 NOTE
r-devel-windows-ix86+x86_64 1.6 20.00 47.00 67.00 NOTE
r-patched-linux-x86_64 1.6 7.15 28.02 35.18 NOTE
r-patched-solaris-sparc 1.6 426.20 NOTE
r-patched-solaris-x86 1.6 96.30 NOTE
r-release-linux-x86_64 1.6 5.16 28.92 34.08 NOTE
r-release-osx-x86_64-mavericks 1.6 NOTE
r-release-osx-x86_64-snowleopard 1.6 NOTE
r-release-windows-ix86+x86_64 1.6 14.00 60.00 74.00 NOTE
r-oldrel-windows-ix86+x86_64 1.6 24.00 54.00 78.00 OK

Check Details

Version: 1.6
Check: DESCRIPTION meta-information
Result: NOTE
    Malformed Description field: should contain one or more complete sentences.
Flavors: r-devel-linux-x86_64-debian-clang, r-devel-linux-x86_64-debian-gcc, r-devel-linux-x86_64-fedora-clang, r-devel-linux-x86_64-fedora-gcc, r-devel-osx-x86_64-clang, r-devel-windows-ix86+x86_64, r-patched-linux-x86_64, r-patched-solaris-sparc, r-patched-solaris-x86, r-release-linux-x86_64, r-release-osx-x86_64-mavericks, r-release-osx-x86_64-snowleopard, r-release-windows-ix86+x86_64

Version: 1.6
Check: S3 generic/method consistency
Result: NOTE
    Found the following apparent S3 methods exported but not registered:
     as.matrix.coo as.matrix.csc as.matrix.csr as.matrix.ssc as.matrix.ssr
     is.matrix.coo is.matrix.csc is.matrix.csr is.matrix.ssc is.matrix.ssr
    See section ‘Registering S3 methods’ in the ‘Writing R Extensions’
    manual.
Flavors: r-devel-linux-x86_64-debian-clang, r-devel-linux-x86_64-debian-gcc, r-devel-linux-x86_64-fedora-clang, r-devel-linux-x86_64-fedora-gcc, r-devel-osx-x86_64-clang, r-patched-linux-x86_64, r-patched-solaris-sparc, r-patched-solaris-x86, r-release-linux-x86_64