CRAN Package Check Results for Package SparseM

Last updated on 2016-08-31 08:49:38.

Flavor Version Tinstall Tcheck Ttotal Status Flags
r-devel-linux-x86_64-debian-clang 1.7 5.04 25.82 30.86 WARN
r-devel-linux-x86_64-debian-gcc 1.7 4.93 25.83 30.76 WARN
r-devel-linux-x86_64-fedora-clang 1.7 53.99 WARN
r-devel-linux-x86_64-fedora-gcc 1.7 56.27 WARN
r-devel-osx-x86_64-clang 1.7 43.82 WARN
r-devel-windows-ix86+x86_64 1.7 91.00 85.00 176.00 OK
r-patched-linux-x86_64 1.7 4.90 25.78 30.68 OK
r-patched-solaris-sparc 1.7 352.50 OK
r-patched-solaris-x86 1.7 75.80 OK
r-release-linux-x86_64 1.7 5.06 25.73 30.80 OK
r-release-osx-x86_64-mavericks 1.7 OK
r-release-windows-ix86+x86_64 1.7 23.00 76.00 99.00 OK
r-oldrel-windows-ix86+x86_64 1.7 20.00 54.00 74.00 OK

Check Details

Version: 1.7
Check: whether package can be installed
Result: WARN
    Found the following significant warnings:
     Warning: GNU Extension: Nonstandard type declaration INTEGER*4 at (1)
     Warning: GNU Extension: Nonstandard type declaration REAL*8 at (1)
Flavors: r-devel-linux-x86_64-debian-clang, r-devel-linux-x86_64-debian-gcc, r-devel-linux-x86_64-fedora-clang, r-devel-linux-x86_64-fedora-gcc, r-devel-osx-x86_64-clang