CRAN Package Check Results for Package SparseM

Last updated on 2017-02-27 03:50:43.

Flavor Version Tinstall Tcheck Ttotal Status Flags
r-devel-linux-x86_64-debian-clang 1.74 5.10 30.10 35.21 NOTE
r-devel-linux-x86_64-debian-gcc 1.74 5.24 30.48 35.72 NOTE
r-devel-linux-x86_64-fedora-clang 1.74 59.34 NOTE --no-stop-on-test-error
r-devel-linux-x86_64-fedora-gcc 1.74 58.37 NOTE --no-stop-on-test-error
r-devel-macos-x86_64-clang 1.74 49.37 NOTE --no-stop-on-test-error
r-devel-windows-ix86+x86_64 1.74 26.00 85.00 111.00 OK
r-patched-linux-x86_64 1.74 4.97 26.21 31.18 OK
r-patched-solaris-sparc 1.74 359.10 OK
r-patched-solaris-x86 1.74 76.20 OK
r-release-linux-x86_64 1.74 4.60 26.02 30.62 OK
r-release-osx-x86_64-mavericks 1.74 OK
r-release-windows-ix86+x86_64 1.74 29.00 97.00 126.00 OK
r-oldrel-windows-ix86+x86_64 1.74 35.00 108.00 143.00 OK

Check Details

Version: 1.74
Check: compiled code
Result: NOTE
    File ‘SparseM/libs/SparseM.so’:
     Found no calls to: ‘R_registerRoutines’, ‘R_useDynamicSymbols’
    
    It is good practice to register native routines and to disable symbol
    search.
    
    See ‘Writing portable packages’ in the ‘Writing R Extensions’ manual.
Flavors: r-devel-linux-x86_64-debian-clang, r-devel-linux-x86_64-debian-gcc

Version: 1.74
Flags: --no-stop-on-test-error
Check: compiled code
Result: NOTE
    File ‘SparseM/libs/SparseM.so’:
     Found no calls to: ‘R_registerRoutines’, ‘R_useDynamicSymbols’
    
    It is good practice to register native routines and to disable symbol
    search.
    
    See ‘Writing portable packages’ in the ‘Writing R Extensions’ manual.
Flavors: r-devel-linux-x86_64-fedora-clang, r-devel-linux-x86_64-fedora-gcc, r-devel-macos-x86_64-clang