CRAN Package Check Results for Package SparseM

Last updated on 2015-03-29 19:48:53.

Flavor Version Tinstall Tcheck Ttotal Status Flags
r-devel-linux-x86_64-debian-clang 1.6 6.75 28.14 34.89 NOTE
r-devel-linux-x86_64-debian-gcc 1.6 5.62 27.82 33.44 NOTE
r-devel-linux-x86_64-fedora-clang 1.6 67.01 NOTE
r-devel-linux-x86_64-fedora-gcc 1.6 63.75 NOTE
r-devel-osx-x86_64-clang 1.6 65.27 NOTE
r-prerel-windows-ix86+x86_64 1.6 25.00 49.00 74.00 NOTE
r-prerel-linux-x86_64 1.6 6.81 28.71 35.52 NOTE
r-prerel-solaris-sparc 1.6 433.10 NOTE
r-prerel-solaris-x86 1.6 97.90 NOTE
r-release-linux-x86_64 1.6 7.25 30.20 37.46 OK
r-release-osx-x86_64-mavericks 1.6 OK
r-release-osx-x86_64-snowleopard 1.6 OK
r-release-windows-ix86+x86_64 1.6 24.00 54.00 78.00 OK
r-oldrel-windows-ix86+x86_64 1.6 20.00 68.00 88.00 OK

Check Details

Version: 1.6
Check: DESCRIPTION meta-information
Result: NOTE
    Malformed Description field: should contain one or more complete sentences.
Flavors: r-devel-linux-x86_64-debian-clang, r-devel-linux-x86_64-debian-gcc, r-devel-linux-x86_64-fedora-clang, r-devel-linux-x86_64-fedora-gcc, r-devel-osx-x86_64-clang, r-prerel-windows-ix86+x86_64, r-prerel-linux-x86_64, r-prerel-solaris-sparc, r-prerel-solaris-x86

Version: 1.6
Check: S3 generic/method consistency
Result: NOTE
    Found the following apparent S3 methods exported but not registered:
     as.matrix.coo as.matrix.csc as.matrix.csr as.matrix.ssc as.matrix.ssr
     is.matrix.coo is.matrix.csc is.matrix.csr is.matrix.ssc is.matrix.ssr
    See section ‘Registering S3 methods’ in the ‘Writing R Extensions’
    manual.
Flavors: r-devel-linux-x86_64-debian-clang, r-devel-linux-x86_64-debian-gcc, r-devel-linux-x86_64-fedora-clang, r-devel-linux-x86_64-fedora-gcc, r-devel-osx-x86_64-clang, r-prerel-linux-x86_64