CRAN Package Check Results for Package SparseM

Last updated on 2017-01-16 12:52:54.

Flavor Version Tinstall Tcheck Ttotal Status Flags
r-devel-linux-x86_64-debian-clang 1.74 5.52 29.37 34.89 OK
r-devel-linux-x86_64-debian-gcc 1.74 5.46 29.33 34.79 OK
r-devel-linux-x86_64-fedora-clang 1.74 60.73 OK --no-stop-on-test-error
r-devel-linux-x86_64-fedora-gcc 1.74 59.16 NOTE --no-stop-on-test-error
r-devel-macos-x86_64-clang 1.74 48.30 OK --no-stop-on-test-error
r-devel-windows-ix86+x86_64 1.74 23.00 68.00 91.00 OK
r-patched-linux-x86_64 1.74 5.04 26.07 31.11 OK
r-patched-solaris-sparc 1.74 359.10 OK
r-patched-solaris-x86 1.74 80.10 OK
r-release-linux-x86_64 1.74 4.83 26.18 31.01 OK
r-release-osx-x86_64-mavericks 1.74 OK
r-release-windows-ix86+x86_64 1.74 29.00 97.00 126.00 OK
r-oldrel-windows-ix86+x86_64 1.74 35.00 108.00 143.00 OK

Check Details

Version: 1.74
Flags: --no-stop-on-test-error
Check: compiled code
Result: NOTE
    File ‘SparseM/libs/SparseM.so’:
     Found no calls to: ‘R_registerRoutines’, ‘R_useDynamicSymbols’
    
    It is good practice to use registered native symbols and disable symbol
    search.
    
    See ‘Writing portable packages’ in the ‘Writing R Extensions’ manual.
Flavor: r-devel-linux-x86_64-fedora-gcc