CRAN Package Check Results for Package SparseTSCGM

Last updated on 2014-04-24 15:50:48.

Flavor Version Tinstall Tcheck Ttotal Status Flags
r-release-osx-x86_64-mavericks 2.0 ERROR

Check Details

Version: 2.0
Check: R code for possible problems
Result: NOTE
    sim.data: no visible global function definition for
     ‘flare.tiger.generator’
Flavor: r-release-osx-x86_64-mavericks

Version: 2.0
Check: examples
Result: ERROR
    Running examples in ‘SparseTSCGM-Ex.R’ failed
    The error most likely occurred in:
    
    > ### Name: SparseTSCGM-package
    > ### Title: Sparse time series chain graphical models.
    > ### Aliases: SparseTSCGM-package SparseTSCGM
    > ### Keywords: package
    >
    > ### ** Examples
    >
    >
    > set.seed(321)
    > datas <- sim.data(model="ar1", time=20,n.obs=25, n.var=10,prob0=0.35,
    + network="random")
    Error in sim.data(model = "ar1", time = 20, n.obs = 25, n.var = 10, prob0 = 0.35, :
     could not find function "flare.tiger.generator"
    Execution halted
Flavor: r-release-osx-x86_64-mavericks