CRAN Package Check Results for Package SparseTSCGM

Last updated on 2017-03-28 23:50:52.

Flavor Version Tinstall Tcheck Ttotal Status Flags
r-devel-linux-x86_64-debian-clang 2.5 2.92 44.67 47.59 NOTE
r-devel-linux-x86_64-debian-gcc 2.5 2.91 44.61 47.51 NOTE
r-devel-linux-x86_64-fedora-clang 2.5 99.91 NOTE --no-stop-on-test-error
r-devel-linux-x86_64-fedora-gcc 2.5 104.94 NOTE --no-stop-on-test-error
r-devel-macos-x86_64-clang 2.5 73.50 NOTE --no-stop-on-test-error
r-devel-windows-ix86+x86_64 2.5 10.00 105.00 115.00 OK
r-patched-linux-x86_64 2.5 2.79 41.51 44.30 NOTE
r-patched-solaris-sparc 2.5 580.20 OK
r-patched-solaris-x86 2.5 140.10 OK
r-release-linux-x86_64 2.5 2.95 37.41 40.37 OK
r-release-osx-x86_64-mavericks 2.5 OK
r-release-windows-ix86+x86_64 2.5 19.00 81.00 100.00 OK
r-oldrel-windows-ix86+x86_64 2.2 9.00 124.00 133.00 OK

Check Details

Version: 2.5
Check: compiled code
Result: NOTE
    File ‘SparseTSCGM/libs/SparseTSCGM.so’:
     Found no calls to: ‘R_registerRoutines’, ‘R_useDynamicSymbols’
    
    It is good practice to register native routines and to disable symbol
    search.
    
    See ‘Writing portable packages’ in the ‘Writing R Extensions’ manual.
Flavors: r-devel-linux-x86_64-debian-clang, r-devel-linux-x86_64-debian-gcc, r-patched-linux-x86_64

Version: 2.5
Flags: --no-stop-on-test-error
Check: compiled code
Result: NOTE
    File ‘SparseTSCGM/libs/SparseTSCGM.so’:
     Found no calls to: ‘R_registerRoutines’, ‘R_useDynamicSymbols’
    
    It is good practice to register native routines and to disable symbol
    search.
    
    See ‘Writing portable packages’ in the ‘Writing R Extensions’ manual.
Flavors: r-devel-linux-x86_64-fedora-clang, r-devel-linux-x86_64-fedora-gcc, r-devel-macos-x86_64-clang