CRAN Package Check Results for Package SparseTSCGM

Last updated on 2017-08-16 20:48:31.

Flavor Version Tinstall Tcheck Ttotal Status Flags
r-devel-linux-x86_64-debian-clang 2.5 3.07 44.87 47.94 NOTE
r-devel-linux-x86_64-debian-gcc 2.5 2.87 42.99 45.86 NOTE
r-devel-linux-x86_64-fedora-clang 2.5 99.34 NOTE
r-devel-linux-x86_64-fedora-gcc 2.5 106.98 NOTE
r-devel-windows-ix86+x86_64 2.5 11.00 101.00 112.00 OK
r-patched-linux-x86_64 2.5 3.16 44.97 48.14 NOTE
r-patched-solaris-x86 2.5 138.90 OK
r-release-linux-x86_64 2.5 3.69 43.00 46.69 NOTE
r-release-windows-ix86+x86_64 2.5 8.00 134.00 142.00 OK
r-release-osx-x86_64 2.5 OK
r-oldrel-windows-ix86+x86_64 2.5 10.00 82.00 92.00 OK
r-oldrel-osx-x86_64 2.5 OK

Check Details

Version: 2.5
Check: compiled code
Result: NOTE
    File ‘SparseTSCGM/libs/SparseTSCGM.so’:
     Found no calls to: ‘R_registerRoutines’, ‘R_useDynamicSymbols’
    
    It is good practice to register native routines and to disable symbol
    search.
    
    See ‘Writing portable packages’ in the ‘Writing R Extensions’ manual.
Flavors: r-devel-linux-x86_64-debian-clang, r-devel-linux-x86_64-debian-gcc, r-devel-linux-x86_64-fedora-clang, r-devel-linux-x86_64-fedora-gcc, r-patched-linux-x86_64, r-release-linux-x86_64