CRAN Package Check Results for Package SparseTSCGM

Last updated on 2015-04-28 11:48:39.

Flavor Version Tinstall Tcheck Ttotal Status Flags
r-devel-linux-x86_64-debian-clang 2.1.1 3.05 45.85 48.90 OK
r-devel-linux-x86_64-debian-gcc 2.1.1 2.94 49.89 52.82 OK
r-devel-linux-x86_64-fedora-clang 2.1.1 105.08 OK
r-devel-linux-x86_64-fedora-gcc 2.1.1 96.85 OK
r-devel-osx-x86_64-clang 2.1.1 83.39 OK
r-devel-windows-ix86+x86_64 2.1.1 12.00 98.00 110.00 OK
r-patched-linux-x86_64 2.1.1 2.92 45.62 48.54 OK
r-patched-solaris-sparc 2.1.1 606.60 OK
r-patched-solaris-x86 2.1.1 138.50 OK
r-release-linux-x86_64 2.1.1 3.13 45.18 48.32 OK
r-release-osx-x86_64-mavericks 2.1.1 OK
r-release-osx-x86_64-snowleopard 2.1.1 ERROR
r-release-windows-ix86+x86_64 2.1.1 10.00 97.00 107.00 OK
r-oldrel-windows-ix86+x86_64 2.1.1 12.00 123.00 135.00 OK

Check Details

Version: 2.1.1
Check: package dependencies
Result: ERROR
    Package required but not available: ‘flare’
    
    See section ‘The DESCRIPTION file’ in the ‘Writing R Extensions’
    manual.
Flavor: r-release-osx-x86_64-snowleopard