CRAN Package Check Results for Package SparseTSCGM

Last updated on 2018-05-27 00:46:58 CEST.

Flavor Version Tinstall Tcheck Ttotal Status Flags
r-devel-linux-x86_64-debian-clang 2.5 5.46 75.15 80.61 NOTE
r-devel-linux-x86_64-debian-gcc 2.5 5.09 59.67 64.76 NOTE
r-devel-linux-x86_64-fedora-clang 2.5 100.24 NOTE
r-devel-linux-x86_64-fedora-gcc 2.5 98.27 NOTE
r-devel-windows-ix86+x86_64 2.5 11.00 106.00 117.00 OK
r-patched-linux-x86_64 2.5 6.06 64.70 70.76 NOTE
r-patched-solaris-x86 2.5 134.50 OK
r-release-linux-x86_64 2.5 5.39 65.50 70.89 NOTE
r-release-windows-ix86+x86_64 2.5 16.00 108.00 124.00 OK
r-release-osx-x86_64 2.5 OK
r-oldrel-windows-ix86+x86_64 2.5 15.00 102.00 117.00 OK
r-oldrel-osx-x86_64 2.5 OK

Check Details

Version: 2.5
Check: compiled code
Result: NOTE
    File ‘SparseTSCGM/libs/SparseTSCGM.so’:
     Found no calls to: ‘R_registerRoutines’, ‘R_useDynamicSymbols’
    
    It is good practice to register native routines and to disable symbol
    search.
    
    See ‘Writing portable packages’ in the ‘Writing R Extensions’ manual.
Flavors: r-devel-linux-x86_64-debian-clang, r-devel-linux-x86_64-debian-gcc, r-devel-linux-x86_64-fedora-clang, r-devel-linux-x86_64-fedora-gcc, r-patched-linux-x86_64, r-release-linux-x86_64

Version: 2.5
Check: DESCRIPTION meta-information
Result: NOTE
    Dependence on R version ‘3.3.2’ not with patchlevel 0
Flavors: r-patched-linux-x86_64, r-release-linux-x86_64