CRAN Package Check Results for Package SparseTSCGM

Last updated on 2015-07-04 08:50:40.

Flavor Version Tinstall Tcheck Ttotal Status Flags
r-devel-linux-x86_64-debian-clang 2.1.1 3.13 46.12 49.25 NOTE
r-devel-linux-x86_64-debian-gcc 2.1.1 2.99 44.78 47.77 NOTE
r-devel-linux-x86_64-fedora-clang 2.1.1 99.84 NOTE
r-devel-linux-x86_64-fedora-gcc 2.1.1 95.90 NOTE
r-devel-osx-x86_64-clang 2.1.1 81.13 OK
r-devel-windows-ix86+x86_64 2.1.1 16.00 97.00 113.00 NOTE
r-patched-linux-x86_64 2.1.1 3.14 46.87 50.02 OK
r-patched-solaris-sparc 2.1.1 602.00 OK
r-patched-solaris-x86 2.1.1 141.80 OK
r-release-linux-x86_64 2.1.1 3.03 45.08 48.10 OK
r-release-osx-x86_64-mavericks 2.1.1 OK
r-release-windows-ix86+x86_64 2.1.1 16.00 93.00 109.00 OK
r-oldrel-windows-ix86+x86_64 2.1.1 15.00 122.00 137.00 OK

Check Details

Version: 2.1.1
Check: R code for possible problems
Result: NOTE
    sim.data: no visible global function definition for ‘runif’
    sim.data: no visible global function definition for ‘rbinom’
    sparse.tscgm: no visible global function definition for ‘cov2cor’
    Undefined global functions or variables:
     cov2cor rbinom runif
Flavors: r-devel-linux-x86_64-debian-clang, r-devel-linux-x86_64-debian-gcc, r-devel-linux-x86_64-fedora-clang, r-devel-linux-x86_64-fedora-gcc, r-devel-windows-ix86+x86_64