CRAN Package Check Results for Package SparseTSCGM

Last updated on 2015-05-30 17:46:55.

Flavor Version Tinstall Tcheck Ttotal Status Flags
r-devel-linux-x86_64-debian-clang 2.1.1 3.18 46.99 50.16 OK
r-devel-linux-x86_64-debian-gcc 2.1.1 2.96 45.05 48.01 OK
r-devel-linux-x86_64-fedora-clang 2.1.1 114.06 OK
r-devel-linux-x86_64-fedora-gcc 2.1.1 97.00 OK
r-devel-osx-x86_64-clang 2.1.1 88.91 OK
r-devel-windows-ix86+x86_64 2.1.1 10.00 92.00 102.00 OK
r-patched-linux-x86_64 2.1.1 2.98 47.81 50.80 OK
r-patched-solaris-sparc 2.1.1 602.00 OK
r-patched-solaris-x86 2.1.1 138.60 OK
r-release-linux-x86_64 2.1.1 3.02 45.77 48.79 OK
r-release-osx-x86_64-mavericks 2.1.1 OK
r-release-osx-x86_64-snowleopard 2.1.1 ERROR
r-release-windows-ix86+x86_64 2.1.1 10.00 100.00 110.00 OK
r-oldrel-windows-ix86+x86_64 2.1.1 14.00 114.00 128.00 OK

Check Details

Version: 2.1.1
Check: package dependencies
Result: ERROR
    Package required but not available: ‘flare’
    
    See section ‘The DESCRIPTION file’ in the ‘Writing R Extensions’
    manual.
Flavor: r-release-osx-x86_64-snowleopard