CRAN Package Check Results for Package SparseTSCGM

Last updated on 2018-01-16 23:49:12 CET.

Flavor Version Tinstall Tcheck Ttotal Status Flags
r-devel-linux-x86_64-debian-clang 2.5 4.35 63.74 68.09 NOTE
r-devel-linux-x86_64-debian-gcc 2.5 3.19 50.54 53.73 NOTE
r-devel-linux-x86_64-fedora-clang 2.5 78.72 NOTE
r-devel-linux-x86_64-fedora-gcc 2.5 88.41 NOTE
r-devel-windows-ix86+x86_64 2.5 9.00 96.00 105.00 OK
r-patched-linux-x86_64 2.5 4.10 68.09 72.19 NOTE
r-patched-solaris-x86 2.5 148.60 OK
r-release-linux-x86_64 2.5 3.78 69.76 73.54 NOTE
r-release-windows-ix86+x86_64 2.5 12.00 140.00 152.00 OK
r-release-osx-x86_64 2.5 OK
r-oldrel-windows-ix86+x86_64 2.5 13.00 90.00 103.00 OK
r-oldrel-osx-x86_64 2.5 OK

Check Details

Version: 2.5
Check: DESCRIPTION meta-information
Result: NOTE
    Dependence on R version ‘3.3.2’ not with patchlevel 0
Flavors: r-devel-linux-x86_64-debian-clang, r-devel-linux-x86_64-debian-gcc, r-devel-linux-x86_64-fedora-clang, r-devel-linux-x86_64-fedora-gcc

Version: 2.5
Check: compiled code
Result: NOTE
    File ‘SparseTSCGM/libs/SparseTSCGM.so’:
     Found no calls to: ‘R_registerRoutines’, ‘R_useDynamicSymbols’
    
    It is good practice to register native routines and to disable symbol
    search.
    
    See ‘Writing portable packages’ in the ‘Writing R Extensions’ manual.
Flavors: r-devel-linux-x86_64-debian-clang, r-devel-linux-x86_64-debian-gcc, r-devel-linux-x86_64-fedora-clang, r-devel-linux-x86_64-fedora-gcc, r-patched-linux-x86_64, r-release-linux-x86_64