CRAN Package Check Results for Package SparseTSCGM

Last updated on 2017-10-23 02:48:55.

Flavor Version Tinstall Tcheck Ttotal Status Flags
r-devel-linux-x86_64-debian-clang 2.5 3.03 43.26 46.29 NOTE
r-devel-linux-x86_64-debian-gcc 2.5 2.92 46.62 49.54 NOTE
r-devel-linux-x86_64-fedora-clang 2.5 103.18 NOTE
r-devel-linux-x86_64-fedora-gcc 2.5 97.95 NOTE
r-devel-windows-ix86+x86_64 2.5 17.00 99.00 116.00 OK
r-patched-linux-x86_64 2.5 3.03 47.95 50.98 NOTE
r-patched-solaris-x86 2.5 141.80 OK
r-release-linux-x86_64 2.5 2.97 46.08 49.05 NOTE
r-release-windows-ix86+x86_64 2.5 16.00 100.00 116.00 OK
r-release-osx-x86_64 2.5 OK
r-oldrel-windows-ix86+x86_64 2.5 12.00 131.00 143.00 OK
r-oldrel-osx-x86_64 2.5 OK

Check Details

Version: 2.5
Check: compiled code
Result: NOTE
    File ‘SparseTSCGM/libs/SparseTSCGM.so’:
     Found no calls to: ‘R_registerRoutines’, ‘R_useDynamicSymbols’
    
    It is good practice to register native routines and to disable symbol
    search.
    
    See ‘Writing portable packages’ in the ‘Writing R Extensions’ manual.
Flavors: r-devel-linux-x86_64-debian-clang, r-devel-linux-x86_64-debian-gcc, r-devel-linux-x86_64-fedora-clang, r-devel-linux-x86_64-fedora-gcc, r-patched-linux-x86_64, r-release-linux-x86_64