CRAN Package Check Results for Package SparseTSCGM

Last updated on 2017-06-23 01:47:37.

Flavor Version Tinstall Tcheck Ttotal Status Flags
r-devel-linux-x86_64-debian-clang 2.5 3.42 43.41 46.83 NOTE
r-devel-linux-x86_64-debian-gcc 2.5 2.81 41.97 44.77 NOTE
r-devel-linux-x86_64-fedora-clang 2.5 101.18 NOTE
r-devel-linux-x86_64-fedora-gcc 2.5 97.93 NOTE
r-devel-windows-ix86+x86_64 2.5 19.00 102.00 121.00 OK
r-patched-linux-x86_64 2.5 2.92 44.46 47.38 NOTE
r-patched-solaris-sparc 2.5 580.20 OK
r-patched-solaris-x86 2.5 136.40 OK
r-release-linux-x86_64 2.5 2.76 45.43 48.19 NOTE
r-release-windows-ix86+x86_64 2.5 14.00 156.00 170.00 OK
r-release-osx-x86_64 2.5 OK
r-oldrel-windows-ix86+x86_64 2.5 17.00 89.00 106.00 OK
r-oldrel-osx-x86_64 2.5 OK

Check Details

Version: 2.5
Check: compiled code
Result: NOTE
    File ‘SparseTSCGM/libs/SparseTSCGM.so’:
     Found no calls to: ‘R_registerRoutines’, ‘R_useDynamicSymbols’
    
    It is good practice to register native routines and to disable symbol
    search.
    
    See ‘Writing portable packages’ in the ‘Writing R Extensions’ manual.
Flavors: r-devel-linux-x86_64-debian-clang, r-devel-linux-x86_64-debian-gcc, r-devel-linux-x86_64-fedora-clang, r-devel-linux-x86_64-fedora-gcc, r-patched-linux-x86_64, r-release-linux-x86_64