CRAN Package Check Results for Package SparseTSCGM

Last updated on 2017-05-25 06:48:17.

Flavor Version Tinstall Tcheck Ttotal Status Flags
r-devel-linux-x86_64-debian-clang 2.5 2.84 45.21 48.05 NOTE
r-devel-linux-x86_64-debian-gcc 2.5 2.69 41.76 44.45 NOTE
r-devel-linux-x86_64-fedora-clang 2.5 101.54 NOTE --no-stop-on-test-error
r-devel-linux-x86_64-fedora-gcc 2.5 97.17 NOTE --no-stop-on-test-error
r-devel-windows-ix86+x86_64 2.5 11.00 139.00 150.00 OK
r-patched-linux-x86_64 2.5 2.82 43.73 46.55 NOTE
r-patched-solaris-sparc 2.5 580.20 OK
r-patched-solaris-x86 2.5 134.30 OK
r-release-linux-x86_64 2.5 3.08 41.88 44.95 NOTE
r-release-windows-ix86+x86_64 2.5 19.00 142.00 161.00 OK
r-release-osx-x86_64 2.5 OK
r-oldrel-windows-ix86+x86_64 2.5 16.00 121.00 137.00 OK
r-oldrel-osx-x86_64 2.5 OK

Check Details

Version: 2.5
Check: compiled code
Result: NOTE
    File ‘SparseTSCGM/libs/SparseTSCGM.so’:
     Found no calls to: ‘R_registerRoutines’, ‘R_useDynamicSymbols’
    
    It is good practice to register native routines and to disable symbol
    search.
    
    See ‘Writing portable packages’ in the ‘Writing R Extensions’ manual.
Flavors: r-devel-linux-x86_64-debian-clang, r-devel-linux-x86_64-debian-gcc, r-patched-linux-x86_64, r-release-linux-x86_64

Version: 2.5
Flags: --no-stop-on-test-error
Check: compiled code
Result: NOTE
    File ‘SparseTSCGM/libs/SparseTSCGM.so’:
     Found no calls to: ‘R_registerRoutines’, ‘R_useDynamicSymbols’
    
    It is good practice to register native routines and to disable symbol
    search.
    
    See ‘Writing portable packages’ in the ‘Writing R Extensions’ manual.
Flavors: r-devel-linux-x86_64-fedora-clang, r-devel-linux-x86_64-fedora-gcc