CRAN Package Check Results for Package SpatEntropy

Last updated on 2022-10-02 16:51:58 CEST.

Flavor Version Tinstall Tcheck Ttotal Status Flags
r-devel-linux-x86_64-debian-clang 2.1-1 11.41 101.29 112.70 OK
r-devel-linux-x86_64-debian-gcc 2.1-1 8.43 76.57 85.00 OK
r-devel-linux-x86_64-fedora-clang 2.1-1 157.28 NOTE
r-devel-linux-x86_64-fedora-gcc 2.1-1 151.79 NOTE
r-devel-windows-x86_64 2.1-1 40.00 133.00 173.00 OK
r-patched-linux-x86_64 2.1-1 11.14 96.42 107.56 OK
r-release-linux-x86_64 2.1-1 6.96 97.30 104.26 OK
r-release-macos-arm64 2.1-1 39.00 NOTE
r-release-macos-x86_64 2.1-1 74.00 NOTE
r-release-windows-x86_64 2.1-1 16.00 131.00 147.00 OK
r-oldrel-macos-arm64 2.1-1 32.00 NOTE
r-oldrel-macos-x86_64 2.1-1 52.00 NOTE
r-oldrel-windows-ix86+x86_64 2.1-1 23.00 126.00 149.00 OK

Check Details

Version: 2.1-1
Check: dependencies in R code
Result: NOTE
    Namespaces in Imports field not imported from:
     ‘spatstat.core’ ‘spatstat.linnet’
     All declared Imports should be used.
Flavors: r-devel-linux-x86_64-fedora-clang, r-devel-linux-x86_64-fedora-gcc, r-release-macos-arm64, r-release-macos-x86_64, r-oldrel-macos-arm64, r-oldrel-macos-x86_64