CRAN Package Check Results for Package SpatPCA

Last updated on 2019-08-19 07:49:47 CEST.

Flavor Version Tinstall Tcheck Ttotal Status Flags
r-devel-linux-x86_64-debian-clang 1.2.0.0 40.60 22.32 62.92 NOTE
r-devel-linux-x86_64-debian-gcc 1.2.0.0 32.68 18.17 50.85 NOTE
r-devel-linux-x86_64-fedora-clang 1.2.0.0 96.40 NOTE
r-devel-linux-x86_64-fedora-gcc 1.2.0.0 87.73 NOTE
r-devel-windows-ix86+x86_64 1.2.0.0 110.00 80.00 190.00 NOTE
r-patched-linux-x86_64 1.2.0.0 34.81 22.34 57.15 NOTE
r-patched-solaris-x86 1.2.0.0 97.00 NOTE
r-release-linux-x86_64 1.2.0.0 32.09 22.48 54.57 NOTE
r-release-windows-ix86+x86_64 1.2.0.0 70.00 51.00 121.00 NOTE
r-release-osx-x86_64 1.2.0.0 NOTE
r-oldrel-windows-ix86+x86_64 1.2.0.0 99.00 70.00 169.00 NOTE
r-oldrel-osx-x86_64 1.2.0.0 NOTE

Check Details

Version: 1.2.0.0
Check: for GNU extensions in Makefiles
Result: NOTE
    GNU make is a SystemRequirements.
Flavors: r-devel-linux-x86_64-debian-clang, r-devel-linux-x86_64-debian-gcc, r-devel-linux-x86_64-fedora-clang, r-devel-linux-x86_64-fedora-gcc, r-devel-windows-ix86+x86_64, r-patched-linux-x86_64, r-patched-solaris-x86, r-release-linux-x86_64, r-release-windows-ix86+x86_64, r-release-osx-x86_64, r-oldrel-windows-ix86+x86_64, r-oldrel-osx-x86_64

Version: 1.2.0.0
Check: use of SHLIB_OPENMP_*FLAGS in Makefiles
Result: NOTE
     src/Makevars: SHLIB_OPENMP_CXXFLAGS is included in PKG_CXXFLAGS but not in PKG_LIBS
     src/Makevars: SHLIB_OPENMP_CFLAGS is included in PKG_LIBS but linking is by C++
     src/Makevars.win: SHLIB_OPENMP_CXXFLAGS is included in PKG_CXXFLAGS but not in PKG_LIBS
     src/Makevars.win: SHLIB_OPENMP_CFLAGS is included in PKG_LIBS but linking is by C++
    Use of these macros is discussed in sect 1.2.1.1 of 'Writing R
    Extensions'. The macros for different languages may differ so the
    matching macro must be used in PKG_CXXFLAGS (etc) and match that used
    in PKG_LIBS (except for Fortran: see the manual).
Flavors: r-devel-linux-x86_64-debian-clang, r-devel-linux-x86_64-debian-gcc, r-devel-linux-x86_64-fedora-clang, r-devel-linux-x86_64-fedora-gcc, r-patched-linux-x86_64, r-release-linux-x86_64