CRAN Package Check Results for Package SpatPCA

Last updated on 2019-12-10 08:48:36 CET.

Flavor Version Tinstall Tcheck Ttotal Status Flags
r-devel-linux-x86_64-debian-clang 1.2.0.0 47.69 23.58 71.27 NOTE
r-devel-linux-x86_64-debian-gcc 1.2.0.0 31.54 19.15 50.69 NOTE
r-devel-linux-x86_64-fedora-clang 1.2.0.0 97.26 NOTE
r-devel-linux-x86_64-fedora-gcc 1.2.0.0 91.11 NOTE
r-devel-windows-ix86+x86_64 1.2.0.0 83.00 79.00 162.00 NOTE
r-devel-windows-ix86+x86_64-gcc8 1.2.0.0 86.00 65.00 151.00 NOTE
r-patched-linux-x86_64 1.2.0.0 35.34 22.02 57.36 NOTE
r-patched-solaris-x86 1.2.0.0 94.90 NOTE
r-release-linux-x86_64 1.2.0.0 35.51 21.83 57.34 NOTE
r-release-windows-ix86+x86_64 1.2.0.0 112.00 54.00 166.00 NOTE
r-release-osx-x86_64 1.2.0.0 NOTE
r-oldrel-windows-ix86+x86_64 1.2.0.0 70.00 62.00 132.00 NOTE
r-oldrel-osx-x86_64 1.2.0.0 NOTE

Additional issues

OpenBLAS

Check Details

Version: 1.2.0.0
Check: for GNU extensions in Makefiles
Result: NOTE
    GNU make is a SystemRequirements.
Flavors: r-devel-linux-x86_64-debian-clang, r-devel-linux-x86_64-debian-gcc, r-devel-linux-x86_64-fedora-clang, r-devel-linux-x86_64-fedora-gcc, r-devel-windows-ix86+x86_64, r-devel-windows-ix86+x86_64-gcc8, r-patched-linux-x86_64, r-patched-solaris-x86, r-release-linux-x86_64, r-release-windows-ix86+x86_64, r-release-osx-x86_64, r-oldrel-windows-ix86+x86_64, r-oldrel-osx-x86_64

Version: 1.2.0.0
Check: use of SHLIB_OPENMP_*FLAGS in Makefiles
Result: NOTE
     src/Makevars: SHLIB_OPENMP_CXXFLAGS is included in PKG_CXXFLAGS but not in PKG_LIBS
     src/Makevars: SHLIB_OPENMP_CFLAGS is included in PKG_LIBS but linking is by C++
     src/Makevars.win: SHLIB_OPENMP_CXXFLAGS is included in PKG_CXXFLAGS but not in PKG_LIBS
     src/Makevars.win: SHLIB_OPENMP_CFLAGS is included in PKG_LIBS but linking is by C++
    Use of these macros is discussed in sect 1.2.1.1 of 'Writing R
    Extensions'. The macros for different languages may differ so the
    matching macro must be used in PKG_CXXFLAGS (etc) and match that used
    in PKG_LIBS (except for Fortran: see the manual).
Flavors: r-devel-linux-x86_64-debian-clang, r-devel-linux-x86_64-debian-gcc, r-devel-linux-x86_64-fedora-clang, r-devel-linux-x86_64-fedora-gcc, r-patched-linux-x86_64, r-release-linux-x86_64