CRAN Package Check Results for Package SpatialExtremes

Last updated on 2014-08-01 01:48:27.

Flavor Version Tinstall Tcheck Ttotal Status Flags
r-devel-linux-x86_64-debian-clang 2.0-0 7.42 105.98 113.40 OK
r-devel-linux-x86_64-debian-gcc 2.0-0 13.45 102.45 115.90 OK
r-devel-linux-x86_64-fedora-clang 2.0-0 232.51 NOTE
r-devel-linux-x86_64-fedora-gcc 2.0-0 230.62 NOTE
r-devel-osx-x86_64-clang 2.0-0 160.94 OK
r-devel-windows-ix86+x86_64 2.0-0 61.00 206.00 267.00 OK
r-patched-linux-x86_64 2.0-0 16.74 102.95 119.68 OK
r-patched-solaris-sparc 2.0-0 1375.60 OK
r-patched-solaris-x86 2.0-0 282.60 OK
r-release-linux-ix86 2.0-0 14.68 139.20 153.88 OK
r-release-linux-x86_64 2.0-0 16.08 103.54 119.62 OK
r-release-osx-x86_64-mavericks 2.0-0 NOTE
r-release-windows-ix86+x86_64 2.0-0 77.00 203.00 280.00 OK
r-oldrel-windows-ix86+x86_64 2.0-0 63.00 199.00 262.00 OK

Check Details

Version: 2.0-0
Check: top-level files
Result: NOTE
    Non-standard file/directory found at top level:
     Copyright
    Copyright information should be in file inst/COPYRIGHTS
Flavors: r-devel-linux-x86_64-fedora-clang, r-devel-linux-x86_64-fedora-gcc

Version: 2.0-0
Check: re-building of vignette outputs
Result: NOTE
    Error in re-building vignettes:
     ...
    Warning in optim(unlist(start), obj.fun, hessian = FALSE, control = control, :
     unknown names in control: cov11
    Error in texi2dvi(file = file, pdf = TRUE, clean = clean, quiet = quiet, :
     Running 'texi2dvi' on 'SpatialExtremesGuide.tex' failed.
    LaTeX errors:
    ! LaTeX Error: File `fullpage.sty' not found.
    
    Type X to quit or <RETURN> to proceed,
    or enter new name. (Default extension: sty)
    
    ./layout.sty:2: ==> Fatal error occurred, no output PDF file produced!
    Calls: buildVignettes -> texi2pdf -> texi2dvi
    Execution halted
Flavor: r-release-osx-x86_64-mavericks