CRAN Package Check Results for Package SpatialExtremes

Last updated on 2017-10-22 22:49:09.

Flavor Version Tinstall Tcheck Ttotal Status Flags
r-devel-linux-x86_64-debian-clang 2.0-5 12.89 109.84 122.73 OK
r-devel-linux-x86_64-debian-gcc 2.0-5 16.92 103.69 120.61 OK
r-devel-linux-x86_64-fedora-clang 2.0-5 214.68 OK
r-devel-linux-x86_64-fedora-gcc 2.0-5 214.24 OK
r-devel-windows-ix86+x86_64 2.0-5 60.00 302.00 362.00 OK
r-patched-linux-x86_64 2.0-5 14.32 104.73 119.05 OK
r-patched-solaris-x86 2.0-5 255.40 OK
r-release-linux-x86_64 2.0-5 14.23 104.88 119.11 OK
r-release-windows-ix86+x86_64 2.0-5 76.00 291.00 367.00 OK
r-release-osx-x86_64 2.0-5 NOTE
r-oldrel-windows-ix86+x86_64 2.0-5 60.00 250.00 310.00 OK
r-oldrel-osx-x86_64 2.0-5 OK

Check Details

Version: 2.0-5
Check: re-building of vignette outputs
Result: NOTE
    Error in re-building vignettes:
     ...
    Warning in optim(unlist(start), obj.fun, hessian = FALSE, control = control, :
     unknown names in control: cov11
    Warning in Dev * c :
     Recycling array of length 1 in vector-array arithmetic is deprecated.
     Use c() or as.vector() instead.
    
    Error in texi2dvi(file = file, pdf = TRUE, clean = clean, quiet = quiet, :
     Running 'texi2dvi' on 'SpatialExtremesGuide.tex' failed.
    LaTeX errors:
    ! LaTeX Error: File `fullpage.sty' not found.
    
    Type X to quit or <RETURN> to proceed,
    or enter new name. (Default extension: sty)
    
    ! Emergency stop.
    <read *>
    
    l.2 \usepackage
     {amsmath,amsfonts,amsthm}^^M
    ! ==> Fatal error occurred, no output PDF file produced!
    Calls: buildVignettes -> texi2pdf -> texi2dvi
    Execution halted
Flavor: r-release-osx-x86_64