CRAN Package Check Results for Package SpatialExtremes

Last updated on 2015-03-01 16:47:09.

Flavor Version Tinstall Tcheck Ttotal Status Flags
r-devel-linux-x86_64-debian-clang 2.0-0 8.68 106.35 115.02 NOTE
r-devel-linux-x86_64-debian-gcc 2.0-0 12.00 103.66 115.66 NOTE
r-devel-linux-x86_64-fedora-clang 2.0-0 217.01 NOTE
r-devel-linux-x86_64-fedora-gcc 2.0-0 208.84 NOTE
r-devel-osx-x86_64-clang 2.0-0 162.33 NOTE
r-devel-windows-ix86+x86_64 2.0-0 93.00 195.00 288.00 OK
r-patched-linux-x86_64 2.0-0 12.04 109.70 121.73 NOTE
r-patched-solaris-sparc 2.0-0 1369.40 OK
r-patched-solaris-x86 2.0-0 264.20 OK
r-release-linux-ix86 2.0-0 14.02 141.75 155.77 NOTE
r-release-linux-x86_64 2.0-0 12.04 112.38 124.42 NOTE
r-release-osx-x86_64-mavericks 2.0-0 OK
r-release-windows-ix86+x86_64 2.0-0 62.00 192.00 254.00 OK
r-oldrel-windows-ix86+x86_64 2.0-0 63.00 199.00 262.00 OK

Check Details

Version: 2.0-0
Check: top-level files
Result: NOTE
    Non-standard file/directory found at top level:
     ‘Copyright’
    Copyright information should be in file inst/COPYRIGHTS
Flavors: r-devel-linux-x86_64-debian-clang, r-devel-linux-x86_64-debian-gcc, r-devel-linux-x86_64-fedora-clang, r-devel-linux-x86_64-fedora-gcc, r-patched-linux-x86_64, r-release-linux-ix86, r-release-linux-x86_64

Version: 2.0-0
Check: S3 generic/method consistency
Result: NOTE
    Found the following apparent S3 methods exported but not registered:
     TIC.default anova.maxstab anova.spatgev logLik.copula logLik.maxstab
     plot.copula plot.maxstab predict.copula predict.maxstab
     predict.pspline predict.spatgev print.copula print.latent
     print.maxstab print.pspline print.spatgev profile.maxstab
     profile2d.maxstab
    See section ‘Registering S3 methods’ in the ‘Writing R Extensions’
    manual.
Flavors: r-devel-linux-x86_64-debian-clang, r-devel-linux-x86_64-debian-gcc, r-devel-linux-x86_64-fedora-clang, r-devel-linux-x86_64-fedora-gcc, r-devel-osx-x86_64-clang