CRAN Package Check Results for Package SpatialExtremes

Last updated on 2015-05-30 23:47:16.

Flavor Version Tinstall Tcheck Ttotal Status Flags
r-devel-linux-x86_64-debian-clang 2.0-0 8.79 104.67 113.46 NOTE
r-devel-linux-x86_64-debian-gcc 2.0-0 11.79 107.53 119.32 NOTE
r-devel-linux-x86_64-fedora-clang 2.0-0 215.57 NOTE
r-devel-linux-x86_64-fedora-gcc 2.0-0 214.06 NOTE
r-devel-osx-x86_64-clang 2.0-0 171.78 NOTE
r-devel-windows-ix86+x86_64 2.0-0 72.00 199.00 271.00 OK
r-patched-linux-x86_64 2.0-0 11.80 104.89 116.69 NOTE
r-patched-solaris-sparc 2.0-0 1368.20 NOTE
r-patched-solaris-x86 2.0-0 258.70 NOTE
r-release-linux-x86_64 2.0-0 11.88 110.36 122.24 NOTE
r-release-osx-x86_64-mavericks 2.0-0 OK
r-release-osx-x86_64-snowleopard 2.0-0 OK
r-release-windows-ix86+x86_64 2.0-0 49.00 243.00 292.00 OK
r-oldrel-windows-ix86+x86_64 2.0-0 84.00 218.00 302.00 OK

Check Details

Version: 2.0-0
Check: top-level files
Result: NOTE
    Non-standard file/directory found at top level:
     ‘Copyright’
    Copyright information should be in file inst/COPYRIGHTS
Flavors: r-devel-linux-x86_64-debian-clang, r-devel-linux-x86_64-debian-gcc, r-devel-linux-x86_64-fedora-clang, r-devel-linux-x86_64-fedora-gcc, r-patched-linux-x86_64, r-release-linux-x86_64

Version: 2.0-0
Check: S3 generic/method consistency
Result: NOTE
    Found the following apparent S3 methods exported but not registered:
     TIC.default anova.maxstab anova.spatgev logLik.copula logLik.maxstab
     plot.copula plot.maxstab predict.copula predict.maxstab
     predict.pspline predict.spatgev print.copula print.latent
     print.maxstab print.pspline print.spatgev profile.maxstab
     profile2d.maxstab
    See section ‘Registering S3 methods’ in the ‘Writing R Extensions’
    manual.
Flavors: r-devel-linux-x86_64-debian-clang, r-devel-linux-x86_64-debian-gcc, r-devel-linux-x86_64-fedora-clang, r-devel-linux-x86_64-fedora-gcc, r-devel-osx-x86_64-clang, r-patched-linux-x86_64, r-patched-solaris-sparc, r-patched-solaris-x86, r-release-linux-x86_64