CRAN Package Check Results for Package SpatialExtremes

Last updated on 2014-09-16 14:47:43.

Flavor Version Tinstall Tcheck Ttotal Status Flags
r-devel-linux-x86_64-debian-clang 2.0-0 8.96 107.52 116.48 NOTE
r-devel-linux-x86_64-debian-gcc 2.0-0 12.68 106.64 119.31 NOTE
r-devel-linux-x86_64-fedora-clang 2.0-0 228.83 NOTE
r-devel-linux-x86_64-fedora-gcc 2.0-0 226.84 NOTE
r-devel-osx-x86_64-clang 2.0-0 155.21 OK
r-devel-windows-ix86+x86_64 2.0-0 61.00 181.00 242.00 OK
r-patched-linux-x86_64 2.0-0 12.88 98.24 111.12 OK
r-patched-solaris-sparc 2.0-0 1375.60 OK
r-patched-solaris-x86 2.0-0 263.80 OK
r-release-linux-ix86 2.0-0 14.73 141.28 156.02 OK
r-release-linux-x86_64 2.0-0 13.67 111.64 125.30 NOTE
r-release-osx-x86_64-mavericks 2.0-0 NOTE
r-release-windows-ix86+x86_64 2.0-0 77.00 203.00 280.00 OK
r-oldrel-windows-ix86+x86_64 2.0-0 63.00 199.00 262.00 OK

Check Details

Version: 2.0-0
Check: top-level files
Result: NOTE
    Non-standard file/directory found at top level:
     ‘Copyright’
    Copyright information should be in file inst/COPYRIGHTS
Flavors: r-devel-linux-x86_64-debian-clang, r-devel-linux-x86_64-debian-gcc, r-devel-linux-x86_64-fedora-clang, r-devel-linux-x86_64-fedora-gcc, r-release-linux-x86_64

Version: 2.0-0
Check: re-building of vignette outputs
Result: NOTE
    Error in re-building vignettes:
     ...
    Warning in optim(unlist(start), obj.fun, hessian = FALSE, control = control, :
     unknown names in control: cov11
    Error in texi2dvi(file = file, pdf = TRUE, clean = clean, quiet = quiet, :
     Running 'texi2dvi' on 'SpatialExtremesGuide.tex' failed.
    LaTeX errors:
    ! LaTeX Error: File `fullpage.sty' not found.
    
    Type X to quit or <RETURN> to proceed,
    or enter new name. (Default extension: sty)
    
    ./layout.sty:2: ==> Fatal error occurred, no output PDF file produced!
    Calls: buildVignettes -> texi2pdf -> texi2dvi
    Execution halted
Flavor: r-release-osx-x86_64-mavericks