CRAN Package Check Results for Package SpatialExtremes

Last updated on 2015-01-27 23:51:23.

Flavor Version Tinstall Tcheck Ttotal Status Flags
r-devel-linux-x86_64-debian-clang 2.0-0 8.79 107.22 116.02 NOTE
r-devel-linux-x86_64-debian-gcc 2.0-0 12.78 104.85 117.64 NOTE
r-devel-linux-x86_64-fedora-clang 2.0-0 223.82 NOTE
r-devel-linux-x86_64-fedora-gcc 2.0-0 221.94 NOTE
r-devel-osx-x86_64-clang 2.0-0 165.66 NOTE
r-devel-windows-ix86+x86_64 2.0-0 69.00 201.00 270.00 OK
r-patched-linux-x86_64 2.0-0 14.50 109.15 123.65 NOTE
r-patched-solaris-sparc 2.0-0 1369.40 OK
r-patched-solaris-x86 2.0-0 270.90 OK
r-release-linux-ix86 2.0-0 14.10 134.00 148.11 OK
r-release-linux-x86_64 2.0-0 13.68 108.80 122.48 NOTE
r-release-osx-x86_64-mavericks 2.0-0 OK
r-release-windows-ix86+x86_64 2.0-0 62.00 192.00 254.00 OK
r-oldrel-windows-ix86+x86_64 2.0-0 63.00 199.00 262.00 OK

Check Details

Version: 2.0-0
Check: top-level files
Result: NOTE
    Non-standard file/directory found at top level:
     ‘Copyright’
    Copyright information should be in file inst/COPYRIGHTS
Flavors: r-devel-linux-x86_64-debian-clang, r-devel-linux-x86_64-debian-gcc, r-devel-linux-x86_64-fedora-clang, r-devel-linux-x86_64-fedora-gcc, r-patched-linux-x86_64, r-release-linux-x86_64

Version: 2.0-0
Check: S3 generic/method consistency
Result: NOTE
    Found the following apparent S3 methods exported but not registered:
     TIC.default profile2d.maxstab print.copula print.latent print.maxstab
     print.pspline print.spatgev plot.copula plot.maxstab anova.maxstab
     anova.spatgev logLik.copula logLik.maxstab predict.copula
     predict.maxstab predict.pspline predict.spatgev profile.maxstab
    See section ‘Registering S3 methods’ in the ‘Writing R Extensions’
    manual.
Flavors: r-devel-linux-x86_64-debian-clang, r-devel-linux-x86_64-debian-gcc, r-devel-linux-x86_64-fedora-clang, r-devel-linux-x86_64-fedora-gcc, r-devel-osx-x86_64-clang