CRAN Package Check Results for Package SpatialExtremes

Last updated on 2014-04-18 05:48:13.

Flavor Version Tinstall Tcheck Ttotal Status Flags
r-devel-linux-x86_64-debian-clang 2.0-0 8.28 104.01 112.28 OK
r-devel-linux-x86_64-debian-gcc OK
r-devel-linux-x86_64-fedora-clang 2.0-0 235.72 NOTE
r-devel-linux-x86_64-fedora-gcc 2.0-0 234.66 NOTE
r-devel-macosx-x86_64-clang 2.0-0 159.11 OK
r-devel-macosx-x86_64-gcc 2.0-0 OK
r-devel-windows-ix86+x86_64 2.0-0 63.00 245.00 308.00 OK
r-patched-linux-x86_64 2.0-0 16.99 108.23 125.22 OK
r-patched-solaris-sparc 2.0-0 1315.30 OK
r-patched-solaris-x86 2.0-0 263.20 OK
r-release-linux-ix86 2.0-0 27.00 169.00 196.00 OK
r-release-linux-x86_64 2.0-0 12.22 104.81 117.04 OK
r-release-windows-ix86+x86_64 2.0-0 103.00 253.00 356.00 OK
r-oldrel-windows-ix86+x86_64 2.0-0 63.00 199.00 262.00 OK

Check Details

Version: 2.0-0
Check: top-level files
Result: NOTE
    Non-standard file/directory found at top level:
     ‘Copyright’
    Copyright information should be in file inst/COPYRIGHTS
Flavors: r-devel-linux-x86_64-fedora-clang, r-devel-linux-x86_64-fedora-gcc