CRAN Package Check Results for Package SpatialGEV

Last updated on 2022-09-27 14:53:42 CEST.

Flavor Version Tinstall Tcheck Ttotal Status Flags
r-devel-linux-x86_64-debian-clang 1.0.0 143.38 89.69 233.07 NOTE
r-devel-linux-x86_64-debian-gcc 1.0.0 141.57 64.07 205.64 NOTE
r-devel-linux-x86_64-fedora-clang 1.0.0 297.24 OK
r-devel-linux-x86_64-fedora-gcc 1.0.0 371.84 OK
r-devel-windows-x86_64 1.0.0 117.00 147.00 264.00 NOTE
r-patched-linux-x86_64 1.0.0 144.83 89.65 234.48 NOTE
r-release-linux-x86_64 1.0.0 143.91 88.80 232.71 NOTE
r-release-macos-arm64 1.0.0 73.00 NOTE
r-release-macos-x86_64 1.0.0 119.00 NOTE
r-release-windows-x86_64 1.0.0 122.00 147.00 269.00 NOTE
r-oldrel-macos-arm64 1.0.0 75.00 NOTE
r-oldrel-macos-x86_64 1.0.0 110.00 NOTE
r-oldrel-windows-ix86+x86_64 1.0.0 290.00 207.00 497.00 NOTE

Check Details

Version: 1.0.0
Check: package dependencies
Result: NOTE
    Package suggested but not available for checking: 'INLA'
Flavors: r-devel-linux-x86_64-debian-clang, r-devel-linux-x86_64-debian-gcc, r-devel-windows-x86_64, r-patched-linux-x86_64, r-release-linux-x86_64, r-release-macos-arm64, r-release-macos-x86_64, r-release-windows-x86_64, r-oldrel-macos-arm64, r-oldrel-macos-x86_64

Version: 1.0.0
Check: installed package size
Result: NOTE
     installed size is 14.6Mb
     sub-directories of 1Mb or more:
     libs 13.5Mb
Flavors: r-devel-windows-x86_64, r-release-macos-arm64, r-release-macos-x86_64, r-release-windows-x86_64, r-oldrel-macos-arm64, r-oldrel-macos-x86_64, r-oldrel-windows-ix86+x86_64