CRAN Package Check Results for Package SpatialNP

Last updated on 2015-09-01 05:48:36.

Flavor Version Tinstall Tcheck Ttotal Status Flags
r-devel-linux-x86_64-debian-clang 1.1-1 1.53 13.38 14.91 NOTE
r-devel-linux-x86_64-debian-gcc 1.1-1 1.38 13.82 15.19 NOTE
r-devel-linux-x86_64-fedora-clang 1.1-1 29.35 NOTE
r-devel-linux-x86_64-fedora-gcc 1.1-1 26.11 NOTE
r-devel-osx-x86_64-clang 1.1-1 24.88 OK
r-devel-windows-ix86+x86_64 1.1-1 12.00 42.00 54.00 NOTE
r-patched-linux-x86_64 1.1-1 1.47 14.06 15.53 OK
r-patched-solaris-sparc 1.1-1 232.20 OK
r-patched-solaris-x86 1.1-1 43.20 OK
r-release-linux-x86_64 1.1-1 1.48 14.54 16.02 OK
r-release-osx-x86_64-mavericks 1.1-1 OK
r-release-windows-ix86+x86_64 1.1-1 10.00 52.00 62.00 OK
r-oldrel-windows-ix86+x86_64 1.1-1 11.00 34.00 45.00 OK

Check Details

Version: 1.1-1
Check: R code for possible problems
Result: NOTE
    RCov: no visible binding for global variable ‘na.fail’
    SCov: no visible binding for global variable ‘na.fail’
    SRCov: no visible binding for global variable ‘na.fail’
    SSCov: no visible binding for global variable ‘na.fail’
    ae.hl.estimate: no visible binding for global variable ‘na.fail’
    ae.hl.estimate: no visible global function definition for ‘median’
    ae.spatial.median: no visible binding for global variable ‘na.fail’
    ae.spatial.median: no visible global function definition for ‘median’
    covshape: no visible global function definition for ‘cov’
    hl.location: no visible binding for global variable ‘na.fail’
    hl.location: no visible global function definition for ‘median’
    hl.location: no visible binding for global variable ‘median’
    mvhuberM: no visible binding for global variable ‘na.fail’
    mvhuberM: no visible global function definition for ‘qchisq’
    mvhuberM: no visible global function definition for ‘pchisq’
    mvhuberM: no visible global function definition for ‘cov’
    mvhuberM: no visible global function definition for ‘mahalanobis’
    mvhuberM: no visible global function definition for ‘var’
    rank.shape: no visible binding for global variable ‘na.fail’
    signrank.shape: no visible binding for global variable ‘na.fail’
    signs.shape: no visible binding for global variable ‘na.fail’
    spat.median: no visible binding for global variable ‘na.fail’
    spat.median: no visible global function definition for ‘median’
    spat.median: no visible binding for global variable ‘median’
    spatial.location: no visible binding for global variable ‘na.fail’
    spatial.rank: no visible binding for global variable ‘na.fail’
    spatial.shape: no visible binding for global variable ‘na.fail’
    spatial.signrank: no visible binding for global variable ‘na.fail’
    spatial.signs: no visible binding for global variable ‘na.fail’
    spatial.signs: no visible global function definition for ‘median’
    spatial.symmsign: no visible binding for global variable ‘na.fail’
    sr.indep.test: no visible binding for global variable ‘na.fail’
    sr.indep.test: no visible global function definition for ‘pchisq’
    sr.loc.test: no visible binding for global variable ‘na.fail’
    sr.loc.test: no visible global function definition for ‘pchisq’
    sr.sphere.test: no visible binding for global variable ‘na.fail’
    sr.sphere.test: no visible global function definition for ‘pchisq’
    symmhuber: no visible binding for global variable ‘na.fail’
    symmhuber: no visible global function definition for ‘cov’
    symmhuber: no visible global function definition for ‘qchisq’
    symmhuber: no visible global function definition for ‘pchisq’
    symmsign.shape: no visible binding for global variable ‘na.fail’
    Undefined global functions or variables:
     cov mahalanobis median na.fail pchisq qchisq var
    Consider adding
     importFrom("stats", "cov", "mahalanobis", "median", "na.fail",
     "pchisq", "qchisq", "var")
    to your NAMESPACE.
Flavors: r-devel-linux-x86_64-debian-clang, r-devel-linux-x86_64-debian-gcc, r-devel-linux-x86_64-fedora-clang, r-devel-linux-x86_64-fedora-gcc, r-devel-windows-ix86+x86_64