CRAN Package Check Results for Package SpatialNP

Last updated on 2015-04-19 05:50:04.

Flavor Version Tinstall Tcheck Ttotal Status Flags
r-devel-linux-x86_64-debian-clang 1.1-1 1.63 14.28 15.91 OK
r-devel-linux-x86_64-debian-gcc 1.1-1 1.42 14.34 15.76 OK
r-devel-linux-x86_64-fedora-clang 1.1-1 31.17 OK
r-devel-linux-x86_64-fedora-gcc 1.1-1 27.60 OK
r-devel-osx-x86_64-clang 1.1-1 32.05 OK
r-patched-linux-x86_64 1.1-1 1.48 14.18 15.66 OK
r-patched-solaris-sparc 1.1-1 207.90 OK
r-patched-solaris-x86 1.1-1 42.40 OK
r-release-linux-x86_64 1.1-1 1.44 14.30 15.74 OK
r-release-osx-x86_64-mavericks 1.1-1 NOTE
r-release-osx-x86_64-snowleopard 1.1-1 NOTE
r-release-windows-ix86+x86_64 1.1-1 6.00 35.00 41.00 OK
r-oldrel-windows-ix86+x86_64 1.1-1 7.00 42.00 49.00 OK

Check Details

Version: 1.1-1
Check: package dependencies
Result: NOTE
    Packages suggested but not available for checking: ‘ICSNP’ ‘MNM’
Flavors: r-release-osx-x86_64-mavericks, r-release-osx-x86_64-snowleopard

Version: 1.1-1
Check: Rd cross-references
Result: NOTE
    Packages unavailable to check Rd xrefs: ‘ICSNP’, ‘MNM’
Flavors: r-release-osx-x86_64-mavericks, r-release-osx-x86_64-snowleopard