CRAN Package Check Results for Package SpatialNP

Last updated on 2014-08-01 23:48:28.

Flavor Version Tinstall Tcheck Ttotal Status Flags
r-devel-linux-x86_64-debian-clang 1.1-1 1.31 14.41 15.72 OK
r-devel-linux-x86_64-debian-gcc 1.1-1 1.47 14.84 16.30 OK
r-devel-linux-x86_64-fedora-clang 1.1-1 31.50 OK
r-devel-linux-x86_64-fedora-gcc 1.1-1 28.85 OK
r-devel-osx-x86_64-clang 1.1-1 31.53 OK
r-devel-windows-ix86+x86_64 1.1-1 6.00 32.00 38.00 OK
r-patched-linux-x86_64 1.1-1 1.46 14.97 16.43 OK
r-patched-solaris-sparc 1.1-1 201.00 OK
r-patched-solaris-x86 1.1-1 44.20 OK
r-release-linux-ix86 1.1-1 2.05 21.80 23.85 OK
r-release-linux-x86_64 1.1-1 1.48 15.28 16.76 OK
r-release-osx-x86_64-mavericks 1.1-1 OK
r-release-osx-x86_64-snowleopard 1.1-1 NOTE
r-release-windows-ix86+x86_64 1.1-1 11.00 41.00 52.00 OK
r-oldrel-windows-ix86+x86_64 1.1-1 11.00 43.00 54.00 OK

Check Details

Version: 1.1-1
Check: package dependencies
Result: NOTE
    Packages suggested but not available for checking: 'ICSNP' 'MNM'
Flavor: r-release-osx-x86_64-snowleopard

Version: 1.1-1
Check: Rd cross-references
Result: NOTE
    Packages unavailable to check Rd xrefs: 'ICSNP', 'MNM'
Flavor: r-release-osx-x86_64-snowleopard