CRAN Package Check Results for Package SpatialNP

Last updated on 2014-11-23 17:49:39.

Flavor Version Tinstall Tcheck Ttotal Status Flags
r-devel-linux-x86_64-debian-clang 1.1-1 1.61 15.16 16.77 OK
r-devel-linux-x86_64-debian-gcc 1.1-1 1.52 14.72 16.24 OK
r-devel-linux-x86_64-fedora-clang 1.1-1 33.91 OK
r-devel-linux-x86_64-fedora-gcc 1.1-1 31.37 OK
r-devel-osx-x86_64-clang 1.1-1 32.61 OK
r-devel-windows-ix86+x86_64 1.1-1 7.00 28.00 35.00 OK
r-patched-linux-x86_64 1.1-1 1.65 15.20 16.85 OK
r-patched-solaris-sparc 1.1-1 201.00 OK
r-patched-solaris-x86 1.1-1 47.30 OK
r-release-linux-ix86 1.1-1 2.00 20.85 22.85 OK
r-release-linux-x86_64 1.1-1 1.49 16.13 17.62 OK
r-release-osx-x86_64-mavericks 1.1-1 OK
r-release-osx-x86_64-snowleopard 1.1-1 NOTE
r-release-windows-ix86+x86_64 1.1-1 7.00 32.00 39.00 OK
r-oldrel-windows-ix86+x86_64 1.1-1 7.00 33.00 40.00 OK

Check Details

Version: 1.1-1
Check: package dependencies
Result: NOTE
    Packages suggested but not available for checking: 'ICSNP' 'MNM'
Flavor: r-release-osx-x86_64-snowleopard

Version: 1.1-1
Check: Rd cross-references
Result: NOTE
    Packages unavailable to check Rd xrefs: 'ICSNP', 'MNM'
Flavor: r-release-osx-x86_64-snowleopard