CRAN Package Check Results for Package SpatialNP

Last updated on 2014-07-25 01:48:53.

Flavor Version Tinstall Tcheck Ttotal Status Flags
r-devel-linux-x86_64-debian-clang 1.1-1 1.30 14.34 15.65 OK
r-devel-linux-x86_64-debian-gcc 1.1-1 1.47 14.56 16.03 OK
r-devel-linux-x86_64-fedora-clang 1.1-1 32.04 OK
r-devel-linux-x86_64-fedora-gcc 1.1-1 29.47 OK
r-devel-osx-x86_64-clang 1.1-1 31.44 OK
r-devel-windows-ix86+x86_64 1.1-1 6.00 31.00 37.00 OK
r-patched-linux-x86_64 1.1-1 1.47 14.78 16.24 OK
r-patched-solaris-sparc 1.1-1 196.40 OK
r-patched-solaris-x86 1.1-1 44.70 OK
r-release-linux-ix86 1.1-1 2.08 21.86 23.94 OK
r-release-linux-x86_64 1.1-1 1.52 14.95 16.48 OK
r-release-osx-x86_64-mavericks 1.1-1 OK
r-release-osx-x86_64-snowleopard 1.1-1 NOTE
r-release-windows-ix86+x86_64 1.1-1 7.00 30.00 37.00 OK
r-oldrel-windows-ix86+x86_64 1.1-1 8.00 30.00 38.00 OK

Check Details

Version: 1.1-1
Check: package dependencies
Result: NOTE
    Packages suggested but not available for checking: 'ICSNP' 'MNM'
Flavor: r-release-osx-x86_64-snowleopard

Version: 1.1-1
Check: Rd cross-references
Result: NOTE
    Packages unavailable to check Rd xrefs: 'ICSNP', 'MNM'
Flavor: r-release-osx-x86_64-snowleopard