CRAN Package Check Results for Package SpatialNP

Last updated on 2015-05-28 09:47:39.

Flavor Version Tinstall Tcheck Ttotal Status Flags
r-devel-linux-x86_64-debian-clang 1.1-1 1.57 14.30 15.87 OK
r-devel-linux-x86_64-debian-gcc 1.1-1 1.46 14.49 15.95 OK
r-devel-linux-x86_64-fedora-clang 1.1-1 30.20 OK
r-devel-linux-x86_64-fedora-gcc 1.1-1 29.72 OK
r-devel-osx-x86_64-clang 1.1-1 30.95 OK
r-devel-windows-ix86+x86_64 1.1-1 6.00 31.00 37.00 OK
r-patched-linux-x86_64 1.1-1 1.46 14.42 15.88 OK
r-patched-solaris-sparc 1.1-1 195.60 OK
r-patched-solaris-x86 1.1-1 42.50 OK
r-release-linux-x86_64 1.1-1 1.44 14.50 15.94 OK
r-release-osx-x86_64-mavericks 1.1-1 OK
r-release-osx-x86_64-snowleopard 1.1-1 NOTE
r-release-windows-ix86+x86_64 1.1-1 8.00 31.00 39.00 OK
r-oldrel-windows-ix86+x86_64 1.1-1 7.00 49.00 56.00 OK

Check Details

Version: 1.1-1
Check: package dependencies
Result: NOTE
    Packages suggested but not available for checking: ‘ICSNP’ ‘MNM’
Flavor: r-release-osx-x86_64-snowleopard

Version: 1.1-1
Check: Rd cross-references
Result: NOTE
    Packages unavailable to check Rd xrefs: ‘ICSNP’, ‘MNM’
Flavor: r-release-osx-x86_64-snowleopard