CRAN Package Check Results for Package SpatialNP

Last updated on 2014-12-20 12:47:37.

Flavor Version Tinstall Tcheck Ttotal Status Flags
r-devel-linux-x86_64-debian-clang 1.1-1 1.51 15.08 16.59 OK
r-devel-linux-x86_64-debian-gcc 1.1-1 1.49 14.92 16.40 OK
r-devel-linux-x86_64-fedora-clang 1.1-1 33.26 OK
r-devel-linux-x86_64-fedora-gcc 1.1-1 30.43 OK
r-devel-osx-x86_64-clang 1.1-1 31.34 OK
r-devel-windows-ix86+x86_64 1.1-1 8.00 32.00 40.00 OK
r-patched-linux-x86_64 1.1-1 1.50 14.95 16.44 OK
r-patched-solaris-sparc 1.1-1 201.00 OK
r-patched-solaris-x86 1.1-1 46.40 OK
r-release-linux-ix86 1.1-1 2.00 20.94 22.94 OK
r-release-linux-x86_64 1.1-1 1.54 15.55 17.09 OK
r-release-osx-x86_64-mavericks 1.1-1 OK
r-release-osx-x86_64-snowleopard 1.1-1 NOTE
r-release-windows-ix86+x86_64 1.1-1 8.00 33.00 41.00 OK
r-oldrel-windows-ix86+x86_64 1.1-1 8.00 33.00 41.00 OK

Check Details

Version: 1.1-1
Check: package dependencies
Result: NOTE
    Packages suggested but not available for checking: 'ICSNP' 'MNM'
Flavor: r-release-osx-x86_64-snowleopard

Version: 1.1-1
Check: Rd cross-references
Result: NOTE
    Packages unavailable to check Rd xrefs: 'ICSNP', 'MNM'
Flavor: r-release-osx-x86_64-snowleopard