CRAN Package Check Results for Package SpatialNP

Last updated on 2015-01-30 18:51:40.

Flavor Version Tinstall Tcheck Ttotal Status Flags
r-devel-linux-x86_64-debian-clang 1.1-1 1.62 14.31 15.93 OK
r-devel-linux-x86_64-debian-gcc 1.1-1 1.48 14.14 15.62 OK
r-devel-linux-x86_64-fedora-clang 1.1-1 33.37 OK
r-devel-linux-x86_64-fedora-gcc 1.1-1 30.75 OK
r-devel-osx-x86_64-clang 1.1-1 32.19 OK
r-devel-windows-ix86+x86_64 1.1-1 10.00 30.00 40.00 OK
r-patched-linux-x86_64 1.1-1 1.85 15.80 17.65 OK
r-patched-solaris-sparc 1.1-1 209.30 OK
r-patched-solaris-x86 1.1-1 47.00 OK
r-release-linux-ix86 1.1-1 2.05 20.79 22.84 OK
r-release-linux-x86_64 1.1-1 1.51 15.55 17.06 OK
r-release-osx-x86_64-mavericks 1.1-1 OK
r-release-osx-x86_64-snowleopard 1.1-1 NOTE
r-release-windows-ix86+x86_64 1.1-1 7.00 29.00 36.00 OK
r-oldrel-windows-ix86+x86_64 1.1-1 8.00 33.00 41.00 OK

Check Details

Version: 1.1-1
Check: package dependencies
Result: NOTE
    Packages suggested but not available for checking: 'ICSNP' 'MNM'
Flavor: r-release-osx-x86_64-snowleopard

Version: 1.1-1
Check: Rd cross-references
Result: NOTE
    Packages unavailable to check Rd xrefs: 'ICSNP', 'MNM'
Flavor: r-release-osx-x86_64-snowleopard