CRAN Package Check Results for Package SpatialPack

Last updated on 2015-07-08 05:47:58.

Flavor Version Tinstall Tcheck Ttotal Status Flags
r-devel-linux-x86_64-debian-clang 0.2-3 1.30 8.92 10.22 NOTE
r-devel-linux-x86_64-debian-gcc 0.2-3 1.29 9.08 10.37 NOTE
r-devel-linux-x86_64-fedora-clang 0.2-3 19.35 NOTE
r-devel-linux-x86_64-fedora-gcc 0.2-3 18.86 NOTE
r-devel-osx-x86_64-clang 0.2-3 20.78 OK
r-devel-windows-ix86+x86_64 0.2-3 15.00 20.00 35.00 NOTE
r-patched-linux-x86_64 0.2-3 1.25 9.51 10.76 OK
r-patched-solaris-sparc 0.2-3 134.10 OK
r-patched-solaris-x86 0.2-3 31.50 OK
r-release-linux-x86_64 0.2-3 1.24 9.52 10.77 OK
r-release-osx-x86_64-mavericks 0.2-3 OK
r-release-windows-ix86+x86_64 0.2-3 16.00 23.00 39.00 OK
r-oldrel-windows-ix86+x86_64 0.2-3 12.00 25.00 37.00 OK

Check Details

Version: 0.2-3
Check: R code for possible problems
Result: NOTE
    codisp: no visible global function definition for ‘complete.cases’
    cor.spatial: no visible global function definition for ‘complete.cases’
    modified.ttest: no visible global function definition for
     ‘complete.cases’
    modified.ttest: no visible global function definition for ‘cor’
    plot.codisp: no visible global function definition for ‘plot’
    plot.codisp: no visible global function definition for ‘title’
    Undefined global functions or variables:
     complete.cases cor plot title
Flavors: r-devel-linux-x86_64-debian-clang, r-devel-linux-x86_64-debian-gcc, r-devel-linux-x86_64-fedora-clang, r-devel-linux-x86_64-fedora-gcc, r-devel-windows-ix86+x86_64