CRAN Package Check Results for Package SpatialPack

Last updated on 2017-02-20 17:49:24.

Flavor Version Tinstall Tcheck Ttotal Status Flags
r-devel-linux-x86_64-debian-clang 0.2-3 1.63 11.43 13.06 NOTE
r-devel-linux-x86_64-debian-gcc 0.2-3 1.42 12.04 13.47 NOTE
r-devel-linux-x86_64-fedora-clang 0.2-3 21.38 NOTE --no-stop-on-test-error
r-devel-linux-x86_64-fedora-gcc 0.2-3 20.27 NOTE --no-stop-on-test-error
r-devel-macos-x86_64-clang 19.90 NOTE --no-stop-on-test-error
r-devel-windows-ix86+x86_64 0.2-3 10.00 41.00 51.00 NOTE
r-patched-linux-x86_64 0.2-3 1.29 10.44 11.73 NOTE
r-patched-solaris-sparc 0.2-3 120.60 ERROR
r-patched-solaris-x86 0.2-3 27.40 ERROR
r-release-linux-x86_64 0.2-3 1.30 9.65 10.96 NOTE
r-release-osx-x86_64-mavericks 0.2-3 NOTE
r-release-windows-ix86+x86_64 0.2-3 10.00 31.00 41.00 NOTE
r-oldrel-windows-ix86+x86_64 0.2-3 12.00 40.00 52.00 OK

Check Details

Version: 0.2-3
Check: R code for possible problems
Result: NOTE
    codisp: no visible global function definition for ‘complete.cases’
    cor.spatial: no visible global function definition for ‘complete.cases’
    modified.ttest: no visible global function definition for
     ‘complete.cases’
    modified.ttest: no visible global function definition for ‘cor’
    plot.codisp: no visible global function definition for ‘plot’
    plot.codisp: no visible global function definition for ‘title’
    Undefined global functions or variables:
     complete.cases cor plot title
    Consider adding
     importFrom("graphics", "plot", "title")
     importFrom("stats", "complete.cases", "cor")
    to your NAMESPACE file.
Flavors: r-devel-linux-x86_64-debian-clang, r-devel-linux-x86_64-debian-gcc, r-devel-windows-ix86+x86_64, r-patched-linux-x86_64, r-patched-solaris-sparc, r-patched-solaris-x86, r-release-linux-x86_64, r-release-osx-x86_64-mavericks, r-release-windows-ix86+x86_64

Version: 0.2-3
Flags: --no-stop-on-test-error
Check: R code for possible problems
Result: NOTE
    codisp: no visible global function definition for ‘complete.cases’
    cor.spatial: no visible global function definition for ‘complete.cases’
    modified.ttest: no visible global function definition for
     ‘complete.cases’
    modified.ttest: no visible global function definition for ‘cor’
    plot.codisp: no visible global function definition for ‘plot’
    plot.codisp: no visible global function definition for ‘title’
    Undefined global functions or variables:
     complete.cases cor plot title
    Consider adding
     importFrom("graphics", "plot", "title")
     importFrom("stats", "complete.cases", "cor")
    to your NAMESPACE file.
Flavors: r-devel-linux-x86_64-fedora-clang, r-devel-linux-x86_64-fedora-gcc, r-devel-macos-x86_64-clang

Version: 0.2-3
Check: package dependencies
Result: NOTE
    Package suggested but not available for checking: ‘geoR’
Flavors: r-patched-solaris-sparc, r-patched-solaris-x86

Version: 0.2-3
Check: examples
Result: ERROR
    Running examples in ‘SpatialPack-Ex.R’ failed
    The error most likely occurred in:
    
    > ### Name: codisp
    > ### Title: Codispersion Coefficient
    > ### Aliases: codisp
    > ### Keywords: multivariate
    >
    > ### ** Examples
    >
    > ## This example uses the camg data set, available in the geoR Package
    > ## (Ribeiro and Diggle, 2001).
    >
    > ## required to loading the camg data set from geoR package
    > library(geoR)
    Error in library(geoR) : there is no package called ‘geoR’
    Execution halted
Flavors: r-patched-solaris-sparc, r-patched-solaris-x86