CRAN Package Check Results for Package SpatialPack

Last updated on 2014-04-24 11:48:56.

Flavor Version Tinstall Tcheck Ttotal Status Flags
r-devel-linux-x86_64-debian-clang 0.2 1.26 10.03 11.29 NOTE
r-devel-linux-x86_64-debian-gcc 0.2 1.22 9.96 11.18 WARN
r-devel-linux-x86_64-fedora-clang 0.2 22.12 OK
r-devel-linux-x86_64-fedora-gcc 0.2 21.19 WARN
r-devel-osx-x86_64-clang 0.2 22.59 OK
r-devel-osx-x86_64-gcc 0.2 ERROR
r-devel-windows-ix86+x86_64 0.2 10.00 21.00 31.00 WARN
r-patched-linux-x86_64 0.2 1.22 9.89 11.11 WARN
r-patched-solaris-sparc 0.2 130.40 OK
r-patched-solaris-x86 0.2 32.50 OK
r-release-linux-ix86 0.2 2.00 23.00 25.00 WARN
r-release-linux-x86_64 0.2 1.24 9.82 11.06 WARN
r-release-osx-x86_64-mavericks 0.2 ERROR
r-release-windows-ix86+x86_64 0.2 11.00 22.00 33.00 WARN
r-oldrel-windows-ix86+x86_64 0.2 11.00 22.00 33.00 OK

Memtest notes: valgrind

Check Details

Version: 0.2
Check: whether package can be installed
Result: NOTE
    Found the following warnings:
     base.c:46:1: warning: control may reach end of non-void function [-Wreturn-type]
    See ‘/home/hornik/tmp/R.check/r-devel-clang/Work/PKGS/SpatialPack.Rcheck/00install.out’ for details.
Flavor: r-devel-linux-x86_64-debian-clang

Version: 0.2
Check: whether package can be installed
Result: WARNING
    Found the following significant warnings:
     base.c:46:1: warning: control reaches end of non-void function [-Wreturn-type]
    See ‘/home/hornik/tmp/R.check/r-devel-gcc/Work/PKGS/SpatialPack.Rcheck/00install.out’ for details.
Flavor: r-devel-linux-x86_64-debian-gcc

Version: 0.2
Check: whether package can be installed
Result: WARNING
    Found the following significant warnings:
     base.c:46:1: warning: control reaches end of non-void function [-Wreturn-type]
    See ‘/data/gannet/ripley/R/packages/tests-devel/SpatialPack.Rcheck/00install.out’ for details.
Flavor: r-devel-linux-x86_64-fedora-gcc

Version: 0.2
Check: package dependencies
Result: NOTE
    Package suggested but not available for checking: ‘geoR’
Flavors: r-devel-osx-x86_64-gcc, r-release-osx-x86_64-mavericks

Version: 0.2
Check: examples
Result: ERROR
    Running examples in ‘SpatialPack-Ex.R’ failed
    The error most likely occurred in:
    
    > ### Name: codisp
    > ### Title: Codispersion Coefficient
    > ### Aliases: codisp
    > ### Keywords: multivariate
    >
    > ### ** Examples
    >
    > ## This example uses the camg data set, available in the geoR Package
    > ## (Ribeiro and Diggle, 2001).
    >
    > ## required to loading the camg data set from geoR package
    > library(geoR)
    Error in library(geoR) : there is no package called ‘geoR’
    Execution halted
Flavors: r-devel-osx-x86_64-gcc, r-release-osx-x86_64-mavericks

Version: 0.2
Check: whether package can be installed
Result: WARNING
    Found the following significant warnings:
     base.c:46:1: warning: control reaches end of non-void function [-Wreturn-type]
    See 'd:/Rcompile/CRANpkg/local/3.2/SpatialPack.Rcheck/00install.out' for details.
Flavor: r-devel-windows-ix86+x86_64

Version: 0.2
Check: whether package can be installed
Result: WARNING
    Found the following significant warnings:
     base.c:46:1: warning: control reaches end of non-void function [-Wreturn-type]
    See ‘/home/hornik/tmp/R.check/r-patched-gcc/Work/PKGS/SpatialPack.Rcheck/00install.out’ for details.
Flavor: r-patched-linux-x86_64

Version: 0.2
Check: whether package can be installed
Result: WARNING
    Found the following significant warnings:
     base.c:46:1: warning: control reaches end of non-void function [-Wreturn-type]
    See ‘/home/hornik/tmp/R.check/r-release-gcc/Work/PKGS/SpatialPack.Rcheck/00install.out’ for details.
Flavors: r-release-linux-ix86, r-release-linux-x86_64

Version: 0.2
Check: whether package can be installed
Result: WARNING
    Found the following significant warnings:
     base.c:46:1: warning: control reaches end of non-void function [-Wreturn-type]
     base.c:46:1: warning: control reaches end of non-void function [-Wreturn-type]
    See 'd:/Rcompile/CRANpkg/local/3.1/SpatialPack.Rcheck/00install.out' for details.
Flavor: r-release-windows-ix86+x86_64