CRAN Package Check Results for Package SpatialPack

Last updated on 2017-12-12 04:48:14 CET.

Flavor Version Tinstall Tcheck Ttotal Status Flags
r-devel-linux-x86_64-debian-clang 0.2-3 1.97 14.87 16.84 NOTE
r-devel-linux-x86_64-debian-gcc 0.2-3 1.56 13.17 14.73 NOTE
r-devel-linux-x86_64-fedora-clang 0.2-3 21.39 NOTE
r-devel-linux-x86_64-fedora-gcc 0.2-3 19.90 NOTE
r-devel-windows-ix86+x86_64 0.2-3 20.00 44.00 64.00 NOTE
r-patched-linux-x86_64 0.2-3 1.63 16.13 17.76 NOTE
r-patched-solaris-x86 0.2-3 34.20 NOTE
r-release-linux-x86_64 0.2-3 1.91 15.97 17.88 NOTE
r-release-windows-ix86+x86_64 0.2-3 10.00 43.00 53.00 NOTE
r-release-osx-x86_64 0.2-3 NOTE
r-oldrel-windows-ix86+x86_64 0.2-3 17.00 47.00 64.00 NOTE
r-oldrel-osx-x86_64 0.2-3 NOTE

Check Details

Version: 0.2-3
Check: R code for possible problems
Result: NOTE
    codisp: no visible global function definition for ‘complete.cases’
    cor.spatial: no visible global function definition for ‘complete.cases’
    modified.ttest: no visible global function definition for
     ‘complete.cases’
    modified.ttest: no visible global function definition for ‘cor’
    plot.codisp: no visible global function definition for ‘plot’
    plot.codisp: no visible global function definition for ‘title’
    Undefined global functions or variables:
     complete.cases cor plot title
    Consider adding
     importFrom("graphics", "plot", "title")
     importFrom("stats", "complete.cases", "cor")
    to your NAMESPACE file.
Flavors: r-devel-linux-x86_64-debian-clang, r-devel-linux-x86_64-debian-gcc, r-devel-linux-x86_64-fedora-clang, r-devel-linux-x86_64-fedora-gcc, r-devel-windows-ix86+x86_64, r-patched-linux-x86_64, r-patched-solaris-x86, r-release-linux-x86_64, r-release-windows-ix86+x86_64, r-release-osx-x86_64, r-oldrel-windows-ix86+x86_64, r-oldrel-osx-x86_64