CRAN Package Check Results for Package SpatialPack

Last updated on 2017-10-21 02:49:00.

Flavor Version Tinstall Tcheck Ttotal Status Flags
r-devel-linux-x86_64-debian-clang 0.2-3 1.66 13.13 14.79 NOTE
r-devel-linux-x86_64-debian-gcc 0.2-3 1.80 13.62 15.42 NOTE
r-devel-linux-x86_64-fedora-clang 0.2-3 22.86 NOTE
r-devel-linux-x86_64-fedora-gcc 0.2-3 21.57 NOTE
r-devel-windows-ix86+x86_64 0.2-3 12.00 45.00 57.00 NOTE
r-patched-linux-x86_64 0.2-3 1.42 12.68 14.10 NOTE
r-patched-solaris-x86 0.2-3 35.00 NOTE
r-release-linux-x86_64 0.2-3 1.43 12.42 13.85 NOTE
r-release-windows-ix86+x86_64 0.2-3 17.00 32.00 49.00 NOTE
r-release-osx-x86_64 0.2-3 NOTE
r-oldrel-windows-ix86+x86_64 0.2-3 12.00 44.00 56.00 NOTE
r-oldrel-osx-x86_64 0.2-3 NOTE

Check Details

Version: 0.2-3
Check: R code for possible problems
Result: NOTE
    codisp: no visible global function definition for ‘complete.cases’
    cor.spatial: no visible global function definition for ‘complete.cases’
    modified.ttest: no visible global function definition for
     ‘complete.cases’
    modified.ttest: no visible global function definition for ‘cor’
    plot.codisp: no visible global function definition for ‘plot’
    plot.codisp: no visible global function definition for ‘title’
    Undefined global functions or variables:
     complete.cases cor plot title
    Consider adding
     importFrom("graphics", "plot", "title")
     importFrom("stats", "complete.cases", "cor")
    to your NAMESPACE file.
Flavors: r-devel-linux-x86_64-debian-clang, r-devel-linux-x86_64-debian-gcc, r-devel-linux-x86_64-fedora-clang, r-devel-linux-x86_64-fedora-gcc, r-devel-windows-ix86+x86_64, r-patched-linux-x86_64, r-patched-solaris-x86, r-release-linux-x86_64, r-release-windows-ix86+x86_64, r-release-osx-x86_64, r-oldrel-windows-ix86+x86_64, r-oldrel-osx-x86_64