CRAN Package Check Results for Package SpatialPack

Last updated on 2015-08-01 19:48:35.

Flavor Version Tinstall Tcheck Ttotal Status Flags
r-devel-linux-x86_64-debian-clang 0.2-3 1.30 9.45 10.74 NOTE
r-devel-linux-x86_64-debian-gcc 0.2-3 1.28 9.25 10.52 NOTE
r-devel-linux-x86_64-fedora-clang 0.2-3 21.09 NOTE
r-devel-linux-x86_64-fedora-gcc 0.2-3 19.83 NOTE
r-devel-osx-x86_64-clang 0.2-3 20.78 OK
r-devel-windows-ix86+x86_64 0.2-3 19.00 40.00 59.00 NOTE
r-patched-linux-x86_64 0.2-3 1.27 9.39 10.66 OK
r-patched-solaris-sparc 0.2-3 157.70 OK
r-patched-solaris-x86 0.2-3 31.80 OK
r-release-linux-x86_64 0.2-3 1.26 9.90 11.16 OK
r-release-osx-x86_64-mavericks 0.2-3 OK
r-release-windows-ix86+x86_64 0.2-3 15.00 36.00 51.00 OK
r-oldrel-windows-ix86+x86_64 0.2-3 14.00 25.00 39.00 OK

Check Details

Version: 0.2-3
Check: R code for possible problems
Result: NOTE
    codisp: no visible global function definition for ‘complete.cases’
    cor.spatial: no visible global function definition for ‘complete.cases’
    modified.ttest: no visible global function definition for
     ‘complete.cases’
    modified.ttest: no visible global function definition for ‘cor’
    plot.codisp: no visible global function definition for ‘plot’
    plot.codisp: no visible global function definition for ‘title’
    Undefined global functions or variables:
     complete.cases cor plot title
    Consider adding
     importFrom("graphics", "plot", "title")
     importFrom("stats", "complete.cases", "cor")
    to your NAMESPACE.
Flavors: r-devel-linux-x86_64-debian-clang, r-devel-linux-x86_64-debian-gcc, r-devel-linux-x86_64-fedora-clang, r-devel-linux-x86_64-fedora-gcc, r-devel-windows-ix86+x86_64