CRAN Package Check Results for Package SpatialPack

Last updated on 2016-06-27 17:53:14.

Flavor Version Tinstall Tcheck Ttotal Status Flags
r-devel-linux-x86_64-debian-gcc 0.2-3 1.42 9.65 11.07 NOTE
r-devel-linux-x86_64-fedora-clang 0.2-3 18.45 NOTE
r-devel-linux-x86_64-fedora-gcc 0.2-3 16.83 NOTE
r-devel-osx-x86_64-clang 0.2-3 16.22 ERROR
r-devel-windows-ix86+x86_64 0.2-3 10.00 28.00 38.00 NOTE
r-patched-linux-x86_64 0.2-3 1.49 9.91 11.41 NOTE
r-patched-solaris-sparc 0.2-3 121.20 NOTE
r-patched-solaris-x86 0.2-3 28.80 NOTE
r-release-linux-x86_64 0.2-3 1.58 10.05 11.63 NOTE
r-release-osx-x86_64-mavericks 0.2-3 NOTE
r-release-windows-ix86+x86_64 0.2-3 14.00 30.00 44.00 NOTE
r-oldrel-windows-ix86+x86_64 0.2-3 16.00 40.00 56.00 OK

Check Details

Version: 0.2-3
Check: R code for possible problems
Result: NOTE
    codisp: no visible global function definition for ‘complete.cases’
    cor.spatial: no visible global function definition for ‘complete.cases’
    modified.ttest: no visible global function definition for
     ‘complete.cases’
    modified.ttest: no visible global function definition for ‘cor’
    plot.codisp: no visible global function definition for ‘plot’
    plot.codisp: no visible global function definition for ‘title’
    Undefined global functions or variables:
     complete.cases cor plot title
    Consider adding
     importFrom("graphics", "plot", "title")
     importFrom("stats", "complete.cases", "cor")
    to your NAMESPACE file.
Flavors: r-devel-linux-x86_64-debian-gcc, r-devel-linux-x86_64-fedora-clang, r-devel-linux-x86_64-fedora-gcc, r-devel-osx-x86_64-clang, r-devel-windows-ix86+x86_64, r-patched-linux-x86_64, r-patched-solaris-sparc, r-patched-solaris-x86, r-release-linux-x86_64, r-release-osx-x86_64-mavericks, r-release-windows-ix86+x86_64

Version: 0.2-3
Check: package dependencies
Result: NOTE
    Package suggested but not available for checking: ‘geoR’
Flavor: r-devel-osx-x86_64-clang

Version: 0.2-3
Check: examples
Result: ERROR
    Running examples in ‘SpatialPack-Ex.R’ failed
    The error most likely occurred in:
    
    > ### Name: codisp
    > ### Title: Codispersion Coefficient
    > ### Aliases: codisp
    > ### Keywords: multivariate
    >
    > ### ** Examples
    >
    > ## This example uses the camg data set, available in the geoR Package
    > ## (Ribeiro and Diggle, 2001).
    >
    > ## required to loading the camg data set from geoR package
    > library(geoR)
    Error in library(geoR) : there is no package called ‘geoR’
    Execution halted
Flavor: r-devel-osx-x86_64-clang