CRAN Package Check Results for Package SpatialPack

Last updated on 2018-02-24 12:48:21 CET.

Flavor Version Tinstall Tcheck Ttotal Status Flags
r-devel-linux-x86_64-debian-clang 0.2-3 2.67 17.87 20.54 NOTE
r-devel-linux-x86_64-debian-gcc 0.2-3 1.87 14.30 16.17 NOTE
r-devel-linux-x86_64-fedora-clang 0.2-3 24.61 NOTE
r-devel-linux-x86_64-fedora-gcc 0.2-3 23.52 NOTE
r-devel-windows-ix86+x86_64 0.2-3 16.00 46.00 62.00 NOTE
r-patched-linux-x86_64 0.2-3 1.99 16.79 18.78 NOTE
r-patched-solaris-x86 0.2-3 34.70 NOTE
r-release-linux-x86_64 0.2-3 1.97 16.63 18.60 NOTE
r-release-windows-ix86+x86_64 0.2-3 11.00 45.00 56.00 NOTE
r-release-osx-x86_64 0.2-3 NOTE
r-oldrel-windows-ix86+x86_64 0.2-3 12.00 42.00 54.00 NOTE
r-oldrel-osx-x86_64 0.2-3 NOTE

Check Details

Version: 0.2-3
Check: R code for possible problems
Result: NOTE
    codisp: no visible global function definition for ‘complete.cases’
    cor.spatial: no visible global function definition for ‘complete.cases’
    modified.ttest: no visible global function definition for
     ‘complete.cases’
    modified.ttest: no visible global function definition for ‘cor’
    plot.codisp: no visible global function definition for ‘plot’
    plot.codisp: no visible global function definition for ‘title’
    Undefined global functions or variables:
     complete.cases cor plot title
    Consider adding
     importFrom("graphics", "plot", "title")
     importFrom("stats", "complete.cases", "cor")
    to your NAMESPACE file.
Flavors: r-devel-linux-x86_64-debian-clang, r-devel-linux-x86_64-debian-gcc, r-devel-linux-x86_64-fedora-clang, r-devel-linux-x86_64-fedora-gcc, r-devel-windows-ix86+x86_64, r-patched-linux-x86_64, r-patched-solaris-x86, r-release-linux-x86_64, r-release-windows-ix86+x86_64, r-release-osx-x86_64, r-oldrel-windows-ix86+x86_64, r-oldrel-osx-x86_64