CRAN Package Check Results for Package SpatialPack

Last updated on 2016-08-25 10:47:40.

Flavor Version Tinstall Tcheck Ttotal Status Flags
r-devel-linux-x86_64-debian-clang 0.2-3 1.53 9.73 11.26 NOTE
r-devel-linux-x86_64-debian-gcc 0.2-3 1.40 9.78 11.18 NOTE
r-devel-linux-x86_64-fedora-clang 0.2-3 18.94 NOTE
r-devel-linux-x86_64-fedora-gcc 0.2-3 18.95 NOTE
r-devel-osx-x86_64-clang 0.2-3 17.01 NOTE
r-devel-windows-ix86+x86_64 0.2-3 52.00 41.00 93.00 NOTE
r-patched-linux-x86_64 0.2-3 1.33 9.79 11.12 NOTE
r-patched-solaris-sparc 0.2-3 121.20 NOTE
r-patched-solaris-x86 0.2-3 28.10 NOTE
r-release-linux-x86_64 0.2-3 1.61 9.96 11.57 NOTE
r-release-osx-x86_64-mavericks 0.2-3 NOTE
r-release-windows-ix86+x86_64 0.2-3 10.00 37.00 47.00 NOTE
r-oldrel-windows-ix86+x86_64 0.2-3 11.00 26.00 37.00 OK

Check Details

Version: 0.2-3
Check: R code for possible problems
Result: NOTE
    codisp: no visible global function definition for ‘complete.cases’
    cor.spatial: no visible global function definition for ‘complete.cases’
    modified.ttest: no visible global function definition for
     ‘complete.cases’
    modified.ttest: no visible global function definition for ‘cor’
    plot.codisp: no visible global function definition for ‘plot’
    plot.codisp: no visible global function definition for ‘title’
    Undefined global functions or variables:
     complete.cases cor plot title
    Consider adding
     importFrom("graphics", "plot", "title")
     importFrom("stats", "complete.cases", "cor")
    to your NAMESPACE file.
Flavors: r-devel-linux-x86_64-debian-clang, r-devel-linux-x86_64-debian-gcc, r-devel-linux-x86_64-fedora-clang, r-devel-linux-x86_64-fedora-gcc, r-devel-osx-x86_64-clang, r-devel-windows-ix86+x86_64, r-patched-linux-x86_64, r-patched-solaris-sparc, r-patched-solaris-x86, r-release-linux-x86_64, r-release-osx-x86_64-mavericks, r-release-windows-ix86+x86_64