CRAN Package Check Results for Package SpatialPack

Last updated on 2016-05-24 19:48:12.

Flavor Version Tinstall Tcheck Ttotal Status Flags
r-devel-linux-x86_64-debian-gcc 0.2-3 1.46 10.13 11.59 NOTE
r-devel-linux-x86_64-fedora-clang 0.2-3 19.10 NOTE
r-devel-linux-x86_64-fedora-gcc 0.2-3 17.00 NOTE
r-devel-osx-x86_64-clang 0.2-3 22.21 NOTE
r-devel-windows-ix86+x86_64 0.2-3 9.00 26.00 35.00 NOTE
r-patched-linux-x86_64 0.2-3 1.35 9.89 11.25 NOTE
r-patched-solaris-sparc 0.2-3 119.20 NOTE
r-patched-solaris-x86 0.2-3 28.60 NOTE
r-release-linux-x86_64 0.2-3 1.41 10.00 11.41 NOTE
r-release-osx-x86_64-mavericks 0.2-3 NOTE
r-release-windows-ix86+x86_64 0.2-3 9.00 26.00 35.00 NOTE
r-oldrel-windows-ix86+x86_64 0.2-3 18.00 28.00 46.00 OK

Check Details

Version: 0.2-3
Check: R code for possible problems
Result: NOTE
    codisp: no visible global function definition for ‘complete.cases’
    cor.spatial: no visible global function definition for ‘complete.cases’
    modified.ttest: no visible global function definition for
     ‘complete.cases’
    modified.ttest: no visible global function definition for ‘cor’
    plot.codisp: no visible global function definition for ‘plot’
    plot.codisp: no visible global function definition for ‘title’
    Undefined global functions or variables:
     complete.cases cor plot title
    Consider adding
     importFrom("graphics", "plot", "title")
     importFrom("stats", "complete.cases", "cor")
    to your NAMESPACE file.
Flavors: r-devel-linux-x86_64-debian-gcc, r-devel-linux-x86_64-fedora-clang, r-devel-linux-x86_64-fedora-gcc, r-devel-osx-x86_64-clang, r-devel-windows-ix86+x86_64, r-patched-linux-x86_64, r-patched-solaris-sparc, r-patched-solaris-x86, r-release-linux-x86_64, r-release-osx-x86_64-mavericks, r-release-windows-ix86+x86_64