CRAN Package Check Results for Package SpatialPack

Last updated on 2016-07-26 00:48:31.

Flavor Version Tinstall Tcheck Ttotal Status Flags
r-devel-linux-x86_64-debian-clang 0.2-3 2.03 12.08 14.11 NOTE
r-devel-linux-x86_64-debian-gcc 0.2-3 1.80 12.06 13.86 NOTE
r-devel-linux-x86_64-fedora-clang 0.2-3 17.96 NOTE
r-devel-linux-x86_64-fedora-gcc 0.2-3 16.93 NOTE
r-devel-osx-x86_64-clang 0.2-3 16.84 NOTE
r-devel-windows-ix86+x86_64 0.2-3 12.00 44.00 56.00 NOTE
r-patched-linux-x86_64 0.2-3 1.74 11.77 13.51 NOTE
r-patched-solaris-sparc 0.2-3 121.20 NOTE
r-patched-solaris-x86 0.2-3 27.70 NOTE
r-release-linux-x86_64 0.2-3 2.01 12.03 14.04 NOTE
r-release-osx-x86_64-mavericks 0.2-3 NOTE
r-release-windows-ix86+x86_64 0.2-3 11.00 44.00 55.00 NOTE
r-oldrel-windows-ix86+x86_64 0.2-3 20.00 39.00 59.00 OK

Check Details

Version: 0.2-3
Check: R code for possible problems
Result: NOTE
    codisp: no visible global function definition for ‘complete.cases’
    cor.spatial: no visible global function definition for ‘complete.cases’
    modified.ttest: no visible global function definition for
     ‘complete.cases’
    modified.ttest: no visible global function definition for ‘cor’
    plot.codisp: no visible global function definition for ‘plot’
    plot.codisp: no visible global function definition for ‘title’
    Undefined global functions or variables:
     complete.cases cor plot title
    Consider adding
     importFrom("graphics", "plot", "title")
     importFrom("stats", "complete.cases", "cor")
    to your NAMESPACE file.
Flavors: r-devel-linux-x86_64-debian-clang, r-devel-linux-x86_64-debian-gcc, r-devel-linux-x86_64-fedora-clang, r-devel-linux-x86_64-fedora-gcc, r-devel-osx-x86_64-clang, r-devel-windows-ix86+x86_64, r-patched-linux-x86_64, r-patched-solaris-sparc, r-patched-solaris-x86, r-release-linux-x86_64, r-release-osx-x86_64-mavericks, r-release-windows-ix86+x86_64