CRAN Package Check Results for Package SpatialPack

Last updated on 2016-09-28 12:47:17.

Flavor Version Tinstall Tcheck Ttotal Status Flags
r-devel-linux-x86_64-debian-clang 0.2-3 1.68 10.58 12.26 NOTE
r-devel-linux-x86_64-debian-gcc 0.2-3 1.42 10.23 11.65 NOTE
r-devel-linux-x86_64-fedora-clang 0.2-3 19.21 NOTE
r-devel-linux-x86_64-fedora-gcc 0.2-3 17.60 NOTE
r-devel-macos-x86_64-clang 0.2-3 17.09 NOTE
r-devel-windows-ix86+x86_64 0.2-3 9.00 38.00 47.00 NOTE
r-patched-linux-x86_64 0.2-3 1.36 9.78 11.14 NOTE
r-patched-solaris-sparc 0.2-3 116.50 ERROR
r-patched-solaris-x86 0.2-3 26.40 ERROR
r-release-linux-x86_64 0.2-3 1.35 10.55 11.91 NOTE
r-release-osx-x86_64-mavericks 0.2-3 NOTE
r-release-windows-ix86+x86_64 0.2-3 18.00 29.00 47.00 NOTE
r-oldrel-windows-ix86+x86_64 0.2-3 22.00 37.00 59.00 OK

Check Details

Version: 0.2-3
Check: R code for possible problems
Result: NOTE
    codisp: no visible global function definition for ‘complete.cases’
    cor.spatial: no visible global function definition for ‘complete.cases’
    modified.ttest: no visible global function definition for
     ‘complete.cases’
    modified.ttest: no visible global function definition for ‘cor’
    plot.codisp: no visible global function definition for ‘plot’
    plot.codisp: no visible global function definition for ‘title’
    Undefined global functions or variables:
     complete.cases cor plot title
    Consider adding
     importFrom("graphics", "plot", "title")
     importFrom("stats", "complete.cases", "cor")
    to your NAMESPACE file.
Flavors: r-devel-linux-x86_64-debian-clang, r-devel-linux-x86_64-debian-gcc, r-devel-linux-x86_64-fedora-clang, r-devel-linux-x86_64-fedora-gcc, r-devel-macos-x86_64-clang, r-devel-windows-ix86+x86_64, r-patched-linux-x86_64, r-patched-solaris-sparc, r-patched-solaris-x86, r-release-linux-x86_64, r-release-osx-x86_64-mavericks, r-release-windows-ix86+x86_64

Version: 0.2-3
Check: package dependencies
Result: NOTE
    Package suggested but not available for checking: ‘geoR’
Flavors: r-patched-solaris-sparc, r-patched-solaris-x86

Version: 0.2-3
Check: examples
Result: ERROR
    Running examples in ‘SpatialPack-Ex.R’ failed
    The error most likely occurred in:
    
    > ### Name: codisp
    > ### Title: Codispersion Coefficient
    > ### Aliases: codisp
    > ### Keywords: multivariate
    >
    > ### ** Examples
    >
    > ## This example uses the camg data set, available in the geoR Package
    > ## (Ribeiro and Diggle, 2001).
    >
    > ## required to loading the camg data set from geoR package
    > library(geoR)
    Error in library(geoR) : there is no package called ‘geoR’
    Execution halted
Flavors: r-patched-solaris-sparc, r-patched-solaris-x86