CRAN Package Check Results for Package SpatialPack

Last updated on 2017-08-17 20:47:08.

Flavor Version Tinstall Tcheck Ttotal Status Flags
r-devel-linux-x86_64-debian-clang 0.2-3 1.71 12.87 14.57 NOTE
r-devel-linux-x86_64-debian-gcc 0.2-3 1.52 12.06 13.58 NOTE
r-devel-linux-x86_64-fedora-clang 0.2-3 21.86 NOTE
r-devel-linux-x86_64-fedora-gcc 0.2-3 22.67 NOTE
r-devel-windows-ix86+x86_64 0.2-3 11.00 40.00 51.00 NOTE
r-patched-linux-x86_64 0.2-3 1.42 12.15 13.56 NOTE
r-patched-solaris-x86 0.2-3 34.30 NOTE
r-release-linux-x86_64 0.2-3 1.52 12.29 13.81 NOTE
r-release-windows-ix86+x86_64 0.2-3 12.00 34.00 46.00 NOTE
r-release-osx-x86_64 0.2-3 NOTE
r-oldrel-windows-ix86+x86_64 0.2-3 11.00 42.00 53.00 NOTE
r-oldrel-osx-x86_64 0.2-3 NOTE

Check Details

Version: 0.2-3
Check: R code for possible problems
Result: NOTE
    codisp: no visible global function definition for ‘complete.cases’
    cor.spatial: no visible global function definition for ‘complete.cases’
    modified.ttest: no visible global function definition for
     ‘complete.cases’
    modified.ttest: no visible global function definition for ‘cor’
    plot.codisp: no visible global function definition for ‘plot’
    plot.codisp: no visible global function definition for ‘title’
    Undefined global functions or variables:
     complete.cases cor plot title
    Consider adding
     importFrom("graphics", "plot", "title")
     importFrom("stats", "complete.cases", "cor")
    to your NAMESPACE file.
Flavors: r-devel-linux-x86_64-debian-clang, r-devel-linux-x86_64-debian-gcc, r-devel-linux-x86_64-fedora-clang, r-devel-linux-x86_64-fedora-gcc, r-devel-windows-ix86+x86_64, r-patched-linux-x86_64, r-patched-solaris-x86, r-release-linux-x86_64, r-release-windows-ix86+x86_64, r-release-osx-x86_64, r-oldrel-windows-ix86+x86_64, r-oldrel-osx-x86_64