CRAN Package Check Results for Package SpatialPack

Last updated on 2017-04-28 06:49:10.

Flavor Version Tinstall Tcheck Ttotal Status Flags
r-devel-linux-x86_64-debian-clang 0.2-3 1.72 11.93 13.65 NOTE
r-devel-linux-x86_64-debian-gcc 0.2-3 1.54 11.81 13.35 NOTE
r-devel-linux-x86_64-fedora-clang 0.2-3 21.94 NOTE --no-stop-on-test-error
r-devel-linux-x86_64-fedora-gcc 0.2-3 20.86 NOTE --no-stop-on-test-error
r-devel-windows-ix86+x86_64 0.2-3 13.00 40.00 53.00 NOTE
r-patched-linux-x86_64 0.2-3 1.40 12.20 13.60 NOTE
r-patched-solaris-sparc 0.2-3 128.70 ERROR
r-patched-solaris-x86 0.2-3 33.60 ERROR
r-release-linux-x86_64 0.2-3 1.34 12.01 13.35 NOTE
r-release-windows-ix86+x86_64 0.2-3 14.00 36.00 50.00 NOTE
r-release-osx-x86_64 0.2-3 NOTE
r-oldrel-windows-ix86+x86_64 0.2-3 20.00 30.00 50.00 NOTE
r-oldrel-osx-x86_64 0.2-3 NOTE

Check Details

Version: 0.2-3
Check: R code for possible problems
Result: NOTE
    codisp: no visible global function definition for ‘complete.cases’
    cor.spatial: no visible global function definition for ‘complete.cases’
    modified.ttest: no visible global function definition for
     ‘complete.cases’
    modified.ttest: no visible global function definition for ‘cor’
    plot.codisp: no visible global function definition for ‘plot’
    plot.codisp: no visible global function definition for ‘title’
    Undefined global functions or variables:
     complete.cases cor plot title
    Consider adding
     importFrom("graphics", "plot", "title")
     importFrom("stats", "complete.cases", "cor")
    to your NAMESPACE file.
Flavors: r-devel-linux-x86_64-debian-clang, r-devel-linux-x86_64-debian-gcc, r-devel-windows-ix86+x86_64, r-patched-linux-x86_64, r-patched-solaris-sparc, r-patched-solaris-x86, r-release-linux-x86_64, r-release-windows-ix86+x86_64, r-release-osx-x86_64, r-oldrel-windows-ix86+x86_64, r-oldrel-osx-x86_64

Version: 0.2-3
Flags: --no-stop-on-test-error
Check: R code for possible problems
Result: NOTE
    codisp: no visible global function definition for ‘complete.cases’
    cor.spatial: no visible global function definition for ‘complete.cases’
    modified.ttest: no visible global function definition for
     ‘complete.cases’
    modified.ttest: no visible global function definition for ‘cor’
    plot.codisp: no visible global function definition for ‘plot’
    plot.codisp: no visible global function definition for ‘title’
    Undefined global functions or variables:
     complete.cases cor plot title
    Consider adding
     importFrom("graphics", "plot", "title")
     importFrom("stats", "complete.cases", "cor")
    to your NAMESPACE file.
Flavors: r-devel-linux-x86_64-fedora-clang, r-devel-linux-x86_64-fedora-gcc

Version: 0.2-3
Check: package dependencies
Result: NOTE
    Package suggested but not available for checking: ‘geoR’
Flavors: r-patched-solaris-sparc, r-patched-solaris-x86

Version: 0.2-3
Check: examples
Result: ERROR
    Running examples in ‘SpatialPack-Ex.R’ failed
    The error most likely occurred in:
    
    > ### Name: codisp
    > ### Title: Codispersion Coefficient
    > ### Aliases: codisp
    > ### Keywords: multivariate
    >
    > ### ** Examples
    >
    > ## This example uses the camg data set, available in the geoR Package
    > ## (Ribeiro and Diggle, 2001).
    >
    > ## required to loading the camg data set from geoR package
    > library(geoR)
    Error in library(geoR) : there is no package called ‘geoR’
    Execution halted
Flavors: r-patched-solaris-sparc, r-patched-solaris-x86