CRAN Package Check Results for Package SpatialPack

Last updated on 2017-06-28 01:55:19.

Flavor Version Tinstall Tcheck Ttotal Status Flags
r-devel-linux-x86_64-debian-clang 0.2-3 1.76 11.92 13.69 NOTE
r-devel-linux-x86_64-debian-gcc 0.2-3 1.46 11.83 13.29 NOTE
r-devel-linux-x86_64-fedora-clang 0.2-3 22.02 NOTE
r-devel-linux-x86_64-fedora-gcc 0.2-3 20.88 NOTE
r-devel-windows-ix86+x86_64 0.2-3 19.00 32.00 51.00 NOTE
r-patched-linux-x86_64 0.2-3 1.58 11.91 13.50 NOTE
r-patched-solaris-sparc 0.2-3 134.20 NOTE
r-patched-solaris-x86 0.2-3 36.00 NOTE
r-release-linux-x86_64 0.2-3 1.64 12.28 13.92 NOTE
r-release-windows-ix86+x86_64 0.2-3 16.00 42.00 58.00 NOTE
r-release-osx-x86_64 0.2-3 NOTE
r-oldrel-windows-ix86+x86_64 0.2-3 16.00 43.00 59.00 NOTE
r-oldrel-osx-x86_64 0.2-3 NOTE

Check Details

Version: 0.2-3
Check: R code for possible problems
Result: NOTE
    codisp: no visible global function definition for ‘complete.cases’
    cor.spatial: no visible global function definition for ‘complete.cases’
    modified.ttest: no visible global function definition for
     ‘complete.cases’
    modified.ttest: no visible global function definition for ‘cor’
    plot.codisp: no visible global function definition for ‘plot’
    plot.codisp: no visible global function definition for ‘title’
    Undefined global functions or variables:
     complete.cases cor plot title
    Consider adding
     importFrom("graphics", "plot", "title")
     importFrom("stats", "complete.cases", "cor")
    to your NAMESPACE file.
Flavors: r-devel-linux-x86_64-debian-clang, r-devel-linux-x86_64-debian-gcc, r-devel-linux-x86_64-fedora-clang, r-devel-linux-x86_64-fedora-gcc, r-devel-windows-ix86+x86_64, r-patched-linux-x86_64, r-patched-solaris-sparc, r-patched-solaris-x86, r-release-linux-x86_64, r-release-windows-ix86+x86_64, r-release-osx-x86_64, r-oldrel-windows-ix86+x86_64, r-oldrel-osx-x86_64