CRAN Package Check Results for Package SpatialTools

Last updated on 2017-10-20 00:53:00.

Flavor Version Tinstall Tcheck Ttotal Status Flags
r-devel-linux-x86_64-debian-clang 1.0.2 38.43 22.51 60.94 NOTE
r-devel-linux-x86_64-debian-gcc 1.0.2 42.20 25.29 67.49 NOTE
r-devel-linux-x86_64-fedora-clang 1.0.2 120.86 NOTE
r-devel-linux-x86_64-fedora-gcc 1.0.2 114.04 NOTE
r-devel-windows-ix86+x86_64 1.0.2 108.00 69.00 177.00 OK
r-patched-linux-x86_64 1.0.2 41.13 22.84 63.98 NOTE
r-patched-solaris-x86 1.0.2 117.30 OK
r-release-linux-x86_64 1.0.2 40.52 22.52 63.04 NOTE
r-release-windows-ix86+x86_64 1.0.2 156.00 63.00 219.00 OK
r-release-osx-x86_64 1.0.2 OK
r-oldrel-windows-ix86+x86_64 1.0.2 114.00 79.00 193.00 OK
r-oldrel-osx-x86_64 1.0.2 OK

Check Details

Version: 1.0.2
Check: compiled code
Result: NOTE
    File ‘SpatialTools/libs/SpatialTools.so’:
     Found no calls to: ‘R_registerRoutines’, ‘R_useDynamicSymbols’
    
    It is good practice to register native routines and to disable symbol
    search.
    
    See ‘Writing portable packages’ in the ‘Writing R Extensions’ manual.
Flavors: r-devel-linux-x86_64-debian-clang, r-devel-linux-x86_64-debian-gcc, r-devel-linux-x86_64-fedora-clang, r-devel-linux-x86_64-fedora-gcc, r-patched-linux-x86_64, r-release-linux-x86_64