CRAN Package Check Results for Package SpatialTools

Last updated on 2016-07-01 10:48:16.

Flavor Version Tinstall Tcheck Ttotal Status Flags
r-devel-linux-x86_64-debian-gcc 1.0.2 47.43 19.52 66.95 OK
r-devel-linux-x86_64-fedora-clang 1.0.2 106.27 OK
r-devel-linux-x86_64-fedora-gcc 1.0.2 91.39 OK
r-devel-osx-x86_64-clang 1.0.2 74.61 OK
r-devel-windows-ix86+x86_64 1.0.2 103.00 41.00 144.00 OK
r-patched-linux-x86_64 1.0.2 36.61 19.65 56.26 OK
r-patched-solaris-sparc 1.0.2 523.10 NOTE
r-patched-solaris-x86 1.0.2 101.30 NOTE
r-release-linux-x86_64 1.0.2 31.49 18.45 49.94 OK
r-release-osx-x86_64-mavericks 1.0.2 OK
r-release-windows-ix86+x86_64 1.0.2 138.00 46.00 184.00 OK
r-oldrel-windows-ix86+x86_64 1.0.2 103.00 74.00 177.00 OK

Check Details

Version: 1.0.2
Check: installed package size
Result: NOTE
     installed size is 5.7Mb
     sub-directories of 1Mb or more:
     libs 5.5Mb
Flavors: r-patched-solaris-sparc, r-patched-solaris-x86