CRAN Package Check Results for Package SpatialTools

Last updated on 2018-02-25 21:56:20 CET.

Flavor Version Tinstall Tcheck Ttotal Status Flags
r-devel-linux-x86_64-debian-clang 1.0.2 57.80 29.06 86.86 NOTE
r-devel-linux-x86_64-debian-gcc 1.0.2 47.99 22.80 70.79 NOTE
r-devel-linux-x86_64-fedora-clang 1.0.2 132.38 NOTE
r-devel-linux-x86_64-fedora-gcc 1.0.2 118.91 NOTE
r-devel-windows-ix86+x86_64 1.0.2 160.00 83.00 243.00 OK
r-patched-linux-x86_64 1.0.2 54.84 30.95 85.79 NOTE
r-patched-solaris-x86 1.0.2 115.60 OK
r-release-linux-x86_64 1.0.2 57.34 31.03 88.37 NOTE
r-release-windows-ix86+x86_64 1.0.2 155.00 90.00 245.00 OK
r-release-osx-x86_64 1.0.2 OK
r-oldrel-windows-ix86+x86_64 1.0.2 105.00 60.00 165.00 OK
r-oldrel-osx-x86_64 1.0.2 OK

Check Details

Version: 1.0.2
Check: compiled code
Result: NOTE
    File ‘SpatialTools/libs/SpatialTools.so’:
     Found no calls to: ‘R_registerRoutines’, ‘R_useDynamicSymbols’
    
    It is good practice to register native routines and to disable symbol
    search.
    
    See ‘Writing portable packages’ in the ‘Writing R Extensions’ manual.
Flavors: r-devel-linux-x86_64-debian-clang, r-devel-linux-x86_64-debian-gcc, r-devel-linux-x86_64-fedora-clang, r-devel-linux-x86_64-fedora-gcc, r-patched-linux-x86_64, r-release-linux-x86_64

Version: 1.0.2
Check: installed package size
Result: NOTE
     installed size is 5.2Mb
     sub-directories of 1Mb or more:
     libs 4.9Mb
Flavor: r-devel-linux-x86_64-fedora-gcc