CRAN Package Check Results for Package SpatialTools

Last updated on 2015-01-30 11:49:24.

Flavor Version Tinstall Tcheck Ttotal Status Flags
r-devel-linux-x86_64-debian-clang 0.5.8 25.41 18.41 43.82 NOTE
r-devel-linux-x86_64-debian-gcc 0.5.8 31.18 17.90 49.08 NOTE
r-devel-linux-x86_64-fedora-clang 0.5.8 103.75 NOTE
r-devel-linux-x86_64-fedora-gcc 0.5.8 96.44 NOTE
r-devel-osx-x86_64-clang 0.5.8 66.87 NOTE
r-devel-windows-ix86+x86_64 0.5.8 115.00 43.00 158.00 OK
r-patched-linux-x86_64 0.5.8 29.86 22.77 52.63 OK
r-patched-solaris-sparc 0.5.8 618.30 OK
r-patched-solaris-x86 0.5.8 119.10 OK
r-release-linux-ix86 0.5.8 34.70 24.32 59.02 OK
r-release-linux-x86_64 0.5.8 29.69 22.02 51.71 OK
r-release-osx-x86_64-mavericks 0.5.8 OK
r-release-osx-x86_64-snowleopard 0.5.8 OK
r-release-windows-ix86+x86_64 0.5.8 90.00 56.00 146.00 OK
r-oldrel-windows-ix86+x86_64 0.5.8 88.00 58.00 146.00 OK

Check Details

Version: 0.5.8
Check: S3 generic/method consistency
Result: NOTE
    Found the following apparent S3 methods exported but not registered:
     plot.contourLines
    See section ‘Registering S3 methods’ in the ‘Writing R Extensions’
    manual.
Flavors: r-devel-linux-x86_64-debian-clang, r-devel-linux-x86_64-debian-gcc, r-devel-linux-x86_64-fedora-clang, r-devel-linux-x86_64-fedora-gcc, r-devel-osx-x86_64-clang