CRAN Package Check Results for Package SpatialTools

Last updated on 2017-06-26 21:49:57.

Flavor Version Tinstall Tcheck Ttotal Status Flags
r-devel-linux-x86_64-debian-clang 1.0.2 37.01 21.45 58.46 NOTE
r-devel-linux-x86_64-debian-gcc 1.0.2 40.19 19.72 59.92 NOTE
r-devel-linux-x86_64-fedora-clang 1.0.2 117.41 NOTE
r-devel-linux-x86_64-fedora-gcc 1.0.2 111.43 NOTE
r-devel-windows-ix86+x86_64 1.0.2 149.00 79.00 228.00 OK
r-patched-linux-x86_64 1.0.2 41.49 20.83 62.32 NOTE
r-patched-solaris-sparc 1.0.2 532.10 OK
r-patched-solaris-x86 1.0.2 109.80 OK
r-release-linux-x86_64 1.0.2 40.60 20.95 61.54 NOTE
r-release-windows-ix86+x86_64 1.0.2 103.00 87.00 190.00 OK
r-release-osx-x86_64 1.0.2 OK
r-oldrel-windows-ix86+x86_64 1.0.2 152.00 66.00 218.00 OK
r-oldrel-osx-x86_64 1.0.2 OK

Check Details

Version: 1.0.2
Check: compiled code
Result: NOTE
    File ‘SpatialTools/libs/SpatialTools.so’:
     Found no calls to: ‘R_registerRoutines’, ‘R_useDynamicSymbols’
    
    It is good practice to register native routines and to disable symbol
    search.
    
    See ‘Writing portable packages’ in the ‘Writing R Extensions’ manual.
Flavors: r-devel-linux-x86_64-debian-clang, r-devel-linux-x86_64-debian-gcc, r-devel-linux-x86_64-fedora-clang, r-devel-linux-x86_64-fedora-gcc, r-patched-linux-x86_64, r-release-linux-x86_64

Version: 1.0.2
Check: installed package size
Result: NOTE
     installed size is 5.1Mb
     sub-directories of 1Mb or more:
     libs 4.8Mb
Flavor: r-devel-linux-x86_64-fedora-gcc