CRAN Package Check Results for Package SpatialTools

Last updated on 2017-04-29 19:49:09.

Flavor Version Tinstall Tcheck Ttotal Status Flags
r-devel-linux-x86_64-debian-clang 1.0.2 36.57 21.17 57.74 NOTE
r-devel-linux-x86_64-debian-gcc 1.0.2 38.51 20.43 58.95 NOTE
r-devel-linux-x86_64-fedora-clang 1.0.2 113.63 NOTE --no-stop-on-test-error
r-devel-linux-x86_64-fedora-gcc 1.0.2 108.32 NOTE --no-stop-on-test-error
r-devel-windows-ix86+x86_64 1.0.2 161.00 65.00 226.00 OK
r-patched-linux-x86_64 1.0.2 30.26 20.78 51.04 NOTE
r-patched-solaris-sparc 1.0.2 532.10 OK
r-patched-solaris-x86 1.0.2 105.30 OK
r-release-linux-x86_64 1.0.2 30.85 21.65 52.50 NOTE
r-release-windows-ix86+x86_64 1.0.2 143.00 84.00 227.00 OK
r-release-osx-x86_64 1.0.2 OK
r-oldrel-windows-ix86+x86_64 1.0.2 158.00 76.00 234.00 OK
r-oldrel-osx-x86_64 1.0.2 OK

Check Details

Version: 1.0.2
Check: compiled code
Result: NOTE
    File ‘SpatialTools/libs/SpatialTools.so’:
     Found no calls to: ‘R_registerRoutines’, ‘R_useDynamicSymbols’
    
    It is good practice to register native routines and to disable symbol
    search.
    
    See ‘Writing portable packages’ in the ‘Writing R Extensions’ manual.
Flavors: r-devel-linux-x86_64-debian-clang, r-devel-linux-x86_64-debian-gcc, r-patched-linux-x86_64, r-release-linux-x86_64

Version: 1.0.2
Flags: --no-stop-on-test-error
Check: compiled code
Result: NOTE
    File ‘SpatialTools/libs/SpatialTools.so’:
     Found no calls to: ‘R_registerRoutines’, ‘R_useDynamicSymbols’
    
    It is good practice to register native routines and to disable symbol
    search.
    
    See ‘Writing portable packages’ in the ‘Writing R Extensions’ manual.
Flavors: r-devel-linux-x86_64-fedora-clang, r-devel-linux-x86_64-fedora-gcc