CRAN Package Check Results for Package SpatialTools

Last updated on 2015-04-21 06:47:41.

Flavor Version Tinstall Tcheck Ttotal Status Flags
r-devel-linux-x86_64-debian-clang 0.5.8 26.94 17.58 44.51 NOTE
r-devel-linux-x86_64-debian-gcc 0.5.8 29.14 17.58 46.72 NOTE
r-devel-linux-x86_64-fedora-clang 0.5.8 99.93 NOTE
r-devel-linux-x86_64-fedora-gcc 0.5.8 92.54 NOTE
r-devel-osx-x86_64-clang 0.5.8 76.32 NOTE
r-devel-windows-ix86+x86_64 0.5.8 115.00 50.00 165.00 OK
r-patched-linux-x86_64 0.5.8 29.34 17.84 47.18 NOTE
r-patched-solaris-sparc 0.5.8 584.00 OK
r-patched-solaris-x86 0.5.8 115.90 OK
r-release-linux-x86_64 0.5.8 29.10 17.62 46.72 NOTE
r-release-osx-x86_64-mavericks 0.5.8 OK
r-release-osx-x86_64-snowleopard 0.5.8 OK
r-release-windows-ix86+x86_64 0.5.8 73.00 37.00 110.00 OK
r-oldrel-windows-ix86+x86_64 0.5.8 69.00 59.00 128.00 OK

Check Details

Version: 0.5.8
Check: S3 generic/method consistency
Result: NOTE
    Found the following apparent S3 methods exported but not registered:
     plot.contourLines
    See section ‘Registering S3 methods’ in the ‘Writing R Extensions’
    manual.
Flavors: r-devel-linux-x86_64-debian-clang, r-devel-linux-x86_64-debian-gcc, r-devel-linux-x86_64-fedora-clang, r-devel-linux-x86_64-fedora-gcc, r-devel-osx-x86_64-clang, r-patched-linux-x86_64, r-release-linux-x86_64