CRAN Package Check Results for Package SpatialTools

Last updated on 2015-03-04 00:47:21.

Flavor Version Tinstall Tcheck Ttotal Status Flags
r-devel-linux-x86_64-debian-clang 0.5.8 24.86 18.47 43.34 NOTE
r-devel-linux-x86_64-debian-gcc 0.5.8 30.25 17.17 47.42 NOTE
r-devel-linux-x86_64-fedora-clang 0.5.8 100.83 NOTE
r-devel-linux-x86_64-fedora-gcc 0.5.8 89.15 NOTE
r-devel-osx-x86_64-clang 0.5.8 65.76 NOTE
r-devel-windows-ix86+x86_64 0.5.8 93.00 43.00 136.00 OK
r-patched-linux-x86_64 0.5.8 33.93 22.46 56.39 OK
r-patched-solaris-sparc 0.5.8 653.90 OK
r-patched-solaris-x86 0.5.8 129.40 OK
r-release-linux-ix86 0.5.8 35.40 28.85 64.25 OK
r-release-linux-x86_64 0.5.8 31.08 21.93 53.02 OK
r-release-osx-x86_64-mavericks 0.5.8 OK
r-release-osx-x86_64-snowleopard 0.5.8 OK
r-release-windows-ix86+x86_64 0.5.8 132.00 61.00 193.00 OK
r-oldrel-windows-ix86+x86_64 0.5.8 88.00 60.00 148.00 OK

Check Details

Version: 0.5.8
Check: S3 generic/method consistency
Result: NOTE
    Found the following apparent S3 methods exported but not registered:
     plot.contourLines
    See section ‘Registering S3 methods’ in the ‘Writing R Extensions’
    manual.
Flavors: r-devel-linux-x86_64-debian-clang, r-devel-linux-x86_64-debian-gcc, r-devel-linux-x86_64-fedora-clang, r-devel-linux-x86_64-fedora-gcc, r-devel-osx-x86_64-clang