CRAN Package Check Results for Package SpatialTools

Last updated on 2015-08-29 10:47:05.

Flavor Version Tinstall Tcheck Ttotal Status Flags
r-devel-linux-x86_64-debian-clang 0.5.8 27.69 16.83 44.52 NOTE
r-devel-linux-x86_64-debian-gcc 0.5.8 30.03 17.06 47.09 NOTE
r-devel-linux-x86_64-fedora-clang 0.5.8 97.08 NOTE
r-devel-linux-x86_64-fedora-gcc 0.5.8 91.56 NOTE
r-devel-osx-x86_64-clang 0.5.8 75.59 NOTE
r-devel-windows-ix86+x86_64 0.5.8 123.00 49.00 172.00 NOTE
r-patched-linux-x86_64 0.5.8 30.64 17.72 48.36 NOTE
r-patched-solaris-sparc 0.5.8 536.60 NOTE
r-patched-solaris-x86 0.5.8 110.70 NOTE
r-release-linux-x86_64 0.5.8 30.31 17.70 48.01 NOTE
r-release-osx-x86_64-mavericks 0.5.8 OK
r-release-windows-ix86+x86_64 0.5.8 117.00 46.00 163.00 OK
r-oldrel-windows-ix86+x86_64 0.5.8 120.00 80.00 200.00 OK

Check Details

Version: 0.5.8
Check: S3 generic/method consistency
Result: NOTE
    Found the following apparent S3 methods exported but not registered:
     plot.contourLines
    See section ‘Registering S3 methods’ in the ‘Writing R Extensions’
    manual.
Flavors: r-devel-linux-x86_64-debian-clang, r-devel-linux-x86_64-debian-gcc, r-devel-linux-x86_64-fedora-clang, r-devel-linux-x86_64-fedora-gcc, r-devel-osx-x86_64-clang, r-patched-linux-x86_64, r-patched-solaris-sparc, r-patched-solaris-x86, r-release-linux-x86_64

Version: 0.5.8
Check: R code for possible problems
Result: NOTE
    krige.ok2: no visible global function definition for ‘rnorm’
    krige.uk: no visible global function definition for ‘rnorm’
    krige.uk2: no visible global function definition for ‘rnorm’
    maxlik.cov.sp: no visible global function definition for ‘nlminb’
    maxlik.cov.st: no visible global function definition for ‘nlminb’
    plot.contourLines: no visible global function definition for ‘plot’
    plot.contourLines: no visible global function definition for ‘lines’
    rmvnorm: no visible global function definition for ‘rnorm’
    Undefined global functions or variables:
     lines nlminb plot rnorm
    Consider adding
     importFrom("graphics", "lines", "plot")
     importFrom("stats", "nlminb", "rnorm")
    to your NAMESPACE.
Flavors: r-devel-linux-x86_64-debian-clang, r-devel-linux-x86_64-debian-gcc, r-devel-linux-x86_64-fedora-clang, r-devel-linux-x86_64-fedora-gcc, r-devel-windows-ix86+x86_64