CRAN Package Check Results for Package SpatialTools

Last updated on 2017-03-26 11:54:09.

Flavor Version Tinstall Tcheck Ttotal Status Flags
r-devel-linux-x86_64-debian-clang 1.0.2 36.31 20.89 57.19 NOTE
r-devel-linux-x86_64-debian-gcc 1.0.2 38.63 20.85 59.48 NOTE
r-devel-linux-x86_64-fedora-clang 1.0.2 113.69 NOTE --no-stop-on-test-error
r-devel-linux-x86_64-fedora-gcc 1.0.2 112.19 NOTE --no-stop-on-test-error
r-devel-macos-x86_64-clang 1.0.2 75.05 NOTE --no-stop-on-test-error
r-devel-windows-ix86+x86_64 1.0.2 120.00 96.00 216.00 OK
r-patched-linux-x86_64 1.0.2 30.84 20.43 51.27 NOTE
r-patched-solaris-sparc 1.0.2 532.10 OK
r-patched-solaris-x86 1.0.2 113.30 OK
r-release-linux-x86_64 1.0.2 30.38 17.15 47.53 OK
r-release-osx-x86_64-mavericks 1.0.2 OK
r-release-windows-ix86+x86_64 1.0.2 149.00 57.00 206.00 OK
r-oldrel-windows-ix86+x86_64 1.0.2 96.00 52.00 148.00 OK

Check Details

Version: 1.0.2
Check: compiled code
Result: NOTE
    File ‘SpatialTools/libs/SpatialTools.so’:
     Found no calls to: ‘R_registerRoutines’, ‘R_useDynamicSymbols’
    
    It is good practice to register native routines and to disable symbol
    search.
    
    See ‘Writing portable packages’ in the ‘Writing R Extensions’ manual.
Flavors: r-devel-linux-x86_64-debian-clang, r-devel-linux-x86_64-debian-gcc, r-patched-linux-x86_64

Version: 1.0.2
Flags: --no-stop-on-test-error
Check: compiled code
Result: NOTE
    File ‘SpatialTools/libs/SpatialTools.so’:
     Found no calls to: ‘R_registerRoutines’, ‘R_useDynamicSymbols’
    
    It is good practice to register native routines and to disable symbol
    search.
    
    See ‘Writing portable packages’ in the ‘Writing R Extensions’ manual.
Flavors: r-devel-linux-x86_64-fedora-clang, r-devel-linux-x86_64-fedora-gcc, r-devel-macos-x86_64-clang