CRAN Package Check Results for Package SpatialTools

Last updated on 2018-04-26 10:47:28 CEST.

Flavor Version Tinstall Tcheck Ttotal Status Flags
r-devel-linux-x86_64-debian-clang 1.0.2 61.63 26.39 88.02 NOTE
r-devel-linux-x86_64-debian-gcc 1.0.2 49.84 23.44 73.28 NOTE
r-devel-linux-x86_64-fedora-clang 1.0.2 128.46 NOTE
r-devel-linux-x86_64-fedora-gcc 1.0.2 112.81 NOTE
r-devel-windows-ix86+x86_64 1.0.2 160.00 60.00 220.00 OK
r-patched-linux-x86_64 1.0.2 64.14 29.30 93.44 NOTE
r-patched-solaris-x86 1.0.2 123.30 OK
r-release-linux-x86_64 1.0.2 61.20 29.07 90.27 NOTE
r-release-windows-ix86+x86_64 1.0.2 160.00 60.00 220.00 OK
r-release-osx-x86_64 1.0.2 OK
r-oldrel-windows-ix86+x86_64 1.0.2 129.00 95.00 224.00 OK
r-oldrel-osx-x86_64 1.0.2 OK

Check Details

Version: 1.0.2
Check: compiled code
Result: NOTE
    File ‘SpatialTools/libs/SpatialTools.so’:
     Found no calls to: ‘R_registerRoutines’, ‘R_useDynamicSymbols’
    
    It is good practice to register native routines and to disable symbol
    search.
    
    See ‘Writing portable packages’ in the ‘Writing R Extensions’ manual.
Flavors: r-devel-linux-x86_64-debian-clang, r-devel-linux-x86_64-debian-gcc, r-devel-linux-x86_64-fedora-clang, r-devel-linux-x86_64-fedora-gcc, r-patched-linux-x86_64, r-release-linux-x86_64

Version: 1.0.2
Check: installed package size
Result: NOTE
     installed size is 5.0Mb
     sub-directories of 1Mb or more:
     libs 4.8Mb
Flavor: r-devel-linux-x86_64-fedora-gcc