CRAN Package Check Results for Package SpatialTools

Last updated on 2015-07-02 11:48:44.

Flavor Version Tinstall Tcheck Ttotal Status Flags
r-devel-linux-x86_64-debian-clang 0.5.8 27.25 17.62 44.87 NOTE
r-devel-linux-x86_64-debian-gcc 0.5.8 30.28 17.83 48.11 NOTE
r-devel-linux-x86_64-fedora-clang 0.5.8 99.60 NOTE
r-devel-linux-x86_64-fedora-gcc 0.5.8 89.38 NOTE
r-devel-osx-x86_64-clang 0.5.8 67.79 NOTE
r-devel-windows-ix86+x86_64 0.5.8 88.00 46.00 134.00 NOTE
r-patched-linux-x86_64 0.5.8 30.28 17.46 47.74 NOTE
r-patched-solaris-sparc 0.5.8 595.70 NOTE
r-patched-solaris-x86 0.5.8 117.00 NOTE
r-release-linux-x86_64 0.5.8 35.93 17.44 53.37 NOTE
r-release-osx-x86_64-mavericks 0.5.8 OK
r-release-windows-ix86+x86_64 0.5.8 101.00 46.00 147.00 OK
r-oldrel-windows-ix86+x86_64 0.5.8 93.00 88.00 181.00 OK

Check Details

Version: 0.5.8
Check: S3 generic/method consistency
Result: NOTE
    Found the following apparent S3 methods exported but not registered:
     plot.contourLines
    See section ‘Registering S3 methods’ in the ‘Writing R Extensions’
    manual.
Flavors: r-devel-linux-x86_64-debian-clang, r-devel-linux-x86_64-debian-gcc, r-devel-linux-x86_64-fedora-clang, r-devel-linux-x86_64-fedora-gcc, r-devel-osx-x86_64-clang, r-patched-linux-x86_64, r-patched-solaris-sparc, r-patched-solaris-x86, r-release-linux-x86_64

Version: 0.5.8
Check: R code for possible problems
Result: NOTE
    krige.ok2: no visible global function definition for ‘rnorm’
    krige.uk: no visible global function definition for ‘rnorm’
    krige.uk2: no visible global function definition for ‘rnorm’
    maxlik.cov.sp: no visible global function definition for ‘nlminb’
    maxlik.cov.st: no visible global function definition for ‘nlminb’
    plot.contourLines: no visible global function definition for ‘plot’
    plot.contourLines: no visible global function definition for ‘lines’
    rmvnorm: no visible global function definition for ‘rnorm’
Flavors: r-devel-linux-x86_64-debian-clang, r-devel-linux-x86_64-debian-gcc, r-devel-linux-x86_64-fedora-gcc, r-devel-windows-ix86+x86_64

Version: 0.5.8
Check: R code for possible problems
Result: NOTE
    krige.ok2: no visible global function definition for ‘rnorm’
    krige.uk: no visible global function definition for ‘rnorm’
    krige.uk2: no visible global function definition for ‘rnorm’
    maxlik.cov.sp: no visible global function definition for ‘nlminb’
    maxlik.cov.st: no visible global function definition for ‘nlminb’
    plot.contourLines: no visible global function definition for ‘plot’
    plot.contourLines: no visible global function definition for ‘lines’
    rmvnorm: no visible global function definition for ‘rnorm’
    Undefined global functions or variables:
     lines nlminb plot rnorm
Flavor: r-devel-linux-x86_64-fedora-clang