CRAN Package Check Results for Package SpatialTools

Last updated on 2017-08-18 23:48:03.

Flavor Version Tinstall Tcheck Ttotal Status Flags
r-devel-linux-x86_64-debian-clang 1.0.2 38.11 21.26 59.38 NOTE
r-devel-linux-x86_64-debian-gcc 1.0.2 40.17 21.42 61.59 NOTE
r-devel-linux-x86_64-fedora-clang 1.0.2 115.28 NOTE
r-devel-linux-x86_64-fedora-gcc 1.0.2 119.59 NOTE
r-devel-windows-ix86+x86_64 1.0.2 147.00 60.00 207.00 OK
r-patched-linux-x86_64 1.0.2 40.37 21.00 61.37 NOTE
r-patched-solaris-x86 1.0.2 109.30 OK
r-release-linux-x86_64 1.0.2 40.65 21.18 61.84 NOTE
r-release-windows-ix86+x86_64 1.0.2 146.00 56.00 202.00 OK
r-release-osx-x86_64 1.0.2 OK
r-oldrel-windows-ix86+x86_64 1.0.2 114.00 49.00 163.00 OK
r-oldrel-osx-x86_64 1.0.2 OK

Check Details

Version: 1.0.2
Check: compiled code
Result: NOTE
    File ‘SpatialTools/libs/SpatialTools.so’:
     Found no calls to: ‘R_registerRoutines’, ‘R_useDynamicSymbols’
    
    It is good practice to register native routines and to disable symbol
    search.
    
    See ‘Writing portable packages’ in the ‘Writing R Extensions’ manual.
Flavors: r-devel-linux-x86_64-debian-clang, r-devel-linux-x86_64-debian-gcc, r-devel-linux-x86_64-fedora-clang, r-devel-linux-x86_64-fedora-gcc, r-patched-linux-x86_64, r-release-linux-x86_64

Version: 1.0.2
Check: installed package size
Result: NOTE
     installed size is 5.1Mb
     sub-directories of 1Mb or more:
     libs 4.8Mb
Flavor: r-devel-linux-x86_64-fedora-gcc