CRAN Package Check Results for Package SpatialTools

Last updated on 2015-05-29 07:48:13.

Flavor Version Tinstall Tcheck Ttotal Status Flags
r-devel-linux-x86_64-debian-clang 0.5.8 27.43 17.98 45.42 NOTE
r-devel-linux-x86_64-debian-gcc 0.5.8 30.36 18.53 48.90 NOTE
r-devel-linux-x86_64-fedora-clang 0.5.8 107.76 NOTE
r-devel-linux-x86_64-fedora-gcc 0.5.8 91.48 NOTE
r-devel-osx-x86_64-clang 0.5.8 80.34 NOTE
r-devel-windows-ix86+x86_64 0.5.8 87.00 47.00 134.00 OK
r-patched-linux-x86_64 0.5.8 31.58 17.31 48.89 NOTE
r-patched-solaris-sparc 0.5.8 595.70 NOTE
r-patched-solaris-x86 0.5.8 115.80 NOTE
r-release-linux-x86_64 0.5.8 31.87 17.58 49.44 NOTE
r-release-osx-x86_64-mavericks 0.5.8 OK
r-release-osx-x86_64-snowleopard 0.5.8 OK
r-release-windows-ix86+x86_64 0.5.8 93.00 44.00 137.00 OK
r-oldrel-windows-ix86+x86_64 0.5.8 89.00 90.00 179.00 OK

Check Details

Version: 0.5.8
Check: S3 generic/method consistency
Result: NOTE
    Found the following apparent S3 methods exported but not registered:
     plot.contourLines
    See section ‘Registering S3 methods’ in the ‘Writing R Extensions’
    manual.
Flavors: r-devel-linux-x86_64-debian-clang, r-devel-linux-x86_64-debian-gcc, r-devel-linux-x86_64-fedora-clang, r-devel-linux-x86_64-fedora-gcc, r-devel-osx-x86_64-clang, r-patched-linux-x86_64, r-patched-solaris-sparc, r-patched-solaris-x86, r-release-linux-x86_64