CRAN Package Check Results for Package SpatialTools

Last updated on 2017-02-20 17:49:24.

Flavor Version Tinstall Tcheck Ttotal Status Flags
r-devel-linux-x86_64-debian-clang 1.0.2 35.38 20.03 55.42 NOTE
r-devel-linux-x86_64-debian-gcc 1.0.2 38.27 21.23 59.50 NOTE
r-devel-linux-x86_64-fedora-clang 1.0.2 111.95 NOTE --no-stop-on-test-error
r-devel-linux-x86_64-fedora-gcc 1.0.2 107.18 NOTE --no-stop-on-test-error
r-devel-macos-x86_64-clang 75.42 NOTE --no-stop-on-test-error
r-devel-windows-ix86+x86_64 1.0.2 119.00 78.00 197.00 OK
r-patched-linux-x86_64 1.0.2 30.46 17.26 47.72 OK
r-patched-solaris-sparc 1.0.2 520.50 OK
r-patched-solaris-x86 1.0.2 98.90 OK
r-release-linux-x86_64 1.0.2 30.34 17.72 48.06 OK
r-release-osx-x86_64-mavericks 1.0.2 OK
r-release-windows-ix86+x86_64 1.0.2 111.00 50.00 161.00 OK
r-oldrel-windows-ix86+x86_64 1.0.2 107.00 78.00 185.00 OK

Check Details

Version: 1.0.2
Check: compiled code
Result: NOTE
    File ‘SpatialTools/libs/SpatialTools.so’:
     Found no calls to: ‘R_registerRoutines’, ‘R_useDynamicSymbols’
    
    It is good practice to register native routines and to disable symbol
    search.
    
    See ‘Writing portable packages’ in the ‘Writing R Extensions’ manual.
Flavors: r-devel-linux-x86_64-debian-clang, r-devel-linux-x86_64-debian-gcc

Version: 1.0.2
Flags: --no-stop-on-test-error
Check: compiled code
Result: NOTE
    File ‘SpatialTools/libs/SpatialTools.so’:
     Found no calls to: ‘R_registerRoutines’, ‘R_useDynamicSymbols’
    
    It is good practice to register native routines and to disable symbol
    search.
    
    See ‘Writing portable packages’ in the ‘Writing R Extensions’ manual.
Flavors: r-devel-linux-x86_64-fedora-clang, r-devel-linux-x86_64-fedora-gcc, r-devel-macos-x86_64-clang