CRAN Package Check Results for Package SpatialTools

Last updated on 2017-12-12 20:48:14 CET.

Flavor Version Tinstall Tcheck Ttotal Status Flags
r-devel-linux-x86_64-debian-clang 1.0.2 51.58 28.52 80.10 NOTE
r-devel-linux-x86_64-debian-gcc 1.0.2 47.77 23.43 71.20 NOTE
r-devel-linux-x86_64-fedora-clang 1.0.2 118.56 NOTE
r-devel-linux-x86_64-fedora-gcc 1.0.2 115.36 NOTE
r-devel-windows-ix86+x86_64 1.0.2 182.00 83.00 265.00 OK
r-patched-linux-x86_64 1.0.2 60.13 30.29 90.42 NOTE
r-patched-solaris-x86 1.0.2 121.80 OK
r-release-linux-x86_64 1.0.2 55.51 30.28 85.79 NOTE
r-release-windows-ix86+x86_64 1.0.2 112.00 79.00 191.00 OK
r-release-osx-x86_64 1.0.2 OK
r-oldrel-windows-ix86+x86_64 1.0.2 146.00 56.00 202.00 OK
r-oldrel-osx-x86_64 1.0.2 OK

Check Details

Version: 1.0.2
Check: compiled code
Result: NOTE
    File ‘SpatialTools/libs/SpatialTools.so’:
     Found no calls to: ‘R_registerRoutines’, ‘R_useDynamicSymbols’
    
    It is good practice to register native routines and to disable symbol
    search.
    
    See ‘Writing portable packages’ in the ‘Writing R Extensions’ manual.
Flavors: r-devel-linux-x86_64-debian-clang, r-devel-linux-x86_64-debian-gcc, r-devel-linux-x86_64-fedora-clang, r-devel-linux-x86_64-fedora-gcc, r-patched-linux-x86_64, r-release-linux-x86_64

Version: 1.0.2
Check: installed package size
Result: NOTE
     installed size is 5.1Mb
     sub-directories of 1Mb or more:
     libs 4.9Mb
Flavor: r-devel-linux-x86_64-fedora-gcc