CRAN Package Check Results for Package SpatialVx

Last updated on 2018-04-25 15:48:33 CEST.

Flavor Version Tinstall Tcheck Ttotal Status Flags
r-devel-linux-x86_64-debian-clang 0.6-2 19.83 148.05 167.88 ERROR
r-devel-linux-x86_64-debian-gcc 0.6-2 17.66 112.93 130.59 ERROR
r-devel-linux-x86_64-fedora-clang 0.6-2 232.22 WARN
r-devel-linux-x86_64-fedora-gcc 0.6-2 225.71 WARN
r-devel-windows-ix86+x86_64 0.6-2 43.00 156.00 199.00 WARN
r-patched-linux-x86_64 0.6-2 18.30 164.69 182.99 WARN
r-patched-solaris-x86 0.6-2 326.80 WARN
r-release-linux-x86_64 0.6-2 21.76 167.24 189.00 WARN
r-release-windows-ix86+x86_64 0.6-2 43.00 156.00 199.00 WARN
r-release-osx-x86_64 0.6-2 WARN
r-oldrel-windows-ix86+x86_64 0.6-2 14.00 239.00 253.00 WARN
r-oldrel-osx-x86_64 0.6-2 OK

Check Details

Version: 0.6-2
Check: Rd cross-references
Result: WARN
    Missing link or links in documentation object 'FeatureAxis.Rd':
     ‘bounding.box’
    
    Missing link or links in documentation object 'FeatureProps.Rd':
     ‘bounding.box’
    
    Missing link or links in documentation object 'locperf.Rd':
     ‘bounding.box’
    
    See section 'Cross-references' in the 'Writing R Extensions' manual.
Flavors: r-devel-linux-x86_64-debian-clang, r-devel-linux-x86_64-debian-gcc, r-devel-linux-x86_64-fedora-clang, r-devel-linux-x86_64-fedora-gcc, r-devel-windows-ix86+x86_64, r-patched-linux-x86_64, r-patched-solaris-x86, r-release-linux-x86_64, r-release-windows-ix86+x86_64, r-release-osx-x86_64, r-oldrel-windows-ix86+x86_64

Version: 0.6-2
Check: examples
Result: ERROR
    Running examples in ‘SpatialVx-Ex.R’ failed
    The error most likely occurred in:
    
    > base::assign(".ptime", proc.time(), pos = "CheckExEnv")
    > ### Name: MergeForce
    > ### Title: Force Merges in Matched Feature Objects
    > ### Aliases: MergeForce
    > ### Keywords: manip
    >
    > ### ** Examples
    >
    > x <- y <- matrix(0, 100, 100)
    > x[2:3,c(3:6, 8:10)] <- 1
    > y[c(4:7, 9:10),c(7:9, 11:12)] <- 1
    >
    > x[30:50,45:65] <- 1
    > y[c(22:24, 99:100),c(50:52, 99:100)] <- 1
    >
    > hold <- make.SpatialVx( x, y, field.type="contrived", units="none",
    + data.name = "Example", obs.name = "x", model.name = "y" )
    >
    > look <- FeatureFinder(hold, smoothpar=0.5)
    >
    > look2 <- centmatch( look )
    >
    > look2
    [1] "Matching based on centroid distances using centmatch function."
    [1] "centmatch"
    Distance criteria based on sum of the object sizes.
    Matched objects.
     Forecast Observed
    [1,] 1 1
    [2,] 1 2
    [3,] 3 2
    [4,] 5 3
    Unmatched Objects.
    $X
    integer(0)
    
    $Xhat
    [1] 2 4 6 7 8
    
    Objects are not merged, but implicitly defined merges would be:
    New object 1 :
     Forecast Observed
    [1,] 1 1
    [2,] 1 2
    [3,] 3 2
    New object 2 :
     Forecast Observed
    [1,] 5 3
    >
    > look2 <- MergeForce( look2 )
    >
    > look2
    [1] "Matching based on centroid distances using centmatch function. (merged) "
    [1] "centmatch" "MergeForce"
    Matched objects.
     Forecast Observed
    [1,] 1 1
    [2,] 2 2
    Unmatched Objects.
    $X
    integer(0)
    
    $Xhat
    [1] 3 4 5 6 7
    
    >
    > plot( look2 )
    Error in UseMethod("plot", x) :
     no applicable method for 'plot' applied to an object of class "matchedNoMap"
    Calls: plot -> plot.matched
    Execution halted
Flavors: r-devel-linux-x86_64-debian-clang, r-devel-linux-x86_64-debian-gcc