CRAN Package Check Results for Package SpatialVx

Last updated on 2015-03-03 12:50:48.

Flavor Version Tinstall Tcheck Ttotal Status Flags
r-devel-linux-x86_64-debian-clang 0.2-2 6.89 106.27 113.16 NOTE
r-devel-linux-x86_64-debian-gcc 0.2-2 5.56 103.57 109.13 NOTE
r-devel-linux-x86_64-fedora-clang 0.2-2 229.78 NOTE
r-devel-linux-x86_64-fedora-gcc 0.2-2 215.61 NOTE
r-devel-osx-x86_64-clang 0.2-2 192.07 NOTE
r-devel-windows-ix86+x86_64 0.2-2 28.00 144.00 172.00 NOTE
r-patched-linux-x86_64 0.2-2 9.26 136.94 146.20 OK
r-patched-solaris-sparc 0.2-2 1758.30 OK
r-patched-solaris-x86 0.2-2 389.10 OK
r-release-linux-ix86 0.2-2 9.34 157.58 166.92 OK
r-release-linux-x86_64 0.2-2 9.38 136.82 146.20 OK
r-release-osx-x86_64-mavericks 0.2-2 OK
r-release-osx-x86_64-snowleopard 0.2-2 OK
r-release-windows-ix86+x86_64 0.2-2 42.00 287.00 329.00 OK
r-oldrel-windows-ix86+x86_64 0.2-2 27.00 194.00 221.00 OK

Check Details

Version: 0.2-2
Check: DESCRIPTION meta-information
Result: NOTE
    Malformed Description field: should contain one or more complete sentences.
Flavors: r-devel-linux-x86_64-debian-clang, r-devel-linux-x86_64-debian-gcc, r-devel-linux-x86_64-fedora-clang, r-devel-linux-x86_64-fedora-gcc, r-devel-osx-x86_64-clang, r-devel-windows-ix86+x86_64

Version: 0.2-2
Check: S3 generic/method consistency
Result: NOTE
    Found the following apparent S3 methods exported but not registered:
     ACC.SpatialVx ACC.default Aindex.SpatialVx Aindex.default
     CSIsamples.SpatialVx CSIsamples.default Cindex.SpatialVx
     Cindex.default FeatureMatchAnalyzer.matched
     FeatureMatchAnalyzer.matched.centmatch
     FeatureMatchAnalyzer.matched.deltamm OF.SpatialVx OF.default
     S1.SpatialVx S1.default Sindex.SpatialVx Sindex.default
     clusterer.SpatialVx clusterer.default compositer.combined
     compositer.features compositer.matched gmm2d.SpatialVx gmm2d.default
     hist.OF hist.SpatialVx imomenter.im imomenter.matrix
     locmeasures2d.SpatialVx locmeasures2d.default metrV.SpatialVx
     metrV.default mowaverify2d.SpatialVx mowaverify2d.default
     plot.CSIsamples plot.EBS plot.FeatureAxis plot.FeatureMatchAnalyzer
     plot.LocSig plot.OF plot.SpatialVx plot.clusterer plot.composited
     plot.features plot.gmm2d plot.griddedVgram plot.hiw plot.hoods2d
     plot.matched plot.pphindcast2d plot.saller plot.spatMLD
     plot.spatbiasFS plot.structurogram plot.structurogram.matrix
     plot.summary.CSIsamples plot.summary.clusterer plot.summary.features
     plot.upscale2d plot.waveIS plot.wavePurifyVx plot.waverify2d
     predict.gmm2d print.CSIsamples print.FeatureMatchAnalyzer
     print.FeatureTable print.OF print.SpatialVx print.clusterer
     print.features print.fqi print.gmm2d print.hiw print.hoods2d
     print.imomented print.interester print.locmeasures2d print.matched
     print.metrV print.pphindcast2d print.saller print.summary.interester
     print.upscale2d print.waverify2d spatMLD.SpatialVx spatMLD.default
     summary.CSIsamples summary.FeatureAxis summary.FeatureMatchAnalyzer
     summary.FeatureTable summary.OF summary.SpatialVx summary.clusterer
     summary.features summary.fqi summary.gmm2d summary.hiw
     summary.interester summary.locmeasures2d summary.saller
     summary.spatMLD summary.spatbiasFS summary.waveIS
     summary.wavePurifyVx waverify2d.SpatialVx waverify2d.default
    See section ‘Registering S3 methods’ in the ‘Writing R Extensions’
    manual.
Flavors: r-devel-linux-x86_64-debian-clang, r-devel-linux-x86_64-debian-gcc, r-devel-linux-x86_64-fedora-clang, r-devel-linux-x86_64-fedora-gcc, r-devel-osx-x86_64-clang