CRAN Package Check Results for Package SpatialVx

Last updated on 2014-04-24 17:49:54.

Flavor Version Tinstall Tcheck Ttotal Status Flags
r-devel-linux-x86_64-debian-clang 0.2-0 7.71 129.62 137.33 OK
r-devel-linux-x86_64-debian-gcc 0.2-0 7.72 126.73 134.45 OK
r-devel-linux-x86_64-fedora-clang 0.2-0 300.47 OK
r-devel-linux-x86_64-fedora-gcc 0.2-0 287.99 OK
r-devel-osx-x86_64-clang 0.2-0 215.81 OK
r-devel-osx-x86_64-gcc 0.2-0 ERROR
r-devel-windows-ix86+x86_64 0.2-0 21.00 168.00 189.00 OK
r-patched-linux-x86_64 0.2-0 7.65 132.54 140.19 OK
r-patched-solaris-sparc 0.2-0 1450.40 OK
r-patched-solaris-x86 0.2-0 356.10 OK
r-release-linux-ix86 0.2-0 12.00 195.00 207.00 OK
r-release-linux-x86_64 0.2-0 7.68 127.50 135.18 OK
r-release-osx-x86_64-mavericks 0.2-0 OK
r-release-osx-x86_64-snowleopard 0.2-0 OK
r-release-windows-ix86+x86_64 0.2-0 20.00 178.00 198.00 OK
r-oldrel-windows-ix86+x86_64 0.2-0 20.00 170.00 190.00 OK

Check Details

Version: 0.2-0
Check: package dependencies
Result: ERROR
    Packages required but not available: ‘fields’ ‘turboEM’
    
    See the information on DESCRIPTION files in the chapter ‘Creating R
    packages’ of the ‘Writing R Extensions’ manual.
Flavor: r-devel-osx-x86_64-gcc