CRAN Package Check Results for Package SpatialVx

Last updated on 2018-02-18 07:50:36 CET.

Flavor Version Tinstall Tcheck Ttotal Status Flags
r-devel-linux-x86_64-debian-clang 0.6-2 21.29 170.62 191.91 WARN
r-devel-linux-x86_64-debian-gcc 0.6-2 17.29 128.28 145.57 WARN
r-devel-linux-x86_64-fedora-clang 0.6-2 232.98 WARN
r-devel-linux-x86_64-fedora-gcc 0.6-2 221.89 WARN
r-devel-windows-ix86+x86_64 0.6-2 30.00 161.00 191.00 WARN
r-patched-linux-x86_64 0.6-2 7.01 189.33 196.34 WARN
r-patched-solaris-x86 0.6-2 318.50 WARN
r-release-linux-x86_64 0.6-2 8.12 182.20 190.32 WARN
r-release-windows-ix86+x86_64 0.6-2 17.00 244.00 261.00 WARN
r-release-osx-x86_64 0.6-2 OK
r-oldrel-windows-ix86+x86_64 0.6-2 17.00 220.00 237.00 WARN
r-oldrel-osx-x86_64 0.6-1 OK

Check Details

Version: 0.6-2
Check: Rd cross-references
Result: WARN
    Missing link or links in documentation object 'FeatureAxis.Rd':
     ‘bounding.box’
    
    Missing link or links in documentation object 'FeatureProps.Rd':
     ‘bounding.box’
    
    Missing link or links in documentation object 'locperf.Rd':
     ‘bounding.box’
    
    See section 'Cross-references' in the 'Writing R Extensions' manual.
Flavors: r-devel-linux-x86_64-debian-clang, r-devel-linux-x86_64-debian-gcc, r-devel-linux-x86_64-fedora-clang, r-devel-linux-x86_64-fedora-gcc, r-devel-windows-ix86+x86_64, r-patched-linux-x86_64, r-patched-solaris-x86, r-release-linux-x86_64, r-release-windows-ix86+x86_64, r-oldrel-windows-ix86+x86_64