CRAN Package Check Results for Package SpeciesMix

Last updated on 2015-05-26 02:47:01.

Flavor Version Tinstall Tcheck Ttotal Status Flags
r-devel-linux-x86_64-debian-clang 0.3.1 3.11 25.43 28.54 NOTE
r-devel-linux-x86_64-debian-gcc 0.3.1 4.36 24.22 28.58 NOTE
r-devel-linux-x86_64-fedora-clang 0.3.1 56.69 NOTE
r-devel-linux-x86_64-fedora-gcc 0.3.1 54.79 NOTE
r-devel-osx-x86_64-clang 0.3.1 44.44 NOTE
r-devel-windows-ix86+x86_64 0.3.1 18.00 56.00 74.00 NOTE
r-patched-linux-x86_64 0.3.1 4.49 24.46 28.95 NOTE
r-patched-solaris-sparc 0.3.1 345.60 NOTE
r-patched-solaris-x86 0.3.1 70.00 NOTE
r-release-linux-x86_64 0.3.1 4.41 24.63 29.04 NOTE
r-release-osx-x86_64-mavericks 0.3.1 NOTE
r-release-osx-x86_64-snowleopard 0.3.1 NOTE
r-release-windows-ix86+x86_64 0.3.1 18.00 57.00 75.00 NOTE
r-oldrel-windows-ix86+x86_64 0.3.1 19.00 64.00 83.00 OK

Check Details

Version: 0.3.1
Check: DESCRIPTION meta-information
Result: NOTE
    Malformed Description field: should contain one or more complete sentences.
Flavors: r-devel-linux-x86_64-debian-clang, r-devel-linux-x86_64-debian-gcc, r-devel-linux-x86_64-fedora-clang, r-devel-linux-x86_64-fedora-gcc, r-devel-osx-x86_64-clang, r-devel-windows-ix86+x86_64, r-patched-linux-x86_64, r-patched-solaris-sparc, r-patched-solaris-x86, r-release-linux-x86_64, r-release-osx-x86_64-mavericks, r-release-osx-x86_64-snowleopard, r-release-windows-ix86+x86_64