CRAN Package Check Results for Package SpeciesMix

Last updated on 2015-03-29 19:48:53.

Flavor Version Tinstall Tcheck Ttotal Status Flags
r-devel-linux-x86_64-debian-clang 0.3.1 3.03 24.61 27.64 NOTE
r-devel-linux-x86_64-debian-gcc 0.3.1 4.23 24.62 28.85 NOTE
r-devel-linux-x86_64-fedora-clang 0.3.1 57.66 NOTE
r-devel-linux-x86_64-fedora-gcc 0.3.1 53.93 NOTE
r-devel-osx-x86_64-clang 0.3.1 48.41 NOTE
r-prerel-windows-ix86+x86_64 0.3.1 27.00 59.00 86.00 NOTE
r-prerel-linux-x86_64 0.3.1 4.35 24.69 29.04 NOTE
r-prerel-solaris-sparc 0.3.1 350.50 NOTE
r-prerel-solaris-x86 0.3.1 70.50 NOTE
r-release-linux-x86_64 0.3.1 4.53 27.82 32.35 OK
r-release-osx-x86_64-mavericks 0.3.1 OK
r-release-osx-x86_64-snowleopard 0.3.1 OK
r-release-windows-ix86+x86_64 0.3.1 19.00 64.00 83.00 OK
r-oldrel-windows-ix86+x86_64 0.3.1 20.00 98.00 118.00 OK

Check Details

Version: 0.3.1
Check: DESCRIPTION meta-information
Result: NOTE
    Malformed Description field: should contain one or more complete sentences.
Flavors: r-devel-linux-x86_64-debian-clang, r-devel-linux-x86_64-debian-gcc, r-devel-linux-x86_64-fedora-clang, r-devel-linux-x86_64-fedora-gcc, r-devel-osx-x86_64-clang, r-prerel-windows-ix86+x86_64, r-prerel-linux-x86_64, r-prerel-solaris-sparc, r-prerel-solaris-x86