CRAN Package Check Results for Package SpeciesMix

Last updated on 2018-06-20 07:48:02 CEST.

Flavor Version Tinstall Tcheck Ttotal Status Flags
r-devel-linux-x86_64-debian-clang 0.3.4 8.32 38.48 46.80 NOTE
r-devel-linux-x86_64-debian-gcc 0.3.4 7.79 29.54 37.33 NOTE
r-devel-linux-x86_64-fedora-clang 0.3.4 58.38 NOTE
r-devel-linux-x86_64-fedora-gcc 0.3.4 55.89 NOTE
r-devel-windows-ix86+x86_64 0.3.4 28.00 91.00 119.00 OK
r-patched-linux-x86_64 0.3.4 9.54 37.40 46.94 NOTE
r-patched-solaris-x86 0.3.4 77.70 OK
r-release-linux-x86_64 0.3.4 9.92 37.56 47.48 NOTE
r-release-windows-ix86+x86_64 0.3.4 22.00 90.00 112.00 OK
r-release-osx-x86_64 0.3.4 OK
r-oldrel-windows-ix86+x86_64 0.3.4 29.00 66.00 95.00 OK
r-oldrel-osx-x86_64 0.3.4 OK

Check Details

Version: 0.3.4
Check: compiled code
Result: NOTE
    File ‘SpeciesMix/libs/SpeciesMix.so’:
     Found no calls to: ‘R_registerRoutines’, ‘R_useDynamicSymbols’
    
    It is good practice to register native routines and to disable symbol
    search.
    
    See ‘Writing portable packages’ in the ‘Writing R Extensions’ manual.
Flavors: r-devel-linux-x86_64-debian-clang, r-devel-linux-x86_64-debian-gcc, r-devel-linux-x86_64-fedora-clang, r-devel-linux-x86_64-fedora-gcc, r-patched-linux-x86_64, r-release-linux-x86_64