CRAN Package Check Results for Package SpeciesMix

Last updated on 2015-07-04 19:47:58.

Flavor Version Tinstall Tcheck Ttotal Status Flags
r-devel-linux-x86_64-debian-clang 0.3.1 3.02 24.40 27.42 NOTE
r-devel-linux-x86_64-debian-gcc 0.3.1 4.38 24.19 28.58 NOTE
r-devel-linux-x86_64-fedora-clang 0.3.1 53.86 NOTE
r-devel-linux-x86_64-fedora-gcc 0.3.1 50.64 NOTE
r-devel-osx-x86_64-clang 0.3.1 41.55 NOTE
r-devel-windows-ix86+x86_64 0.3.1 24.00 61.00 85.00 NOTE
r-patched-linux-x86_64 0.3.1 4.30 24.45 28.75 NOTE
r-patched-solaris-sparc 0.3.1 345.60 NOTE
r-patched-solaris-x86 0.3.1 70.50 NOTE
r-release-linux-x86_64 0.3.1 4.32 24.74 29.07 NOTE
r-release-osx-x86_64-mavericks 0.3.1 NOTE
r-release-windows-ix86+x86_64 0.3.1 26.00 64.00 90.00 NOTE
r-oldrel-windows-ix86+x86_64 0.3.1 27.00 64.00 91.00 OK

Check Details

Version: 0.3.1
Check: DESCRIPTION meta-information
Result: NOTE
    Malformed Description field: should contain one or more complete sentences.
Flavors: r-devel-linux-x86_64-debian-clang, r-devel-linux-x86_64-debian-gcc, r-devel-linux-x86_64-fedora-clang, r-devel-linux-x86_64-fedora-gcc, r-devel-osx-x86_64-clang, r-devel-windows-ix86+x86_64, r-patched-linux-x86_64, r-patched-solaris-sparc, r-patched-solaris-x86, r-release-linux-x86_64, r-release-osx-x86_64-mavericks, r-release-windows-ix86+x86_64