CRAN Package Check Results for Package SpeciesMix

Last updated on 2014-04-23 12:48:28.

Flavor Version Tinstall Tcheck Ttotal Status Flags
r-devel-linux-x86_64-debian-clang 0.3.1 2.82 28.52 31.34 OK
r-devel-linux-x86_64-debian-gcc 0.3.1 4.20 29.30 33.49 OK
r-devel-linux-x86_64-fedora-clang 0.3.1 60.82 OK
r-devel-linux-x86_64-fedora-gcc 0.3.1 58.43 OK
r-devel-osx-x86_64-clang 0.3.1 46.54 OK
r-devel-osx-x86_64-gcc 0.3.1 OK
r-devel-windows-ix86+x86_64 0.3.1 15.00 63.00 78.00 OK
r-patched-linux-x86_64 0.3.1 4.18 28.03 32.21 OK
r-patched-solaris-sparc 0.3.1 345.50 OK
r-patched-solaris-x86 0.3.1 78.00 OK
r-release-linux-ix86 0.3.1 7.00 54.00 61.00 OK
r-release-linux-x86_64 0.3.1 4.18 28.21 32.40 OK
r-release-osx-x86_64-mavericks 0.3.1 WARN
r-release-osx-x86_64-snowleopard 0.3.1 OK
r-release-windows-ix86+x86_64 0.3.1 15.00 60.00 75.00 OK
r-oldrel-windows-ix86+x86_64 0.3.1 14.00 64.00 78.00 OK

Check Details

Version: 0.3.1
Check: PDF version of manual
Result: WARNING
    LaTeX errors when creating PDF version.
    This typically indicates Rd problems.
    LaTeX errors found:
    ! LaTeX Error: File `upquote.sty' not found.
    
    Type X to quit or <RETURN> to proceed,
    or enter new name. (Default extension: sty)
    
    a78bdd0/Rd2.tex:8: ==> Fatal error occurred, no output PDF file produced!
Flavor: r-release-osx-x86_64-mavericks