CRAN Package Check Results for Package SpeciesMix

Last updated on 2016-02-08 06:47:31.

Flavor Version Tinstall Tcheck Ttotal Status Flags
r-devel-linux-x86_64-debian-gcc 0.3.1 4.12 23.64 27.76 NOTE
r-devel-linux-x86_64-fedora-clang 0.3.1 53.15 NOTE
r-devel-linux-x86_64-fedora-gcc 0.3.1 48.76 NOTE
r-devel-osx-x86_64-clang 0.3.1 48.21 NOTE
r-devel-windows-ix86+x86_64 0.3.1 25.00 61.00 86.00 NOTE
r-patched-linux-x86_64 0.3.1 4.18 25.40 29.58 NOTE
r-patched-solaris-sparc 0.3.1 323.10 NOTE
r-patched-solaris-x86 0.3.1 66.10 NOTE
r-release-linux-x86_64 0.3.1 4.16 24.80 28.96 NOTE
r-release-osx-x86_64-mavericks 0.3.1 NOTE
r-release-windows-ix86+x86_64 0.3.1 24.00 69.00 93.00 NOTE
r-oldrel-windows-ix86+x86_64 0.3.1 30.00 78.00 108.00 OK

Check Details

Version: 0.3.1
Check: DESCRIPTION meta-information
Result: NOTE
    Malformed Description field: should contain one or more complete sentences.
Flavors: r-devel-linux-x86_64-debian-gcc, r-devel-linux-x86_64-fedora-clang, r-devel-linux-x86_64-fedora-gcc, r-devel-osx-x86_64-clang, r-devel-windows-ix86+x86_64, r-patched-linux-x86_64, r-patched-solaris-sparc, r-patched-solaris-x86, r-release-linux-x86_64, r-release-osx-x86_64-mavericks, r-release-windows-ix86+x86_64