CRAN Package Check Results for Package SpeciesMix

Last updated on 2016-07-26 22:47:52.

Flavor Version Tinstall Tcheck Ttotal Status Flags
r-devel-linux-x86_64-debian-clang 0.3.1 5.10 36.77 41.87 NOTE
r-devel-linux-x86_64-debian-gcc 0.3.1 5.97 36.00 41.97 NOTE
r-devel-linux-x86_64-fedora-clang 0.3.1 52.77 NOTE
r-devel-linux-x86_64-fedora-gcc 0.3.1 47.49 NOTE
r-devel-osx-x86_64-clang 0.3.1 38.21 NOTE
r-devel-windows-ix86+x86_64 0.3.1 21.00 64.00 85.00 NOTE
r-patched-linux-x86_64 0.3.1 5.15 35.43 40.58 NOTE
r-patched-solaris-sparc 0.3.1 323.50 NOTE
r-patched-solaris-x86 0.3.1 63.50 NOTE
r-release-linux-x86_64 0.3.1 4.80 35.47 40.27 NOTE
r-release-osx-x86_64-mavericks 0.3.1 NOTE
r-release-windows-ix86+x86_64 0.3.1 24.00 79.00 103.00 NOTE
r-oldrel-windows-ix86+x86_64 0.3.1 22.00 87.00 109.00 NOTE

Check Details

Version: 0.3.1
Check: DESCRIPTION meta-information
Result: NOTE
    Malformed Description field: should contain one or more complete sentences.
Flavors: r-devel-linux-x86_64-debian-clang, r-devel-linux-x86_64-debian-gcc, r-devel-linux-x86_64-fedora-clang, r-devel-linux-x86_64-fedora-gcc, r-devel-osx-x86_64-clang, r-devel-windows-ix86+x86_64, r-patched-linux-x86_64, r-patched-solaris-sparc, r-patched-solaris-x86, r-release-linux-x86_64, r-release-osx-x86_64-mavericks, r-release-windows-ix86+x86_64, r-oldrel-windows-ix86+x86_64