CRAN Package Check Results for Package SpeciesMix

Last updated on 2015-04-27 23:47:39.

Flavor Version Tinstall Tcheck Ttotal Status Flags
r-devel-linux-x86_64-debian-clang 0.3.1 3.14 26.19 29.33 NOTE
r-devel-linux-x86_64-debian-gcc 0.3.1 4.66 25.70 30.36 NOTE
r-devel-linux-x86_64-fedora-clang 0.3.1 56.19 NOTE
r-devel-linux-x86_64-fedora-gcc 0.3.1 53.18 NOTE
r-devel-osx-x86_64-clang 0.3.1 45.08 NOTE
r-devel-windows-ix86+x86_64 0.3.1 18.00 92.00 110.00 NOTE
r-patched-linux-x86_64 0.3.1 4.38 24.53 28.91 NOTE
r-patched-solaris-sparc 0.3.1 350.50 NOTE
r-patched-solaris-x86 0.3.1 71.70 NOTE
r-release-linux-x86_64 0.3.1 4.29 24.28 28.57 NOTE
r-release-osx-x86_64-mavericks 0.3.1 NOTE
r-release-osx-x86_64-snowleopard 0.3.1 NOTE
r-release-windows-ix86+x86_64 0.3.1 23.00 75.00 98.00 NOTE
r-oldrel-windows-ix86+x86_64 0.3.1 15.00 69.00 84.00 OK

Check Details

Version: 0.3.1
Check: DESCRIPTION meta-information
Result: NOTE
    Malformed Description field: should contain one or more complete sentences.
Flavors: r-devel-linux-x86_64-debian-clang, r-devel-linux-x86_64-debian-gcc, r-devel-linux-x86_64-fedora-clang, r-devel-linux-x86_64-fedora-gcc, r-devel-osx-x86_64-clang, r-devel-windows-ix86+x86_64, r-patched-solaris-sparc, r-patched-solaris-x86, r-release-linux-x86_64, r-release-osx-x86_64-mavericks, r-release-osx-x86_64-snowleopard, r-release-windows-ix86+x86_64