CRAN Package Check Results for Package SpeciesMix

Last updated on 2018-04-26 10:47:28 CEST.

Flavor Version Tinstall Tcheck Ttotal Status Flags
r-devel-linux-x86_64-debian-clang 0.3.4 10.08 32.77 42.85 NOTE
r-devel-linux-x86_64-debian-gcc 0.3.4 8.95 28.39 37.34 NOTE
r-devel-linux-x86_64-fedora-clang 0.3.4 57.84 NOTE
r-devel-linux-x86_64-fedora-gcc 0.3.4 54.52 NOTE
r-devel-windows-ix86+x86_64 0.3.4 30.00 71.00 101.00 OK
r-patched-linux-x86_64 0.3.4 9.50 36.70 46.20 NOTE
r-patched-solaris-x86 0.3.4 78.70 OK
r-release-linux-x86_64 0.3.4 8.22 36.48 44.70 NOTE
r-release-windows-ix86+x86_64 0.3.4 30.00 71.00 101.00 OK
r-release-osx-x86_64 0.3.4 OK
r-oldrel-windows-ix86+x86_64 0.3.4 20.00 95.00 115.00 OK
r-oldrel-osx-x86_64 0.3.4 OK

Check Details

Version: 0.3.4
Check: compiled code
Result: NOTE
    File ‘SpeciesMix/libs/SpeciesMix.so’:
     Found no calls to: ‘R_registerRoutines’, ‘R_useDynamicSymbols’
    
    It is good practice to register native routines and to disable symbol
    search.
    
    See ‘Writing portable packages’ in the ‘Writing R Extensions’ manual.
Flavors: r-devel-linux-x86_64-debian-clang, r-devel-linux-x86_64-debian-gcc, r-devel-linux-x86_64-fedora-clang, r-devel-linux-x86_64-fedora-gcc, r-patched-linux-x86_64, r-release-linux-x86_64