CRAN Package Check Results for Package SpeciesMix

Last updated on 2017-08-18 04:47:11.

Flavor Version Tinstall Tcheck Ttotal Status Flags
r-devel-linux-x86_64-debian-clang 0.3.4 4.00 27.32 31.32 NOTE
r-devel-linux-x86_64-debian-gcc 0.3.4 4.61 26.64 31.25 NOTE
r-devel-linux-x86_64-fedora-clang 0.3.4 62.83 NOTE
r-devel-linux-x86_64-fedora-gcc 0.3.4 64.29 NOTE
r-devel-windows-ix86+x86_64 0.3.4 18.00 70.00 88.00 OK
r-patched-linux-x86_64 0.3.4 4.37 26.45 30.82 NOTE
r-patched-solaris-x86 0.3.4 63.90 OK
r-release-linux-x86_64 0.3.4 4.41 26.27 30.68 NOTE
r-release-windows-ix86+x86_64 0.3.4 21.00 78.00 99.00 OK
r-release-osx-x86_64 0.3.4 OK
r-oldrel-windows-ix86+x86_64 0.3.4 20.00 88.00 108.00 OK
r-oldrel-osx-x86_64 0.3.4 OK

Check Details

Version: 0.3.4
Check: compiled code
Result: NOTE
    File ‘SpeciesMix/libs/SpeciesMix.so’:
     Found no calls to: ‘R_registerRoutines’, ‘R_useDynamicSymbols’
    
    It is good practice to register native routines and to disable symbol
    search.
    
    See ‘Writing portable packages’ in the ‘Writing R Extensions’ manual.
Flavors: r-devel-linux-x86_64-debian-clang, r-devel-linux-x86_64-debian-gcc, r-devel-linux-x86_64-fedora-clang, r-devel-linux-x86_64-fedora-gcc, r-patched-linux-x86_64, r-release-linux-x86_64