CRAN Package Check Results for Package SpeciesMix

Last updated on 2017-06-22 17:48:13.

Flavor Version Tinstall Tcheck Ttotal Status Flags
r-devel-linux-x86_64-debian-clang 0.3.4 4.40 27.53 31.93 NOTE
r-devel-linux-x86_64-debian-gcc 0.3.4 4.82 28.10 32.92 NOTE
r-devel-linux-x86_64-fedora-clang 0.3.4 64.16 NOTE
r-devel-linux-x86_64-fedora-gcc 0.3.4 61.69 NOTE
r-devel-windows-ix86+x86_64 0.3.4 30.00 71.00 101.00 OK
r-patched-linux-x86_64 0.3.4 4.16 26.84 31.00 NOTE
r-patched-solaris-sparc 0.3.4 320.80 OK
r-patched-solaris-x86 0.3.4 63.80 OK
r-release-linux-x86_64 0.3.4 4.19 27.06 31.25 NOTE
r-release-windows-ix86+x86_64 0.3.4 29.00 102.00 131.00 OK
r-release-osx-x86_64 0.3.4 OK
r-oldrel-windows-ix86+x86_64 0.3.4 25.00 74.00 99.00 OK
r-oldrel-osx-x86_64 0.3.4 OK

Check Details

Version: 0.3.4
Check: compiled code
Result: NOTE
    File ‘SpeciesMix/libs/SpeciesMix.so’:
     Found no calls to: ‘R_registerRoutines’, ‘R_useDynamicSymbols’
    
    It is good practice to register native routines and to disable symbol
    search.
    
    See ‘Writing portable packages’ in the ‘Writing R Extensions’ manual.
Flavors: r-devel-linux-x86_64-debian-clang, r-devel-linux-x86_64-debian-gcc, r-devel-linux-x86_64-fedora-clang, r-devel-linux-x86_64-fedora-gcc, r-patched-linux-x86_64, r-release-linux-x86_64