CRAN Package Check Results for Package SpeciesMix

Last updated on 2018-02-25 10:47:31 CET.

Flavor Version Tinstall Tcheck Ttotal Status Flags
r-devel-linux-x86_64-debian-clang 0.3.4 9.30 37.70 47.00 NOTE
r-devel-linux-x86_64-debian-gcc 0.3.4 7.95 27.92 35.87 NOTE
r-devel-linux-x86_64-fedora-clang 0.3.4 59.63 NOTE
r-devel-linux-x86_64-fedora-gcc 0.3.4 56.96 NOTE
r-devel-windows-ix86+x86_64 0.3.4 29.00 84.00 113.00 OK
r-patched-linux-x86_64 0.3.4 7.38 39.58 46.96 NOTE
r-patched-solaris-x86 0.3.4 69.80 OK
r-release-linux-x86_64 0.3.4 6.04 38.95 44.99 NOTE
r-release-windows-ix86+x86_64 0.3.4 21.00 87.00 108.00 OK
r-release-osx-x86_64 0.3.4 OK
r-oldrel-windows-ix86+x86_64 0.3.4 20.00 88.00 108.00 OK
r-oldrel-osx-x86_64 0.3.4 OK

Check Details

Version: 0.3.4
Check: compiled code
Result: NOTE
    File ‘SpeciesMix/libs/SpeciesMix.so’:
     Found no calls to: ‘R_registerRoutines’, ‘R_useDynamicSymbols’
    
    It is good practice to register native routines and to disable symbol
    search.
    
    See ‘Writing portable packages’ in the ‘Writing R Extensions’ manual.
Flavors: r-devel-linux-x86_64-debian-clang, r-devel-linux-x86_64-debian-gcc, r-devel-linux-x86_64-fedora-clang, r-devel-linux-x86_64-fedora-gcc, r-patched-linux-x86_64, r-release-linux-x86_64