CRAN Package Check Results for Package SpeciesMix

Last updated on 2016-08-24 09:47:21.

Flavor Version Tinstall Tcheck Ttotal Status Flags
r-devel-linux-x86_64-debian-clang 0.3.1 3.77 32.81 36.57 NOTE
r-devel-linux-x86_64-debian-gcc 0.3.1 4.34 31.34 35.68 NOTE
r-devel-linux-x86_64-fedora-clang 0.3.1 61.83 NOTE
r-devel-linux-x86_64-fedora-gcc 0.3.1 57.69 NOTE
r-devel-osx-x86_64-clang 0.3.1 38.41 NOTE
r-devel-windows-ix86+x86_64 0.3.1 23.00 80.00 103.00 NOTE
r-patched-linux-x86_64 0.3.1 4.35 31.28 35.63 NOTE
r-patched-solaris-sparc 0.3.1 323.50 NOTE
r-patched-solaris-x86 0.3.1 65.00 NOTE
r-release-linux-x86_64 0.3.1 4.27 31.36 35.63 NOTE
r-release-osx-x86_64-mavericks 0.3.1 NOTE
r-release-windows-ix86+x86_64 0.3.1 21.00 78.00 99.00 NOTE
r-oldrel-windows-ix86+x86_64 0.3.1 26.00 67.00 93.00 NOTE

Check Details

Version: 0.3.1
Check: DESCRIPTION meta-information
Result: NOTE
    Malformed Description field: should contain one or more complete sentences.
Flavors: r-devel-linux-x86_64-debian-clang, r-devel-linux-x86_64-debian-gcc, r-devel-linux-x86_64-fedora-clang, r-devel-linux-x86_64-fedora-gcc, r-devel-osx-x86_64-clang, r-devel-windows-ix86+x86_64, r-patched-linux-x86_64, r-patched-solaris-sparc, r-patched-solaris-x86, r-release-linux-x86_64, r-release-osx-x86_64-mavericks, r-release-windows-ix86+x86_64, r-oldrel-windows-ix86+x86_64