CRAN Package Check Results for Package SpeciesMix

Last updated on 2017-12-13 15:48:45 CET.

Flavor Version Tinstall Tcheck Ttotal Status Flags
r-devel-linux-x86_64-debian-clang 0.3.4 5.02 36.30 41.32 NOTE
r-devel-linux-x86_64-debian-gcc 0.3.4 5.33 27.95 33.28 NOTE
r-devel-linux-x86_64-fedora-clang 0.3.4 50.56 NOTE
r-devel-linux-x86_64-fedora-gcc 0.3.4 51.74 NOTE
r-devel-windows-ix86+x86_64 0.3.4 29.00 72.00 101.00 OK
r-patched-linux-x86_64 0.3.4 6.32 39.31 45.63 NOTE
r-patched-solaris-x86 0.3.4 69.30 OK
r-release-linux-x86_64 0.3.4 6.22 38.61 44.83 NOTE
r-release-windows-ix86+x86_64 0.3.4 17.00 89.00 106.00 OK
r-release-osx-x86_64 0.3.4 OK
r-oldrel-windows-ix86+x86_64 0.3.4 25.00 89.00 114.00 OK
r-oldrel-osx-x86_64 0.3.4 OK

Check Details

Version: 0.3.4
Check: compiled code
Result: NOTE
    File ‘SpeciesMix/libs/SpeciesMix.so’:
     Found no calls to: ‘R_registerRoutines’, ‘R_useDynamicSymbols’
    
    It is good practice to register native routines and to disable symbol
    search.
    
    See ‘Writing portable packages’ in the ‘Writing R Extensions’ manual.
Flavors: r-devel-linux-x86_64-debian-clang, r-devel-linux-x86_64-debian-gcc, r-devel-linux-x86_64-fedora-clang, r-devel-linux-x86_64-fedora-gcc, r-patched-linux-x86_64, r-release-linux-x86_64