CRAN Package Check Results for Package SpeciesMix

Last updated on 2016-09-25 21:50:20.

Flavor Version Tinstall Tcheck Ttotal Status Flags
r-devel-linux-x86_64-debian-clang 0.3.1 3.95 32.09 36.04 NOTE
r-devel-linux-x86_64-debian-gcc 0.3.1 4.56 31.83 36.39 NOTE
r-devel-linux-x86_64-fedora-clang 0.3.1 61.03 NOTE
r-devel-linux-x86_64-fedora-gcc 0.3.1 57.35 NOTE
r-devel-macos-x86_64-clang 0.3.1 38.10 NOTE
r-devel-windows-ix86+x86_64 0.3.1 29.00 63.00 92.00 NOTE
r-patched-linux-x86_64 0.3.1 4.05 31.41 35.45 NOTE
r-patched-solaris-sparc 0.3.1 323.50 NOTE
r-patched-solaris-x86 0.3.1 63.10 NOTE
r-release-linux-x86_64 0.3.1 4.20 31.21 35.41 NOTE
r-release-osx-x86_64-mavericks 0.3.1 NOTE
r-release-windows-ix86+x86_64 0.3.1 45.00 79.00 124.00 NOTE
r-oldrel-windows-ix86+x86_64 0.3.1 25.00 85.00 110.00 NOTE

Check Details

Version: 0.3.1
Check: DESCRIPTION meta-information
Result: NOTE
    Malformed Description field: should contain one or more complete sentences.
Flavors: r-devel-linux-x86_64-debian-clang, r-devel-linux-x86_64-debian-gcc, r-devel-linux-x86_64-fedora-clang, r-devel-linux-x86_64-fedora-gcc, r-devel-macos-x86_64-clang, r-devel-windows-ix86+x86_64, r-patched-linux-x86_64, r-patched-solaris-sparc, r-patched-solaris-x86, r-release-linux-x86_64, r-release-osx-x86_64-mavericks, r-release-windows-ix86+x86_64, r-oldrel-windows-ix86+x86_64