CRAN Package Check Results for Package SpeciesMix

Last updated on 2017-04-28 23:52:47.

Flavor Version Tinstall Tcheck Ttotal Status Flags
r-devel-linux-x86_64-debian-clang 0.3.4 3.73 26.90 30.64 NOTE
r-devel-linux-x86_64-debian-gcc 0.3.4 4.43 25.77 30.20 NOTE
r-devel-linux-x86_64-fedora-clang 0.3.4 63.48 NOTE --no-stop-on-test-error
r-devel-linux-x86_64-fedora-gcc 0.3.4 60.08 NOTE --no-stop-on-test-error
r-devel-windows-ix86+x86_64 0.3.4 22.00 89.00 111.00 OK
r-patched-linux-x86_64 0.3.4 4.30 26.28 30.58 NOTE
r-patched-solaris-sparc 0.3.4 320.80 OK
r-patched-solaris-x86 0.3.4 63.40 OK
r-release-linux-x86_64 0.3.4 4.08 25.99 30.06 NOTE
r-release-windows-ix86+x86_64 0.3.4 30.00 89.00 119.00 OK
r-release-osx-x86_64 0.3.4 OK
r-oldrel-windows-ix86+x86_64 0.3.4 29.00 67.00 96.00 OK
r-oldrel-osx-x86_64 0.3.4 OK

Check Details

Version: 0.3.4
Check: compiled code
Result: NOTE
    File ‘SpeciesMix/libs/SpeciesMix.so’:
     Found no calls to: ‘R_registerRoutines’, ‘R_useDynamicSymbols’
    
    It is good practice to register native routines and to disable symbol
    search.
    
    See ‘Writing portable packages’ in the ‘Writing R Extensions’ manual.
Flavors: r-devel-linux-x86_64-debian-clang, r-devel-linux-x86_64-debian-gcc, r-patched-linux-x86_64, r-release-linux-x86_64

Version: 0.3.4
Flags: --no-stop-on-test-error
Check: compiled code
Result: NOTE
    File ‘SpeciesMix/libs/SpeciesMix.so’:
     Found no calls to: ‘R_registerRoutines’, ‘R_useDynamicSymbols’
    
    It is good practice to register native routines and to disable symbol
    search.
    
    See ‘Writing portable packages’ in the ‘Writing R Extensions’ manual.
Flavors: r-devel-linux-x86_64-fedora-clang, r-devel-linux-x86_64-fedora-gcc