CRAN Package Check Results for Package SpeciesMix

Last updated on 2017-03-27 06:48:39.

Flavor Version Tinstall Tcheck Ttotal Status Flags
r-devel-linux-x86_64-debian-clang 0.3.4 2.43 30.97 33.40 NOTE
r-devel-linux-x86_64-debian-gcc 0.3.4 2.40 31.04 33.43 NOTE
r-devel-linux-x86_64-fedora-clang 0.3.4 62.47 NOTE --no-stop-on-test-error
r-devel-linux-x86_64-fedora-gcc 0.3.4 62.41 NOTE --no-stop-on-test-error
r-devel-macos-x86_64-clang 0.3.4 39.19 NOTE --no-stop-on-test-error
r-devel-windows-ix86+x86_64 0.3.4 19.00 98.00 117.00 OK
r-patched-linux-x86_64 0.3.4 2.15 30.91 33.06 NOTE
r-patched-solaris-sparc 0.3.4 320.80 OK
r-patched-solaris-x86 0.3.4 63.90 OK
r-release-linux-x86_64 0.3.4 4.08 23.62 27.70 OK
r-release-osx-x86_64-mavericks 0.3.4 OK
r-release-windows-ix86+x86_64 0.3.4 22.00 74.00 96.00 OK
r-oldrel-windows-ix86+x86_64 0.3.4 17.00 69.00 86.00 OK

Check Details

Version: 0.3.4
Check: compiled code
Result: NOTE
    File ‘SpeciesMix/libs/SpeciesMix.so’:
     Found no calls to: ‘R_registerRoutines’, ‘R_useDynamicSymbols’
    
    It is good practice to register native routines and to disable symbol
    search.
    
    See ‘Writing portable packages’ in the ‘Writing R Extensions’ manual.
Flavors: r-devel-linux-x86_64-debian-clang, r-devel-linux-x86_64-debian-gcc, r-patched-linux-x86_64

Version: 0.3.4
Flags: --no-stop-on-test-error
Check: compiled code
Result: NOTE
    File ‘SpeciesMix/libs/SpeciesMix.so’:
     Found no calls to: ‘R_registerRoutines’, ‘R_useDynamicSymbols’
    
    It is good practice to register native routines and to disable symbol
    search.
    
    See ‘Writing portable packages’ in the ‘Writing R Extensions’ manual.
Flavors: r-devel-linux-x86_64-fedora-clang, r-devel-linux-x86_64-fedora-gcc, r-devel-macos-x86_64-clang