CRAN Package Check Results for Package SpeciesMix

Last updated on 2016-06-27 03:47:53.

Flavor Version Tinstall Tcheck Ttotal Status Flags
r-devel-linux-x86_64-debian-gcc 0.3.1 4.91 23.91 28.82 NOTE
r-devel-linux-x86_64-fedora-clang 0.3.1 52.32 NOTE
r-devel-linux-x86_64-fedora-gcc 0.3.1 47.61 NOTE
r-devel-osx-x86_64-clang 0.3.1 38.32 NOTE
r-devel-windows-ix86+x86_64 0.3.1 17.00 72.00 89.00 NOTE
r-patched-linux-x86_64 0.3.1 4.31 25.04 29.35 NOTE
r-patched-solaris-sparc 0.3.1 323.50 NOTE
r-patched-solaris-x86 0.3.1 65.60 NOTE
r-release-linux-x86_64 0.3.1 4.29 25.00 29.30 NOTE
r-release-osx-x86_64-mavericks 0.3.1 NOTE
r-release-windows-ix86+x86_64 0.3.1 16.00 58.00 74.00 NOTE
r-oldrel-windows-ix86+x86_64 0.3.1 24.00 86.00 110.00 NOTE

Check Details

Version: 0.3.1
Check: DESCRIPTION meta-information
Result: NOTE
    Malformed Description field: should contain one or more complete sentences.
Flavors: r-devel-linux-x86_64-debian-gcc, r-devel-linux-x86_64-fedora-clang, r-devel-linux-x86_64-fedora-gcc, r-devel-osx-x86_64-clang, r-devel-windows-ix86+x86_64, r-patched-linux-x86_64, r-patched-solaris-sparc, r-patched-solaris-x86, r-release-linux-x86_64, r-release-osx-x86_64-mavericks, r-release-windows-ix86+x86_64, r-oldrel-windows-ix86+x86_64