CRAN Package Check Results for Package SpeciesMix

Last updated on 2017-10-18 23:48:08.

Flavor Version Tinstall Tcheck Ttotal Status Flags
r-devel-linux-x86_64-debian-clang 0.3.4 3.86 30.48 34.34 NOTE
r-devel-linux-x86_64-debian-gcc 0.3.4 4.53 26.53 31.06 NOTE
r-devel-linux-x86_64-fedora-clang 0.3.4 55.97 NOTE
r-devel-linux-x86_64-fedora-gcc 0.3.4 54.39 NOTE
r-devel-windows-ix86+x86_64 0.3.4 20.00 70.00 90.00 OK
r-patched-linux-x86_64 0.3.4 4.48 29.96 34.44 NOTE
r-patched-solaris-x86 0.3.4 69.10 OK
r-release-linux-x86_64 0.3.4 4.76 29.00 33.75 NOTE
r-release-windows-ix86+x86_64 0.3.4 28.00 64.00 92.00 OK
r-release-osx-x86_64 0.3.4 OK
r-oldrel-windows-ix86+x86_64 0.3.4 30.00 87.00 117.00 OK
r-oldrel-osx-x86_64 0.3.4 OK

Check Details

Version: 0.3.4
Check: compiled code
Result: NOTE
    File ‘SpeciesMix/libs/SpeciesMix.so’:
     Found no calls to: ‘R_registerRoutines’, ‘R_useDynamicSymbols’
    
    It is good practice to register native routines and to disable symbol
    search.
    
    See ‘Writing portable packages’ in the ‘Writing R Extensions’ manual.
Flavors: r-devel-linux-x86_64-debian-clang, r-devel-linux-x86_64-debian-gcc, r-devel-linux-x86_64-fedora-clang, r-devel-linux-x86_64-fedora-gcc, r-patched-linux-x86_64, r-release-linux-x86_64