CRAN Package Check Results for Package SpeciesMix

Last updated on 2017-02-24 19:48:39.

Flavor Version Tinstall Tcheck Ttotal Status Flags
r-devel-linux-x86_64-debian-clang 0.3.4 4.06 26.63 30.70 NOTE
r-devel-linux-x86_64-debian-gcc 0.3.4 4.56 26.07 30.63 NOTE
r-devel-linux-x86_64-fedora-clang 0.3.4 63.44 NOTE --no-stop-on-test-error
r-devel-linux-x86_64-fedora-gcc 0.3.4 59.88 NOTE --no-stop-on-test-error
r-devel-macos-x86_64-clang 0.3.4 39.56 NOTE --no-stop-on-test-error
r-devel-windows-ix86+x86_64 0.3.4 43.00 74.00 117.00 OK
r-patched-linux-x86_64 0.3.4 4.15 24.25 28.40 OK
r-patched-solaris-sparc 0.3.4 316.30 OK
r-patched-solaris-x86 0.3.4 62.60 OK
r-release-linux-x86_64 0.3.4 3.94 24.43 28.37 OK
r-release-osx-x86_64-mavericks 0.3.4 OK
r-release-windows-ix86+x86_64 0.3.4 40.00 91.00 131.00 OK
r-oldrel-windows-ix86+x86_64 0.3.4 35.00 116.00 151.00 OK

Check Details

Version: 0.3.4
Check: compiled code
Result: NOTE
    File ‘SpeciesMix/libs/SpeciesMix.so’:
     Found no calls to: ‘R_registerRoutines’, ‘R_useDynamicSymbols’
    
    It is good practice to register native routines and to disable symbol
    search.
    
    See ‘Writing portable packages’ in the ‘Writing R Extensions’ manual.
Flavors: r-devel-linux-x86_64-debian-clang, r-devel-linux-x86_64-debian-gcc

Version: 0.3.4
Flags: --no-stop-on-test-error
Check: compiled code
Result: NOTE
    File ‘SpeciesMix/libs/SpeciesMix.so’:
     Found no calls to: ‘R_registerRoutines’, ‘R_useDynamicSymbols’
    
    It is good practice to register native routines and to disable symbol
    search.
    
    See ‘Writing portable packages’ in the ‘Writing R Extensions’ manual.
Flavors: r-devel-linux-x86_64-fedora-clang, r-devel-linux-x86_64-fedora-gcc, r-devel-macos-x86_64-clang