CRAN Package Check Results for Package SpeciesMix

Last updated on 2015-08-05 06:48:01.

Flavor Version Tinstall Tcheck Ttotal Status Flags
r-devel-linux-x86_64-debian-clang 0.3.1 3.04 24.18 27.22 NOTE
r-devel-linux-x86_64-debian-gcc 0.3.1 4.29 23.78 28.07 NOTE
r-devel-linux-x86_64-fedora-clang 0.3.1 53.62 NOTE
r-devel-linux-x86_64-fedora-gcc 0.3.1 50.30 NOTE
r-devel-osx-x86_64-clang 0.3.1 40.99 NOTE
r-devel-windows-ix86+x86_64 0.3.1 25.00 87.00 112.00 NOTE
r-patched-linux-x86_64 0.3.1 4.32 23.31 27.62 NOTE
r-patched-solaris-sparc 0.3.1 352.30 NOTE
r-patched-solaris-x86 0.3.1 71.50 NOTE
r-release-linux-x86_64 0.3.1 4.40 24.59 29.00 NOTE
r-release-osx-x86_64-mavericks 0.3.1 NOTE
r-release-windows-ix86+x86_64 0.3.1 20.00 85.00 105.00 NOTE
r-oldrel-windows-ix86+x86_64 0.3.1 27.00 89.00 116.00 OK

Check Details

Version: 0.3.1
Check: DESCRIPTION meta-information
Result: NOTE
    Malformed Description field: should contain one or more complete sentences.
Flavors: r-devel-linux-x86_64-debian-clang, r-devel-linux-x86_64-debian-gcc, r-devel-linux-x86_64-fedora-clang, r-devel-linux-x86_64-fedora-gcc, r-devel-osx-x86_64-clang, r-devel-windows-ix86+x86_64, r-patched-linux-x86_64, r-patched-solaris-sparc, r-patched-solaris-x86, r-release-linux-x86_64, r-release-osx-x86_64-mavericks, r-release-windows-ix86+x86_64