CRAN Package Check Results for Package SpherWave

Last updated on 2015-07-28 09:47:21.

Flavor Version Tinstall Tcheck Ttotal Status Flags
r-devel-linux-x86_64-debian-clang 1.2.2 2.29 27.67 29.96 NOTE
r-devel-linux-x86_64-debian-gcc 1.2.2 2.25 27.45 29.70 NOTE
r-devel-linux-x86_64-fedora-clang 1.2.2 60.81 NOTE
r-devel-linux-x86_64-fedora-gcc 1.2.2 55.74 NOTE
r-devel-osx-x86_64-clang 1.2.2 54.95 OK
r-devel-windows-ix86+x86_64 1.2.2 8.00 84.00 92.00 NOTE
r-patched-linux-x86_64 1.2.2 2.28 26.70 28.99 OK
r-patched-solaris-sparc 1.2.2 389.40 OK
r-patched-solaris-x86 1.2.2 79.40 OK
r-release-linux-x86_64 1.2.2 2.32 27.16 29.48 OK
r-release-osx-x86_64-mavericks 1.2.2 OK
r-release-windows-ix86+x86_64 1.2.2 13.00 86.00 99.00 OK
r-oldrel-windows-ix86+x86_64 1.2.2 10.00 75.00 85.00 OK

Check Details

Version: 1.2.2
Check: R code for possible problems
Result: NOTE
    lambda.global: no visible global function definition for ‘mad’
    lambda.global: no visible global function definition for ‘quantile’
    lambda.global: no visible global function definition for ‘qnorm’
    lambda.global: no visible global function definition for ‘pnorm’
    ls.comp: no visible global function definition for ‘lsfit’
    modterritory: no visible global function definition for ‘median’
    newgotterritory: no visible global function definition for ‘median’
    newterritory: no visible global function definition for ‘median’
    ridge.comp: no visible global function definition for ‘lsfit’
    ridge.diacomp: no visible global function definition for ‘ls.diag’
    sw.plot: no visible global function definition for ‘par’
    sw.plot: no visible global function definition for ‘plot’
    sw.plot: no visible global function definition for ‘points’
    sw.plot: no visible global function definition for ‘image’
    sw.plot: no visible global function definition for ‘axis’
    sw.plot: no visible global function definition for ‘legend’
    sw.plot: no visible global function definition for ‘box’
    sw.plot: no visible global function definition for ‘title’
    thresh.level: no visible global function definition for ‘na.omit’
    thresh.level: no visible global function definition for ‘mad’
    thresh.level: no visible global function definition for ‘qnorm’
    thresh.level: no visible global function definition for ‘pnorm’
    Undefined global functions or variables:
     axis box image legend ls.diag lsfit mad median na.omit par plot pnorm
     points qnorm quantile title
    Consider adding
     importFrom("graphics", "axis", "box", "image", "legend", "par", "plot",
     "points", "title")
     importFrom("stats", "ls.diag", "lsfit", "mad", "median", "na.omit",
     "pnorm", "qnorm", "quantile")
    to your NAMESPACE.
Flavors: r-devel-linux-x86_64-debian-clang, r-devel-linux-x86_64-debian-gcc, r-devel-linux-x86_64-fedora-clang, r-devel-linux-x86_64-fedora-gcc, r-devel-windows-ix86+x86_64