CRAN Package Check Results for Package SpherWave

Last updated on 2015-05-27 15:47:10.

Flavor Version Tinstall Tcheck Ttotal Status Flags
r-devel-linux-x86_64-debian-clang 1.2.2 2.56 27.53 30.09 OK
r-devel-linux-x86_64-debian-gcc 1.2.2 2.28 26.92 29.20 OK
r-devel-linux-x86_64-fedora-clang 1.2.2 61.95 OK
r-devel-linux-x86_64-fedora-gcc 1.2.2 58.16 OK
r-devel-osx-x86_64-clang 1.2.2 55.11 OK
r-devel-windows-ix86+x86_64 1.2.2 9.00 57.00 66.00 OK
r-patched-linux-x86_64 1.2.2 2.29 26.99 29.28 OK
r-patched-solaris-sparc 1.2.2 392.60 OK
r-patched-solaris-x86 1.2.2 79.80 OK
r-release-linux-x86_64 1.2.2 2.25 26.71 28.96 OK
r-release-osx-x86_64-mavericks 1.2.2 OK
r-release-osx-x86_64-snowleopard 1.2.2 ERROR
r-release-windows-ix86+x86_64 1.2.2 10.00 58.00 68.00 OK
r-oldrel-windows-ix86+x86_64 1.2.2 11.00 103.00 114.00 OK

Check Details

Version: 1.2.2
Check: package dependencies
Result: ERROR
    Package required but not available: ‘fields’
    
    See section ‘The DESCRIPTION file’ in the ‘Writing R Extensions’
    manual.
Flavor: r-release-osx-x86_64-snowleopard