CRAN Package Check Results for Package SpherWave

Last updated on 2016-12-05 14:47:37.

Flavor Version Tinstall Tcheck Ttotal Status Flags
r-devel-linux-x86_64-debian-clang 1.2.2 2.33 28.60 30.93 WARN
r-devel-linux-x86_64-debian-gcc 1.2.2 2.27 28.42 30.70 WARN
r-devel-linux-x86_64-fedora-clang 1.2.2 60.14 WARN --no-stop-on-test-error
r-devel-linux-x86_64-fedora-gcc 1.2.2 57.81 WARN --no-stop-on-test-error
r-devel-macos-x86_64-clang 1.2.2 47.11 WARN
r-devel-windows-ix86+x86_64 1.2.2 8.00 89.00 97.00 WARN
r-patched-linux-x86_64 1.2.2 2.24 26.50 28.74 NOTE
r-patched-solaris-sparc 1.2.2 363.50 NOTE
r-patched-solaris-x86 1.2.2 68.20 NOTE
r-release-linux-x86_64 1.2.2 2.20 26.47 28.67 NOTE
r-release-osx-x86_64-mavericks 1.2.2 NOTE
r-release-windows-ix86+x86_64 1.2.2 12.00 59.00 71.00 NOTE
r-oldrel-windows-ix86+x86_64 1.2.2 12.00 67.00 79.00 OK

Check Details

Version: 1.2.2
Check: whether package can be installed
Result: WARN
    Found the following significant warnings:
     Warning: GNU Extension: Nonstandard type declaration REAL*8 at (1)
Flavors: r-devel-linux-x86_64-debian-clang, r-devel-linux-x86_64-debian-gcc, r-devel-macos-x86_64-clang, r-devel-windows-ix86+x86_64

Version: 1.2.2
Check: R code for possible problems
Result: NOTE
    lambda.global: no visible global function definition for ‘mad’
    lambda.global: no visible global function definition for ‘quantile’
    lambda.global: no visible global function definition for ‘qnorm’
    lambda.global: no visible global function definition for ‘pnorm’
    ls.comp: no visible global function definition for ‘lsfit’
    modterritory: no visible global function definition for ‘median’
    newgotterritory: no visible global function definition for ‘median’
    newterritory: no visible global function definition for ‘median’
    ridge.comp: no visible global function definition for ‘lsfit’
    ridge.diacomp: no visible global function definition for ‘ls.diag’
    sw.plot: no visible global function definition for ‘par’
    sw.plot: no visible global function definition for ‘plot’
    sw.plot: no visible global function definition for ‘points’
    sw.plot: no visible global function definition for ‘image’
    sw.plot: no visible global function definition for ‘axis’
    sw.plot: no visible global function definition for ‘legend’
    sw.plot: no visible global function definition for ‘box’
    sw.plot: no visible global function definition for ‘title’
    thresh.level: no visible global function definition for ‘na.omit’
    thresh.level: no visible global function definition for ‘mad’
    thresh.level: no visible global function definition for ‘qnorm’
    thresh.level: no visible global function definition for ‘pnorm’
    Undefined global functions or variables:
     axis box image legend ls.diag lsfit mad median na.omit par plot pnorm
     points qnorm quantile title
    Consider adding
     importFrom("graphics", "axis", "box", "image", "legend", "par", "plot",
     "points", "title")
     importFrom("stats", "ls.diag", "lsfit", "mad", "median", "na.omit",
     "pnorm", "qnorm", "quantile")
    to your NAMESPACE file.
Flavors: r-devel-linux-x86_64-debian-clang, r-devel-linux-x86_64-debian-gcc, r-devel-macos-x86_64-clang, r-devel-windows-ix86+x86_64, r-patched-linux-x86_64, r-patched-solaris-sparc, r-patched-solaris-x86, r-release-linux-x86_64, r-release-osx-x86_64-mavericks, r-release-windows-ix86+x86_64

Version: 1.2.2
Flags: --no-stop-on-test-error
Check: whether package can be installed
Result: WARN
    Found the following significant warnings:
     Warning: GNU Extension: Nonstandard type declaration REAL*8 at (1)
Flavors: r-devel-linux-x86_64-fedora-clang, r-devel-linux-x86_64-fedora-gcc

Version: 1.2.2
Flags: --no-stop-on-test-error
Check: R code for possible problems
Result: NOTE
    lambda.global: no visible global function definition for ‘mad’
    lambda.global: no visible global function definition for ‘quantile’
    lambda.global: no visible global function definition for ‘qnorm’
    lambda.global: no visible global function definition for ‘pnorm’
    ls.comp: no visible global function definition for ‘lsfit’
    modterritory: no visible global function definition for ‘median’
    newgotterritory: no visible global function definition for ‘median’
    newterritory: no visible global function definition for ‘median’
    ridge.comp: no visible global function definition for ‘lsfit’
    ridge.diacomp: no visible global function definition for ‘ls.diag’
    sw.plot: no visible global function definition for ‘par’
    sw.plot: no visible global function definition for ‘plot’
    sw.plot: no visible global function definition for ‘points’
    sw.plot: no visible global function definition for ‘image’
    sw.plot: no visible global function definition for ‘axis’
    sw.plot: no visible global function definition for ‘legend’
    sw.plot: no visible global function definition for ‘box’
    sw.plot: no visible global function definition for ‘title’
    thresh.level: no visible global function definition for ‘na.omit’
    thresh.level: no visible global function definition for ‘mad’
    thresh.level: no visible global function definition for ‘qnorm’
    thresh.level: no visible global function definition for ‘pnorm’
    Undefined global functions or variables:
     axis box image legend ls.diag lsfit mad median na.omit par plot pnorm
     points qnorm quantile title
    Consider adding
     importFrom("graphics", "axis", "box", "image", "legend", "par", "plot",
     "points", "title")
     importFrom("stats", "ls.diag", "lsfit", "mad", "median", "na.omit",
     "pnorm", "qnorm", "quantile")
    to your NAMESPACE file.
Flavors: r-devel-linux-x86_64-fedora-clang, r-devel-linux-x86_64-fedora-gcc