CRAN Package Check Results for Package SpherWave

Last updated on 2014-04-17 02:47:55.

Flavor Version Tinstall Tcheck Ttotal Status Flags
r-devel-linux-x86_64-debian-clang 1.2.2 2.78 32.11 34.89 OK
r-devel-linux-x86_64-debian-gcc 1.2.2 2.80 31.82 34.62 OK
r-devel-linux-x86_64-fedora-clang 1.2.2 71.43 OK
r-devel-linux-x86_64-fedora-gcc 1.2.2 69.38 OK
r-devel-macosx-x86_64-clang 1.2.2 64.91 OK
r-devel-macosx-x86_64-gcc 1.2.2 ERROR
r-devel-windows-ix86+x86_64 1.2.2 9.00 59.00 68.00 OK
r-patched-linux-x86_64 1.2.2 2.80 31.81 34.61 OK
r-patched-solaris-sparc 1.2.2 418.00 OK
r-patched-solaris-x86 1.2.2 92.20 OK
r-release-linux-ix86 1.2.2 6.00 56.00 62.00 OK
r-release-linux-x86_64 1.2.2 2.84 31.98 34.82 OK
r-release-macosx-x86_64 1.2.2 OK
r-release-windows-ix86+x86_64 1.2.2 9.00 56.00 65.00 OK
r-oldrel-windows-ix86+x86_64 1.2.2 9.00 53.00 62.00 OK

Check Details

Version: 1.2.2
Check: package dependencies
Result: ERROR
    Package required but not available: ‘fields’
    
    See the information on DESCRIPTION files in the chapter ‘Creating R
    packages’ of the ‘Writing R Extensions’ manual.
Flavor: r-devel-macosx-x86_64-gcc