CRAN Package Check Results for Package SpherWave

Last updated on 2015-04-27 05:47:48.

Flavor Version Tinstall Tcheck Ttotal Status Flags
r-devel-linux-x86_64-debian-clang 1.2.2 2.53 27.79 30.32 OK
r-devel-linux-x86_64-debian-gcc 1.2.2 2.36 27.81 30.18 OK
r-devel-linux-x86_64-fedora-clang 1.2.2 61.76 OK
r-devel-linux-x86_64-fedora-gcc 1.2.2 57.85 OK
r-devel-osx-x86_64-clang 1.2.2 54.22 OK
r-devel-windows-ix86+x86_64 1.2.2 8.00 78.00 86.00 OK
r-patched-linux-x86_64 1.2.2 2.26 26.88 29.13 OK
r-patched-solaris-sparc 1.2.2 391.00 OK
r-patched-solaris-x86 1.2.2 79.90 OK
r-release-linux-x86_64 1.2.2 2.27 26.86 29.13 OK
r-release-osx-x86_64-mavericks 1.2.2 OK
r-release-osx-x86_64-snowleopard 1.2.2 ERROR
r-release-windows-ix86+x86_64 1.2.2 8.00 56.00 64.00 OK
r-oldrel-windows-ix86+x86_64 1.2.2 8.00 86.00 94.00 OK

Check Details

Version: 1.2.2
Check: package dependencies
Result: ERROR
    Package required but not available: ‘fields’
    
    See section ‘The DESCRIPTION file’ in the ‘Writing R Extensions’
    manual.
Flavor: r-release-osx-x86_64-snowleopard