CRAN Package Check Results for Package SphericalCubature

Last updated on 2017-05-24 22:47:38.

Flavor Version Tinstall Tcheck Ttotal Status Flags
r-devel-linux-x86_64-debian-clang 1.3 1.37 27.87 29.24 OK
r-devel-linux-x86_64-debian-gcc 1.3 1.32 27.59 28.91 OK
r-devel-linux-x86_64-fedora-clang 1.3 53.84 OK --no-stop-on-test-error
r-devel-linux-x86_64-fedora-gcc 1.3 50.62 OK --no-stop-on-test-error
r-devel-windows-ix86+x86_64 1.3 5.00 56.00 61.00 OK
r-patched-linux-x86_64 1.3 1.32 26.98 28.30 OK
r-patched-solaris-sparc 1.3 315.90 OK
r-patched-solaris-x86 1.3 68.50 OK
r-release-linux-x86_64 1.3 1.27 26.28 27.54 OK
r-release-windows-ix86+x86_64 1.3 5.00 74.00 79.00 OK
r-release-osx-x86_64 1.3 ERROR
r-oldrel-windows-ix86+x86_64 1.3 8.00 73.00 81.00 OK
r-oldrel-osx-x86_64 1.3 OK

Check Details

Version: 1.3
Check: package dependencies
Result: ERROR
    Package required but not available: ‘mvmesh’
    
    See section ‘The DESCRIPTION file’ in the ‘Writing R Extensions’
    manual.
Flavor: r-release-osx-x86_64