CRAN Package Check Results for Package SphericalCubature

Last updated on 2014-07-23 22:47:09.

Flavor Version Tinstall Tcheck Ttotal Status Flags
r-devel-linux-x86_64-debian-clang 1.0.1 0.59 12.38 12.98 NOTE
r-devel-linux-x86_64-debian-gcc 1.0.1 0.56 12.44 13.00 NOTE
r-devel-linux-x86_64-fedora-clang 1.0.1 27.28 NOTE
r-devel-linux-x86_64-fedora-gcc 1.0.1 26.38 NOTE
r-devel-osx-x86_64-clang 1.0.1 27.04 NOTE
r-devel-windows-ix86+x86_64 1.0.1 2.00 21.00 23.00 NOTE
r-patched-linux-x86_64 1.0.1 0.56 12.67 13.23 NOTE
r-patched-solaris-sparc 1.0.1 155.00 NOTE
r-patched-solaris-x86 1.0.1 35.30 NOTE
r-release-linux-ix86 1.0.1 0.89 19.14 20.03 NOTE
r-release-linux-x86_64 1.0.1 0.59 12.82 13.40 NOTE
r-release-osx-x86_64-mavericks 1.0.1 NOTE
r-release-osx-x86_64-snowleopard 1.0.1 OK
r-release-windows-ix86+x86_64 1.0.1 3.00 22.00 25.00 NOTE
r-oldrel-windows-ix86+x86_64 1.0.1 2.00 23.00 25.00 NOTE

Check Details

Version: 1.0.1
Check: dependencies in R code
Result: NOTE
    Package in Depends field not imported from: ‘cubature’
     These packages need to be imported from (in the NAMESPACE file)
     for when this namespace is loaded but not attached.
    See the information on DESCRIPTION files in the chapter ‘Creating R
    packages’ of the ‘Writing R Extensions’ manual.
Flavors: r-devel-linux-x86_64-debian-clang, r-devel-linux-x86_64-debian-gcc, r-devel-linux-x86_64-fedora-clang, r-devel-linux-x86_64-fedora-gcc, r-devel-osx-x86_64-clang, r-devel-windows-ix86+x86_64, r-patched-linux-x86_64, r-patched-solaris-sparc, r-patched-solaris-x86, r-release-linux-ix86, r-release-linux-x86_64, r-release-osx-x86_64-mavericks, r-release-windows-ix86+x86_64, r-oldrel-windows-ix86+x86_64