CRAN Package Check Results for Package SphericalCubature

Last updated on 2016-05-03 23:47:06.

Flavor Version Tinstall Tcheck Ttotal Status Flags
r-devel-linux-x86_64-debian-gcc 1.0.1 0.63 12.22 12.85 NOTE
r-devel-linux-x86_64-fedora-clang 1.0.1 22.93 NOTE
r-devel-linux-x86_64-fedora-gcc 1.0.1 20.73 NOTE
r-devel-osx-x86_64-clang 1.0.1 26.71 NOTE
r-devel-windows-ix86+x86_64 1.0.1 3.00 32.00 35.00 NOTE
r-patched-linux-x86_64 1.0.1 0.56 12.46 13.02 NOTE
r-patched-solaris-sparc 1.0.1 146.00 NOTE
r-patched-solaris-x86 1.0.1 31.30 NOTE
r-release-linux-x86_64 1.0.1 0.68 13.01 13.69 NOTE
r-release-osx-x86_64-mavericks 1.0.1 NOTE
r-release-windows-ix86+x86_64 1.0.1 3.00 23.00 26.00 NOTE
r-oldrel-windows-ix86+x86_64 1.0.1 5.00 22.00 27.00 NOTE

Check Details

Version: 1.0.1
Check: dependencies in R code
Result: NOTE
    Package in Depends field not imported from: ‘cubature’
     These packages need to be imported from (in the NAMESPACE file)
     for when this namespace is loaded but not attached.
Flavors: r-devel-linux-x86_64-debian-gcc, r-devel-linux-x86_64-fedora-clang, r-devel-linux-x86_64-fedora-gcc, r-devel-osx-x86_64-clang, r-devel-windows-ix86+x86_64, r-patched-linux-x86_64, r-patched-solaris-sparc, r-patched-solaris-x86, r-release-linux-x86_64, r-release-osx-x86_64-mavericks, r-release-windows-ix86+x86_64, r-oldrel-windows-ix86+x86_64

Version: 1.0.1
Check: R code for possible problems
Result: NOTE
    adaptIntegrateBall: no visible global function definition for
     ‘adaptIntegrate’
    adaptIntegrateSphere: no visible global function definition for
     ‘integrate’
    adaptIntegrateSphere: no visible global function definition for
     ‘adaptIntegrate’
    Undefined global functions or variables:
     adaptIntegrate integrate
    Consider adding
     importFrom("stats", "integrate")
    to your NAMESPACE file.
Flavors: r-devel-linux-x86_64-debian-gcc, r-devel-linux-x86_64-fedora-clang, r-devel-linux-x86_64-fedora-gcc, r-devel-osx-x86_64-clang, r-devel-windows-ix86+x86_64, r-patched-linux-x86_64, r-patched-solaris-sparc, r-patched-solaris-x86

Version: 1.0.1
Check: R code for possible problems
Result: NOTE
    adaptIntegrateBall: no visible global function definition for
     ‘adaptIntegrate’
    adaptIntegrateSphere: no visible global function definition for
     ‘adaptIntegrate’
Flavors: r-release-linux-x86_64, r-release-osx-x86_64-mavericks, r-release-windows-ix86+x86_64, r-oldrel-windows-ix86+x86_64