CRAN Package Check Results for Package SphericalCubature

Last updated on 2015-04-19 10:52:04.

Flavor Version Tinstall Tcheck Ttotal Status Flags
r-devel-linux-x86_64-debian-clang 1.0.1 0.73 12.38 13.11 NOTE
r-devel-linux-x86_64-debian-gcc 1.0.1 0.56 12.96 13.51 NOTE
r-devel-linux-x86_64-fedora-clang 1.0.1 25.49 NOTE
r-devel-linux-x86_64-fedora-gcc 1.0.1 24.51 NOTE
r-devel-osx-x86_64-clang 1.0.1 30.43 NOTE
r-devel-windows-ix86+x86_64 1.0.1 2.00 21.00 23.00 NOTE
r-patched-linux-x86_64 1.0.1 0.56 12.39 12.95 NOTE
r-patched-solaris-sparc 1.0.1 173.30 NOTE
r-patched-solaris-x86 1.0.1 34.30 NOTE
r-release-linux-x86_64 1.0.1 0.59 12.23 12.82 NOTE
r-release-osx-x86_64-mavericks 1.0.1 NOTE
r-release-osx-x86_64-snowleopard 1.0.1 NOTE
r-release-windows-ix86+x86_64 1.0.1 2.00 25.00 27.00 NOTE
r-oldrel-windows-ix86+x86_64 1.0.1 5.00 22.00 27.00 NOTE

Check Details

Version: 1.0.1
Check: dependencies in R code
Result: NOTE
    Package in Depends field not imported from: ‘cubature’
     These packages need to be imported from (in the NAMESPACE file)
     for when this namespace is loaded but not attached.
Flavors: r-devel-linux-x86_64-debian-clang, r-devel-linux-x86_64-debian-gcc, r-devel-linux-x86_64-fedora-clang, r-devel-linux-x86_64-fedora-gcc, r-devel-osx-x86_64-clang, r-devel-windows-ix86+x86_64, r-patched-linux-x86_64, r-patched-solaris-sparc, r-patched-solaris-x86, r-release-linux-x86_64, r-release-osx-x86_64-mavericks, r-release-osx-x86_64-snowleopard, r-release-windows-ix86+x86_64, r-oldrel-windows-ix86+x86_64

Version: 1.0.1
Check: R code for possible problems
Result: NOTE
    adaptIntegrateBall: no visible global function definition for
     ‘adaptIntegrate’
    adaptIntegrateSphere: no visible global function definition for
     ‘adaptIntegrate’
Flavors: r-devel-linux-x86_64-debian-clang, r-devel-linux-x86_64-debian-gcc, r-devel-linux-x86_64-fedora-clang, r-devel-linux-x86_64-fedora-gcc, r-devel-osx-x86_64-clang, r-devel-windows-ix86+x86_64, r-patched-linux-x86_64, r-patched-solaris-sparc, r-patched-solaris-x86, r-release-linux-x86_64, r-release-osx-x86_64-mavericks, r-release-osx-x86_64-snowleopard, r-release-windows-ix86+x86_64, r-oldrel-windows-ix86+x86_64