CRAN Package Check Results for Package SphericalCubature

Last updated on 2017-06-23 01:47:37.

Flavor Version Tinstall Tcheck Ttotal Status Flags
r-devel-linux-x86_64-debian-clang 1.3 1.43 28.79 30.22 OK
r-devel-linux-x86_64-debian-gcc 1.3 1.17 27.80 28.96 OK
r-devel-linux-x86_64-fedora-clang 1.3 53.65 OK
r-devel-linux-x86_64-fedora-gcc 1.3 51.18 OK
r-devel-windows-ix86+x86_64 1.3 9.00 60.00 69.00 OK
r-patched-linux-x86_64 1.3 1.39 27.59 28.98 OK
r-patched-solaris-sparc 1.3 315.90 OK
r-patched-solaris-x86 1.3 67.40 OK
r-release-linux-x86_64 1.3 1.36 27.14 28.51 OK
r-release-windows-ix86+x86_64 1.3 9.00 105.00 114.00 OK
r-release-osx-x86_64 1.3 ERROR
r-oldrel-windows-ix86+x86_64 1.3 9.00 54.00 63.00 OK
r-oldrel-osx-x86_64 1.3 OK

Check Details

Version: 1.3
Check: package dependencies
Result: ERROR
    Package required but not available: ‘mvmesh’
    
    See section ‘The DESCRIPTION file’ in the ‘Writing R Extensions’
    manual.
Flavor: r-release-osx-x86_64