CRAN Package Check Results for Package SphericalCubature

Last updated on 2014-04-24 09:49:11.

Flavor Version Tinstall Tcheck Ttotal Status Flags
r-devel-linux-x86_64-debian-clang 1.0.1 0.61 12.85 13.46 NOTE
r-devel-linux-x86_64-debian-gcc 1.0.1 0.60 12.86 13.46 NOTE
r-devel-linux-x86_64-fedora-clang 1.0.1 26.59 NOTE
r-devel-linux-x86_64-fedora-gcc 1.0.1 25.37 NOTE
r-devel-osx-x86_64-clang 1.0.1 25.51 NOTE
r-devel-osx-x86_64-gcc 1.0.1 NOTE
r-devel-windows-ix86+x86_64 1.0.1 3.00 20.00 23.00 NOTE
r-patched-linux-x86_64 1.0.1 0.61 12.77 13.38 NOTE
r-patched-solaris-sparc 1.0.1 155.00 NOTE
r-patched-solaris-x86 1.0.1 37.40 NOTE
r-release-linux-ix86 1.0.1 1.00 27.00 28.00 NOTE
r-release-linux-x86_64 1.0.1 0.60 12.65 13.25 NOTE
r-release-osx-x86_64-mavericks 1.0.1 NOTE
r-release-osx-x86_64-snowleopard 1.0.1 OK
r-release-windows-ix86+x86_64 1.0.1 5.00 28.00 33.00 NOTE
r-oldrel-windows-ix86+x86_64 1.0.1 2.00 23.00 25.00 NOTE

Check Details

Version: 1.0.1
Check: dependencies in R code
Result: NOTE
    Package in Depends field not imported from: ‘cubature’
     These packages need to be imported from (in the NAMESPACE file)
     for when this namespace is loaded but not attached.
    See the information on DESCRIPTION files in the chapter ‘Creating R
    packages’ of the ‘Writing R Extensions’ manual.
Flavors: r-devel-linux-x86_64-debian-clang, r-devel-linux-x86_64-debian-gcc, r-devel-linux-x86_64-fedora-clang, r-devel-linux-x86_64-fedora-gcc, r-devel-osx-x86_64-clang, r-devel-osx-x86_64-gcc, r-devel-windows-ix86+x86_64, r-patched-linux-x86_64, r-patched-solaris-sparc, r-patched-solaris-x86, r-release-linux-ix86, r-release-linux-x86_64, r-release-osx-x86_64-mavericks, r-release-windows-ix86+x86_64, r-oldrel-windows-ix86+x86_64