CRAN Package Check Results for Package SphericalCubature

Last updated on 2014-09-03 01:48:00.

Flavor Version Tinstall Tcheck Ttotal Status Flags
r-devel-linux-x86_64-debian-clang 1.0.1 0.54 12.43 12.97 NOTE
r-devel-linux-x86_64-debian-gcc 1.0.1 0.53 11.79 12.32 NOTE
r-devel-linux-x86_64-fedora-clang 1.0.1 26.71 NOTE
r-devel-linux-x86_64-fedora-gcc 1.0.1 24.49 NOTE
r-devel-osx-x86_64-clang 1.0.1 26.16 NOTE
r-devel-windows-ix86+x86_64 1.0.1 2.00 20.00 22.00 NOTE
r-patched-linux-x86_64 1.0.1 0.56 12.65 13.21 NOTE
r-patched-solaris-sparc 1.0.1 168.90 NOTE
r-patched-solaris-x86 1.0.1 35.90 NOTE
r-release-linux-ix86 1.0.1 0.90 18.86 19.75 NOTE
r-release-linux-x86_64 1.0.1 0.59 12.91 13.50 NOTE
r-release-osx-x86_64-mavericks 1.0.1 NOTE
r-release-osx-x86_64-snowleopard 1.0.1 OK
r-release-windows-ix86+x86_64 1.0.1 3.00 22.00 25.00 NOTE
r-oldrel-windows-ix86+x86_64 1.0.1 2.00 23.00 25.00 NOTE

Check Details

Version: 1.0.1
Check: dependencies in R code
Result: NOTE
    Package in Depends field not imported from: ‘cubature’
     These packages need to be imported from (in the NAMESPACE file)
     for when this namespace is loaded but not attached.
    See the information on DESCRIPTION files in the chapter ‘Creating R
    packages’ of the ‘Writing R Extensions’ manual.
Flavors: r-devel-linux-x86_64-debian-clang, r-devel-linux-x86_64-debian-gcc, r-devel-linux-x86_64-fedora-clang, r-devel-linux-x86_64-fedora-gcc, r-devel-osx-x86_64-clang, r-devel-windows-ix86+x86_64, r-patched-linux-x86_64, r-patched-solaris-sparc, r-patched-solaris-x86, r-release-linux-ix86, r-release-linux-x86_64, r-release-osx-x86_64-mavericks, r-release-windows-ix86+x86_64, r-oldrel-windows-ix86+x86_64

Version: 1.0.1
Check: R code for possible problems
Result: NOTE
    adaptIntegrateBall: no visible global function definition for
     ‘adaptIntegrate’
    adaptIntegrateSphere: no visible global function definition for
     ‘adaptIntegrate’
Flavors: r-devel-linux-x86_64-debian-clang, r-devel-linux-x86_64-debian-gcc, r-devel-linux-x86_64-fedora-clang, r-devel-linux-x86_64-fedora-gcc, r-devel-osx-x86_64-clang, r-devel-windows-ix86+x86_64