CRAN Package Check Results for Package SphericalCubature

Last updated on 2015-03-03 14:47:37.

Flavor Version Tinstall Tcheck Ttotal Status Flags
r-devel-linux-x86_64-debian-clang 1.0.1 0.70 13.24 13.94 NOTE
r-devel-linux-x86_64-debian-gcc 1.0.1 0.55 12.50 13.05 NOTE
r-devel-linux-x86_64-fedora-clang 1.0.1 25.46 NOTE
r-devel-linux-x86_64-fedora-gcc 1.0.1 25.05 NOTE
r-devel-osx-x86_64-clang 1.0.1 28.75 NOTE
r-devel-windows-ix86+x86_64 1.0.1 3.00 20.00 23.00 NOTE
r-patched-linux-x86_64 1.0.1 0.65 13.32 13.98 NOTE
r-patched-solaris-sparc 1.0.1 171.70 NOTE
r-patched-solaris-x86 1.0.1 39.20 NOTE
r-release-linux-ix86 1.0.1 0.91 19.97 20.88 NOTE
r-release-linux-x86_64 1.0.1 0.72 13.28 14.00 NOTE
r-release-osx-x86_64-mavericks 1.0.1 NOTE
r-release-osx-x86_64-snowleopard 1.0.1 OK
r-release-windows-ix86+x86_64 1.0.1 3.00 23.00 26.00 NOTE
r-oldrel-windows-ix86+x86_64 1.0.1 2.00 23.00 25.00 NOTE

Check Details

Version: 1.0.1
Check: dependencies in R code
Result: NOTE
    Package in Depends field not imported from: ‘cubature’
     These packages need to be imported from (in the NAMESPACE file)
     for when this namespace is loaded but not attached.
Flavors: r-devel-linux-x86_64-debian-clang, r-devel-linux-x86_64-debian-gcc, r-devel-linux-x86_64-fedora-clang, r-devel-linux-x86_64-fedora-gcc, r-devel-osx-x86_64-clang, r-devel-windows-ix86+x86_64, r-patched-linux-x86_64, r-patched-solaris-sparc, r-patched-solaris-x86

Version: 1.0.1
Check: R code for possible problems
Result: NOTE
    adaptIntegrateBall: no visible global function definition for
     ‘adaptIntegrate’
    adaptIntegrateSphere: no visible global function definition for
     ‘adaptIntegrate’
Flavors: r-devel-linux-x86_64-debian-clang, r-devel-linux-x86_64-debian-gcc, r-devel-linux-x86_64-fedora-clang, r-devel-linux-x86_64-fedora-gcc, r-devel-osx-x86_64-clang, r-devel-windows-ix86+x86_64, r-patched-linux-x86_64, r-patched-solaris-sparc, r-patched-solaris-x86, r-release-linux-ix86, r-release-linux-x86_64, r-release-osx-x86_64-mavericks, r-release-windows-ix86+x86_64

Version: 1.0.1
Check: dependencies in R code
Result: NOTE
    Package in Depends field not imported from: ‘cubature’
     These packages need to be imported from (in the NAMESPACE file)
     for when this namespace is loaded but not attached.
    See the information on DESCRIPTION files in the chapter ‘Creating R
    packages’ of the ‘Writing R Extensions’ manual.
Flavors: r-release-linux-ix86, r-release-linux-x86_64, r-release-osx-x86_64-mavericks, r-release-windows-ix86+x86_64, r-oldrel-windows-ix86+x86_64