CRAN Package Check Results for Package SpiceFP

Last updated on 2021-12-05 20:48:51 CET.

Flavor Version Tinstall Tcheck Ttotal Status Flags
r-devel-linux-x86_64-debian-clang 0.1.0 9.99 98.54 108.53 OK
r-devel-linux-x86_64-debian-gcc 0.1.0 8.50 75.49 83.99 OK
r-devel-linux-x86_64-fedora-clang 0.1.0 137.15 NOTE
r-devel-linux-x86_64-fedora-gcc 0.1.0 119.26 NOTE
r-devel-windows-x86_64-new-UL 0.1.0 21.00 161.00 182.00 OK
r-devel-windows-x86_64-new-TK 0.1.0 NOTE
r-devel-windows-x86_64-old 0.1.0 16.00 100.00 116.00 OK
r-patched-linux-x86_64 0.1.0 9.08 85.98 95.06 OK
r-release-linux-x86_64 0.1.0 9.27 94.29 103.56 OK
r-release-macos-arm64 0.1.0 NOTE
r-release-macos-x86_64 0.1.0 NOTE
r-release-windows-ix86+x86_64 0.1.0 23.00 118.00 141.00 OK
r-oldrel-macos-x86_64 0.1.0 NOTE
r-oldrel-windows-ix86+x86_64 0.1.0 23.00 126.00 149.00 OK

Check Details

Version: 0.1.0
Check: dependencies in R code
Result: NOTE
    Namespace in Imports field not imported from: ‘gplots’
     All declared Imports should be used.
Flavors: r-devel-linux-x86_64-fedora-clang, r-devel-linux-x86_64-fedora-gcc, r-devel-windows-x86_64-new-TK, r-release-macos-arm64, r-release-macos-x86_64, r-oldrel-macos-x86_64