CRAN Package Check Results for Package SportsAnalytics

Last updated on 2015-03-26 21:47:09.

Flavor Version Tinstall Tcheck Ttotal Status Flags
r-devel-linux-x86_64-debian-clang 0.2 0.58 10.94 11.52 NOTE
r-devel-linux-x86_64-debian-gcc 0.2 0.58 10.58 11.16 NOTE
r-devel-linux-x86_64-fedora-clang 0.2 22.29 NOTE
r-devel-linux-x86_64-fedora-gcc 0.2 21.30 NOTE
r-devel-osx-x86_64-clang 0.2 28.61 NOTE
r-prerel-windows-ix86+x86_64 0.2 2.00 18.00 20.00 NOTE
r-prerel-linux-x86_64 0.2 0.69 10.40 11.09 NOTE
r-prerel-solaris-sparc 0.2 151.80 NOTE
r-prerel-solaris-x86 0.2 32.00 NOTE
r-release-linux-x86_64 0.2 0.69 11.67 12.36 NOTE
r-release-osx-x86_64-mavericks 0.2 NOTE
r-release-windows-ix86+x86_64 0.2 2.00 20.00 22.00 NOTE
r-oldrel-windows-ix86+x86_64 0.2 3.00 20.00 23.00 NOTE

Check Details

Version: 0.2
Check: dependencies in R code
Result: NOTE
    Package in Depends field not imported from: ‘methods’
     These packages need to be imported from (in the NAMESPACE file)
     for when this namespace is loaded but not attached.
Flavors: r-devel-linux-x86_64-debian-clang, r-devel-linux-x86_64-debian-gcc, r-devel-linux-x86_64-fedora-clang, r-devel-linux-x86_64-fedora-gcc, r-devel-osx-x86_64-clang, r-prerel-windows-ix86+x86_64, r-prerel-linux-x86_64, r-prerel-solaris-sparc, r-prerel-solaris-x86, r-release-linux-x86_64, r-release-windows-ix86+x86_64

Version: 0.2
Check: data for non-ASCII characters
Result: NOTE
     Note: found 8 marked Latin-1 strings
     Note: found 83 marked UTF-8 strings
Flavors: r-devel-linux-x86_64-debian-clang, r-devel-linux-x86_64-debian-gcc, r-devel-linux-x86_64-fedora-clang, r-devel-linux-x86_64-fedora-gcc, r-devel-osx-x86_64-clang, r-prerel-windows-ix86+x86_64, r-prerel-linux-x86_64, r-prerel-solaris-sparc, r-prerel-solaris-x86, r-release-linux-x86_64, r-release-osx-x86_64-mavericks, r-release-windows-ix86+x86_64, r-oldrel-windows-ix86+x86_64

Version: 0.2
Check: dependencies in R code
Result: NOTE
    Package in Depends field not imported from: ‘methods’
     These packages need to be imported from (in the NAMESPACE file)
     for when this namespace is loaded but not attached.
    See the information on DESCRIPTION files in the chapter ‘Creating R
    packages’ of the ‘Writing R Extensions’ manual.
Flavors: r-release-osx-x86_64-mavericks, r-oldrel-windows-ix86+x86_64