CRAN Package Check Results for Package SportsAnalytics

Last updated on 2015-04-28 08:50:35.

Flavor Version Tinstall Tcheck Ttotal Status Flags
r-devel-linux-x86_64-debian-clang 0.2 0.63 10.66 11.28 NOTE
r-devel-linux-x86_64-debian-gcc 0.2 0.58 11.03 11.62 NOTE
r-devel-linux-x86_64-fedora-clang 0.2 22.32 NOTE
r-devel-linux-x86_64-fedora-gcc 0.2 20.91 NOTE
r-devel-osx-x86_64-clang 0.2 24.84 NOTE
r-devel-windows-ix86+x86_64 0.2 2.00 20.00 22.00 NOTE
r-patched-linux-x86_64 0.2 0.58 11.28 11.86 NOTE
r-patched-solaris-sparc 0.2 151.80 NOTE
r-patched-solaris-x86 0.2 33.40 NOTE
r-release-linux-x86_64 0.2 0.64 10.64 11.28 NOTE
r-release-osx-x86_64-mavericks 0.2 NOTE
r-release-osx-x86_64-snowleopard 0.2 NOTE
r-release-windows-ix86+x86_64 0.2 2.00 20.00 22.00 NOTE
r-oldrel-windows-ix86+x86_64 0.2 2.00 18.00 20.00 NOTE

Check Details

Version: 0.2
Check: dependencies in R code
Result: NOTE
    Package in Depends field not imported from: ‘methods’
     These packages need to be imported from (in the NAMESPACE file)
     for when this namespace is loaded but not attached.
Flavors: r-devel-linux-x86_64-debian-clang, r-devel-linux-x86_64-debian-gcc, r-devel-linux-x86_64-fedora-clang, r-devel-linux-x86_64-fedora-gcc, r-devel-osx-x86_64-clang, r-devel-windows-ix86+x86_64, r-patched-solaris-sparc, r-patched-solaris-x86, r-release-linux-x86_64, r-release-osx-x86_64-mavericks, r-release-osx-x86_64-snowleopard, r-release-windows-ix86+x86_64, r-oldrel-windows-ix86+x86_64

Version: 0.2
Check: data for non-ASCII characters
Result: NOTE
     Note: found 8 marked Latin-1 strings
     Note: found 83 marked UTF-8 strings
Flavors: r-devel-linux-x86_64-debian-clang, r-devel-linux-x86_64-debian-gcc, r-devel-linux-x86_64-fedora-clang, r-devel-linux-x86_64-fedora-gcc, r-devel-osx-x86_64-clang, r-devel-windows-ix86+x86_64, r-patched-solaris-sparc, r-patched-solaris-x86, r-release-linux-x86_64, r-release-osx-x86_64-mavericks, r-release-osx-x86_64-snowleopard, r-release-windows-ix86+x86_64, r-oldrel-windows-ix86+x86_64