CRAN Package Check Results for Package SportsAnalytics

Last updated on 2015-01-29 12:48:16.

Flavor Version Tinstall Tcheck Ttotal Status Flags
r-devel-linux-x86_64-debian-clang 0.2 0.61 10.89 11.50 NOTE
r-devel-linux-x86_64-debian-gcc 0.2 0.59 11.35 11.94 NOTE
r-devel-linux-x86_64-fedora-clang 0.2 26.67 NOTE
r-devel-linux-x86_64-fedora-gcc 0.2 24.84 NOTE
r-devel-osx-x86_64-clang 0.2 26.96 NOTE
r-devel-windows-ix86+x86_64 0.2 3.00 17.00 20.00 NOTE
r-patched-linux-x86_64 0.2 0.72 11.75 12.47 NOTE
r-patched-solaris-sparc 0.2 175.70 NOTE
r-patched-solaris-x86 0.2 38.20 NOTE
r-release-linux-ix86 0.2 0.96 17.51 18.47 NOTE
r-release-linux-x86_64 0.2 0.66 11.53 12.19 NOTE
r-release-osx-x86_64-mavericks 0.2 NOTE
r-release-windows-ix86+x86_64 0.2 3.00 20.00 23.00 NOTE
r-oldrel-windows-ix86+x86_64 0.2 3.00 20.00 23.00 NOTE

Check Details

Version: 0.2
Check: dependencies in R code
Result: NOTE
    Package in Depends field not imported from: ‘methods’
     These packages need to be imported from (in the NAMESPACE file)
     for when this namespace is loaded but not attached.
Flavors: r-devel-linux-x86_64-debian-clang, r-devel-linux-x86_64-debian-gcc, r-devel-linux-x86_64-fedora-clang, r-devel-linux-x86_64-fedora-gcc, r-devel-osx-x86_64-clang, r-devel-windows-ix86+x86_64

Version: 0.2
Check: data for non-ASCII characters
Result: NOTE
     Note: found 8 marked Latin-1 strings
     Note: found 83 marked UTF-8 strings
Flavors: r-devel-linux-x86_64-debian-clang, r-devel-linux-x86_64-debian-gcc, r-devel-linux-x86_64-fedora-clang, r-devel-linux-x86_64-fedora-gcc, r-devel-osx-x86_64-clang, r-devel-windows-ix86+x86_64, r-patched-linux-x86_64, r-patched-solaris-sparc, r-patched-solaris-x86, r-release-linux-ix86, r-release-linux-x86_64, r-release-osx-x86_64-mavericks, r-release-windows-ix86+x86_64, r-oldrel-windows-ix86+x86_64

Version: 0.2
Check: dependencies in R code
Result: NOTE
    Package in Depends field not imported from: ‘methods’
     These packages need to be imported from (in the NAMESPACE file)
     for when this namespace is loaded but not attached.
    See the information on DESCRIPTION files in the chapter ‘Creating R
    packages’ of the ‘Writing R Extensions’ manual.
Flavors: r-patched-linux-x86_64, r-patched-solaris-sparc, r-patched-solaris-x86, r-release-linux-ix86, r-release-linux-x86_64, r-release-osx-x86_64-mavericks, r-release-windows-ix86+x86_64, r-oldrel-windows-ix86+x86_64