CRAN Package Check Results for Package SportsAnalytics

Last updated on 2018-01-19 05:50:17 CET.

Flavor Version Tinstall Tcheck Ttotal Status Flags
r-devel-linux-x86_64-debian-clang 0.2 0.58 18.23 18.81 NOTE
r-devel-linux-x86_64-debian-gcc 0.2 0.56 16.08 16.64 NOTE
r-devel-linux-x86_64-fedora-clang 0.2 24.67 NOTE
r-devel-linux-x86_64-fedora-gcc 0.2 24.02 NOTE
r-devel-windows-ix86+x86_64 0.2 6.00 33.00 39.00 NOTE
r-patched-linux-x86_64 0.2 0.98 18.82 19.80 NOTE
r-patched-solaris-x86 0.2 39.40 NOTE
r-release-linux-x86_64 0.2 0.84 18.84 19.68 NOTE
r-release-windows-ix86+x86_64 0.2 2.00 31.00 33.00 NOTE
r-release-osx-x86_64 0.2 NOTE
r-oldrel-windows-ix86+x86_64 0.2 4.00 36.00 40.00 NOTE
r-oldrel-osx-x86_64 0.2 NOTE

Check Details

Version: 0.2
Check: dependencies in R code
Result: NOTE
    Package in Depends field not imported from: ‘methods’
     These packages need to be imported from (in the NAMESPACE file)
     for when this namespace is loaded but not attached.
Flavors: r-devel-linux-x86_64-debian-clang, r-devel-linux-x86_64-debian-gcc, r-devel-linux-x86_64-fedora-clang, r-devel-linux-x86_64-fedora-gcc, r-devel-windows-ix86+x86_64, r-patched-linux-x86_64, r-patched-solaris-x86, r-release-linux-x86_64, r-release-windows-ix86+x86_64, r-release-osx-x86_64, r-oldrel-windows-ix86+x86_64, r-oldrel-osx-x86_64

Version: 0.2
Check: R code for possible problems
Result: NOTE
    fetch_NBAPlayerStatistics: no visible global function definition for
     ‘read.table’
    Undefined global functions or variables:
     read.table
    Consider adding
     importFrom("utils", "read.table")
    to your NAMESPACE file.
Flavors: r-devel-linux-x86_64-debian-clang, r-devel-linux-x86_64-debian-gcc, r-devel-linux-x86_64-fedora-clang, r-devel-linux-x86_64-fedora-gcc, r-devel-windows-ix86+x86_64, r-patched-linux-x86_64, r-patched-solaris-x86, r-release-linux-x86_64, r-release-windows-ix86+x86_64, r-release-osx-x86_64, r-oldrel-windows-ix86+x86_64, r-oldrel-osx-x86_64

Version: 0.2
Check: data for non-ASCII characters
Result: NOTE
     Note: found 8 marked Latin-1 strings
     Note: found 83 marked UTF-8 strings
Flavors: r-devel-linux-x86_64-fedora-clang, r-devel-linux-x86_64-fedora-gcc, r-patched-solaris-x86, r-release-osx-x86_64, r-oldrel-osx-x86_64