CRAN Package Check Results for Package SportsAnalytics

Last updated on 2014-07-23 23:48:32.

Flavor Version Tinstall Tcheck Ttotal Status Flags
r-devel-linux-x86_64-debian-clang 0.2 0.60 10.76 11.36 NOTE
r-devel-linux-x86_64-debian-gcc 0.2 0.58 10.75 11.34 NOTE
r-devel-linux-x86_64-fedora-clang 0.2 24.87 NOTE
r-devel-linux-x86_64-fedora-gcc 0.2 23.93 NOTE
r-devel-osx-x86_64-clang 0.2 26.19 NOTE
r-devel-windows-ix86+x86_64 0.2 2.00 20.00 22.00 NOTE
r-patched-linux-x86_64 0.2 0.83 11.18 12.00 NOTE
r-patched-solaris-sparc 0.2 140.00 NOTE
r-patched-solaris-x86 0.2 36.70 NOTE
r-release-linux-ix86 0.2 0.94 17.94 18.87 NOTE
r-release-linux-x86_64 0.2 0.79 11.09 11.88 NOTE
r-release-osx-x86_64-mavericks 0.2 NOTE
r-release-windows-ix86+x86_64 0.2 2.00 19.00 21.00 NOTE
r-oldrel-windows-ix86+x86_64 0.2 2.00 20.00 22.00 NOTE

Check Details

Version: 0.2
Check: dependencies in R code
Result: NOTE
    Package in Depends field not imported from: ‘methods’
     These packages need to be imported from (in the NAMESPACE file)
     for when this namespace is loaded but not attached.
    See the information on DESCRIPTION files in the chapter ‘Creating R
    packages’ of the ‘Writing R Extensions’ manual.
Flavors: r-devel-linux-x86_64-debian-clang, r-devel-linux-x86_64-debian-gcc, r-devel-linux-x86_64-fedora-clang, r-devel-linux-x86_64-fedora-gcc, r-devel-osx-x86_64-clang, r-devel-windows-ix86+x86_64, r-patched-linux-x86_64, r-patched-solaris-sparc, r-patched-solaris-x86, r-release-linux-ix86, r-release-linux-x86_64, r-release-osx-x86_64-mavericks, r-release-windows-ix86+x86_64, r-oldrel-windows-ix86+x86_64

Version: 0.2
Check: data for non-ASCII characters
Result: NOTE
     Note: found 8 marked Latin-1 strings
     Note: found 83 marked UTF-8 strings
Flavors: r-devel-linux-x86_64-debian-clang, r-devel-linux-x86_64-debian-gcc, r-devel-linux-x86_64-fedora-clang, r-devel-linux-x86_64-fedora-gcc, r-devel-osx-x86_64-clang, r-devel-windows-ix86+x86_64, r-patched-linux-x86_64, r-patched-solaris-sparc, r-patched-solaris-x86, r-release-linux-ix86, r-release-linux-x86_64, r-release-osx-x86_64-mavericks, r-release-windows-ix86+x86_64, r-oldrel-windows-ix86+x86_64