CRAN Package Check Results for Package SportsAnalytics

Last updated on 2014-08-29 11:55:03.

Flavor Version Tinstall Tcheck Ttotal Status Flags
r-devel-linux-x86_64-debian-clang 0.2 0.59 10.24 10.83 NOTE
r-devel-linux-x86_64-debian-gcc 0.2 0.71 10.38 11.09 NOTE
r-devel-linux-x86_64-fedora-clang 0.2 25.26 NOTE
r-devel-linux-x86_64-fedora-gcc 0.2 22.74 NOTE
r-devel-osx-x86_64-clang 0.2 24.67 NOTE
r-devel-windows-ix86+x86_64 0.2 2.00 17.00 19.00 NOTE
r-patched-linux-x86_64 0.2 0.60 11.25 11.85 NOTE
r-patched-solaris-sparc 0.2 162.60 NOTE
r-patched-solaris-x86 0.2 37.00 NOTE
r-release-linux-ix86 0.2 0.94 18.22 19.16 NOTE
r-release-linux-x86_64 0.2 0.63 11.57 12.20 NOTE
r-release-osx-x86_64-mavericks 0.2 NOTE
r-release-windows-ix86+x86_64 0.2 2.00 19.00 21.00 NOTE
r-oldrel-windows-ix86+x86_64 0.2 3.00 20.00 23.00 NOTE

Check Details

Version: 0.2
Check: dependencies in R code
Result: NOTE
    Package in Depends field not imported from: ‘methods’
     These packages need to be imported from (in the NAMESPACE file)
     for when this namespace is loaded but not attached.
    See the information on DESCRIPTION files in the chapter ‘Creating R
    packages’ of the ‘Writing R Extensions’ manual.
Flavors: r-devel-linux-x86_64-debian-clang, r-devel-linux-x86_64-debian-gcc, r-devel-linux-x86_64-fedora-clang, r-devel-linux-x86_64-fedora-gcc, r-devel-osx-x86_64-clang, r-devel-windows-ix86+x86_64, r-patched-linux-x86_64, r-patched-solaris-sparc, r-patched-solaris-x86, r-release-linux-ix86, r-release-linux-x86_64, r-release-osx-x86_64-mavericks, r-release-windows-ix86+x86_64, r-oldrel-windows-ix86+x86_64

Version: 0.2
Check: data for non-ASCII characters
Result: NOTE
     Note: found 8 marked Latin-1 strings
     Note: found 83 marked UTF-8 strings
Flavors: r-devel-linux-x86_64-debian-clang, r-devel-linux-x86_64-debian-gcc, r-devel-linux-x86_64-fedora-clang, r-devel-linux-x86_64-fedora-gcc, r-devel-osx-x86_64-clang, r-devel-windows-ix86+x86_64, r-patched-linux-x86_64, r-patched-solaris-sparc, r-patched-solaris-x86, r-release-linux-ix86, r-release-linux-x86_64, r-release-osx-x86_64-mavericks, r-release-windows-ix86+x86_64, r-oldrel-windows-ix86+x86_64