CRAN Package Check Results for Package SportsAnalytics

Last updated on 2016-12-08 02:48:46.

Flavor Version Tinstall Tcheck Ttotal Status Flags
r-devel-linux-x86_64-debian-clang 0.2 0.66 12.63 13.29 NOTE
r-devel-linux-x86_64-debian-gcc 0.2 0.62 12.81 13.43 NOTE
r-devel-linux-x86_64-fedora-clang 0.2 23.99 NOTE --no-stop-on-test-error
r-devel-linux-x86_64-fedora-gcc 0.2 22.77 NOTE --no-stop-on-test-error
r-devel-macos-x86_64-clang 0.2 20.85 NOTE
r-devel-windows-ix86+x86_64 0.2 2.00 27.00 29.00 NOTE
r-patched-linux-x86_64 0.2 0.58 10.71 11.29 NOTE
r-patched-solaris-sparc 0.2 125.20 NOTE
r-patched-solaris-x86 0.2 28.80 NOTE
r-release-linux-x86_64 0.2 0.64 10.85 11.49 NOTE
r-release-osx-x86_64-mavericks 0.2 NOTE
r-release-windows-ix86+x86_64 0.2 3.00 25.00 28.00 NOTE
r-oldrel-windows-ix86+x86_64 0.2 4.00 25.00 29.00 NOTE

Check Details

Version: 0.2
Check: dependencies in R code
Result: NOTE
    Package in Depends field not imported from: ‘methods’
     These packages need to be imported from (in the NAMESPACE file)
     for when this namespace is loaded but not attached.
Flavors: r-devel-linux-x86_64-debian-clang, r-devel-linux-x86_64-debian-gcc, r-devel-macos-x86_64-clang, r-devel-windows-ix86+x86_64, r-patched-linux-x86_64, r-patched-solaris-sparc, r-patched-solaris-x86, r-release-linux-x86_64, r-release-osx-x86_64-mavericks, r-release-windows-ix86+x86_64, r-oldrel-windows-ix86+x86_64

Version: 0.2
Check: R code for possible problems
Result: NOTE
    fetch_NBAPlayerStatistics: no visible global function definition for
     ‘read.table’
    Undefined global functions or variables:
     read.table
    Consider adding
     importFrom("utils", "read.table")
    to your NAMESPACE file.
Flavors: r-devel-linux-x86_64-debian-clang, r-devel-linux-x86_64-debian-gcc, r-devel-macos-x86_64-clang, r-devel-windows-ix86+x86_64, r-patched-linux-x86_64, r-patched-solaris-sparc, r-patched-solaris-x86, r-release-linux-x86_64, r-release-osx-x86_64-mavericks, r-release-windows-ix86+x86_64

Version: 0.2
Flags: --no-stop-on-test-error
Check: dependencies in R code
Result: NOTE
    Package in Depends field not imported from: ‘methods’
     These packages need to be imported from (in the NAMESPACE file)
     for when this namespace is loaded but not attached.
Flavors: r-devel-linux-x86_64-fedora-clang, r-devel-linux-x86_64-fedora-gcc

Version: 0.2
Flags: --no-stop-on-test-error
Check: R code for possible problems
Result: NOTE
    fetch_NBAPlayerStatistics: no visible global function definition for
     ‘read.table’
    Undefined global functions or variables:
     read.table
    Consider adding
     importFrom("utils", "read.table")
    to your NAMESPACE file.
Flavors: r-devel-linux-x86_64-fedora-clang, r-devel-linux-x86_64-fedora-gcc

Version: 0.2
Flags: --no-stop-on-test-error
Check: data for non-ASCII characters
Result: NOTE
     Note: found 8 marked Latin-1 strings
     Note: found 83 marked UTF-8 strings
Flavors: r-devel-linux-x86_64-fedora-clang, r-devel-linux-x86_64-fedora-gcc

Version: 0.2
Check: data for non-ASCII characters
Result: NOTE
     Note: found 8 marked Latin-1 strings
     Note: found 83 marked UTF-8 strings
Flavors: r-devel-macos-x86_64-clang, r-patched-solaris-sparc, r-patched-solaris-x86, r-release-osx-x86_64-mavericks, r-oldrel-windows-ix86+x86_64