CRAN Package Check Results for Package SportsAnalytics

Last updated on 2014-04-19 05:47:53.

Flavor Version Tinstall Tcheck Ttotal Status Flags
r-devel-linux-x86_64-debian-clang 0.2 0.69 92.70 93.39 NOTE
r-devel-linux-x86_64-debian-gcc 0.2 0.66 11.26 11.92 NOTE
r-devel-linux-x86_64-fedora-clang 0.2 24.69 NOTE
r-devel-linux-x86_64-fedora-gcc 0.2 22.93 NOTE
r-devel-macosx-x86_64-clang 0.2 24.31 NOTE
r-devel-macosx-x86_64-gcc 0.2 NOTE
r-devel-windows-ix86+x86_64 0.2 2.00 19.00 21.00 NOTE
r-patched-linux-x86_64 0.2 0.74 11.81 12.55 NOTE
r-patched-solaris-sparc 0.2 140.00 NOTE
r-patched-solaris-x86 0.2 36.80 NOTE
r-release-linux-ix86 0.2 2.00 26.00 28.00 NOTE
r-release-linux-x86_64 0.2 0.68 11.76 12.44 NOTE
r-release-windows-ix86+x86_64 0.2 2.00 19.00 21.00 NOTE
r-oldrel-windows-ix86+x86_64 0.2 2.00 20.00 22.00 NOTE

Check Details

Version: 0.2
Check: dependencies in R code
Result: NOTE
    Package in Depends field not imported from: ‘methods’
     These packages need to be imported from (in the NAMESPACE file)
     for when this namespace is loaded but not attached.
    See the information on DESCRIPTION files in the chapter ‘Creating R
    packages’ of the ‘Writing R Extensions’ manual.
Flavors: r-devel-linux-x86_64-debian-clang, r-devel-linux-x86_64-debian-gcc, r-devel-linux-x86_64-fedora-clang, r-devel-linux-x86_64-fedora-gcc, r-devel-macosx-x86_64-clang, r-devel-macosx-x86_64-gcc, r-devel-windows-ix86+x86_64, r-patched-linux-x86_64, r-patched-solaris-sparc, r-patched-solaris-x86, r-release-linux-ix86, r-release-linux-x86_64, r-release-windows-ix86+x86_64, r-oldrel-windows-ix86+x86_64

Version: 0.2
Check: data for non-ASCII characters
Result: NOTE
     Note: found 8 marked Latin-1 strings
     Note: found 83 marked UTF-8 strings
Flavors: r-devel-linux-x86_64-debian-clang, r-devel-linux-x86_64-debian-gcc, r-devel-linux-x86_64-fedora-clang, r-devel-linux-x86_64-fedora-gcc, r-devel-macosx-x86_64-clang, r-devel-macosx-x86_64-gcc, r-devel-windows-ix86+x86_64, r-patched-linux-x86_64, r-patched-solaris-sparc, r-patched-solaris-x86, r-release-linux-ix86, r-release-linux-x86_64, r-release-windows-ix86+x86_64, r-oldrel-windows-ix86+x86_64

Version: 0.2
Check: package dependencies
Result: NOTE
    Package suggested but not available for checking: ‘archetypes’
Flavor: r-devel-macosx-x86_64-gcc