CRAN Package Check Results for Package SportsAnalytics

Last updated on 2014-11-29 08:53:31.

Flavor Version Tinstall Tcheck Ttotal Status Flags
r-devel-linux-x86_64-debian-clang 0.2 0.65 11.24 11.89 NOTE
r-devel-linux-x86_64-debian-gcc 0.2 0.64 11.22 11.86 NOTE
r-devel-linux-x86_64-fedora-clang 0.2 26.96 NOTE
r-devel-linux-x86_64-fedora-gcc 0.2 28.47 NOTE
r-devel-osx-x86_64-clang 0.2 26.53 NOTE
r-devel-windows-ix86+x86_64 0.2 2.00 18.00 20.00 NOTE
r-patched-linux-x86_64 0.2 0.88 11.60 12.48 NOTE
r-patched-solaris-sparc 0.2 162.60 NOTE
r-patched-solaris-x86 0.2 37.80 NOTE
r-release-linux-ix86 0.2 0.95 17.70 18.64 NOTE
r-release-linux-x86_64 0.2 0.66 11.61 12.28 NOTE
r-release-osx-x86_64-mavericks 0.2 NOTE
r-release-windows-ix86+x86_64 0.2 2.00 19.00 21.00 NOTE
r-oldrel-windows-ix86+x86_64 0.2 2.00 21.00 23.00 NOTE

Check Details

Version: 0.2
Check: dependencies in R code
Result: NOTE
    Package in Depends field not imported from: ‘methods’
     These packages need to be imported from (in the NAMESPACE file)
     for when this namespace is loaded but not attached.
    See the information on DESCRIPTION files in the chapter ‘Creating R
    packages’ of the ‘Writing R Extensions’ manual.
Flavors: r-devel-linux-x86_64-debian-clang, r-devel-linux-x86_64-debian-gcc, r-devel-linux-x86_64-fedora-clang, r-devel-linux-x86_64-fedora-gcc, r-devel-osx-x86_64-clang, r-devel-windows-ix86+x86_64, r-patched-linux-x86_64, r-patched-solaris-sparc, r-patched-solaris-x86, r-release-linux-ix86, r-release-linux-x86_64, r-release-osx-x86_64-mavericks, r-release-windows-ix86+x86_64, r-oldrel-windows-ix86+x86_64

Version: 0.2
Check: data for non-ASCII characters
Result: NOTE
     Note: found 8 marked Latin-1 strings
     Note: found 83 marked UTF-8 strings
Flavors: r-devel-linux-x86_64-debian-clang, r-devel-linux-x86_64-debian-gcc, r-devel-linux-x86_64-fedora-clang, r-devel-linux-x86_64-fedora-gcc, r-devel-osx-x86_64-clang, r-devel-windows-ix86+x86_64, r-patched-linux-x86_64, r-patched-solaris-sparc, r-patched-solaris-x86, r-release-linux-ix86, r-release-linux-x86_64, r-release-osx-x86_64-mavericks, r-release-windows-ix86+x86_64, r-oldrel-windows-ix86+x86_64