CRAN Package Check Results for Package SportsAnalytics

Last updated on 2017-10-23 14:49:04.

Flavor Version Tinstall Tcheck Ttotal Status Flags
r-devel-linux-x86_64-debian-clang 0.2 0.83 13.10 13.93 NOTE
r-devel-linux-x86_64-debian-gcc 0.2 0.72 14.07 14.79 NOTE
r-devel-linux-x86_64-fedora-clang 0.2 23.24 NOTE
r-devel-linux-x86_64-fedora-gcc 0.2 23.14 NOTE
r-devel-windows-ix86+x86_64 0.2 5.00 30.00 35.00 NOTE
r-patched-linux-x86_64 0.2 0.62 14.11 14.73 NOTE
r-patched-solaris-x86 0.2 37.90 NOTE
r-release-linux-x86_64 0.2 0.68 15.00 15.69 NOTE
r-release-windows-ix86+x86_64 0.2 3.00 49.00 52.00 NOTE
r-release-osx-x86_64 0.2 NOTE
r-oldrel-windows-ix86+x86_64 0.2 3.00 26.00 29.00 NOTE
r-oldrel-osx-x86_64 0.2 NOTE

Check Details

Version: 0.2
Check: dependencies in R code
Result: NOTE
    Package in Depends field not imported from: ‘methods’
     These packages need to be imported from (in the NAMESPACE file)
     for when this namespace is loaded but not attached.
Flavors: r-devel-linux-x86_64-debian-clang, r-devel-linux-x86_64-debian-gcc, r-devel-linux-x86_64-fedora-clang, r-devel-linux-x86_64-fedora-gcc, r-devel-windows-ix86+x86_64, r-patched-linux-x86_64, r-patched-solaris-x86, r-release-linux-x86_64, r-release-windows-ix86+x86_64, r-release-osx-x86_64, r-oldrel-windows-ix86+x86_64, r-oldrel-osx-x86_64

Version: 0.2
Check: R code for possible problems
Result: NOTE
    fetch_NBAPlayerStatistics: no visible global function definition for
     ‘read.table’
    Undefined global functions or variables:
     read.table
    Consider adding
     importFrom("utils", "read.table")
    to your NAMESPACE file.
Flavors: r-devel-linux-x86_64-debian-clang, r-devel-linux-x86_64-debian-gcc, r-devel-linux-x86_64-fedora-clang, r-devel-linux-x86_64-fedora-gcc, r-devel-windows-ix86+x86_64, r-patched-linux-x86_64, r-patched-solaris-x86, r-release-linux-x86_64, r-release-windows-ix86+x86_64, r-release-osx-x86_64, r-oldrel-windows-ix86+x86_64, r-oldrel-osx-x86_64

Version: 0.2
Check: data for non-ASCII characters
Result: NOTE
     Note: found 8 marked Latin-1 strings
     Note: found 83 marked UTF-8 strings
Flavors: r-devel-linux-x86_64-fedora-clang, r-devel-linux-x86_64-fedora-gcc, r-patched-solaris-x86, r-release-osx-x86_64, r-oldrel-osx-x86_64