CRAN Package Check Results for Package Sshaped

Last updated on 2023-11-28 14:48:35 CET.

Flavor Version Tinstall Tcheck Ttotal Status Flags
r-devel-linux-x86_64-debian-clang 1.1 32.13 28.33 60.46 NOTE
r-devel-linux-x86_64-debian-gcc 1.1 23.80 21.97 45.77 NOTE
r-devel-linux-x86_64-fedora-clang 1.1 90.86 NOTE
r-devel-linux-x86_64-fedora-gcc 1.1 88.57 NOTE
r-devel-windows-x86_64 1.1 26.00 72.00 98.00 NOTE
r-patched-linux-x86_64 1.1 29.72 28.08 57.80 NOTE
r-release-linux-x86_64 1.1 30.01 27.99 58.00 NOTE
r-release-macos-arm64 1.1 29.00 NOTE
r-release-macos-x86_64 1.1 43.00 NOTE
r-release-windows-x86_64 1.1 36.00 71.00 107.00 NOTE
r-oldrel-macos-arm64 1.1 32.00 OK
r-oldrel-macos-x86_64 1.1 34.00 OK
r-oldrel-windows-x86_64 1.1 33.00 68.00 101.00 OK

Check Details

Version: 1.1
Check: C++ specification
Result: NOTE Specified C++11: please drop specification unless essential Flavors: r-devel-linux-x86_64-debian-clang, r-devel-linux-x86_64-debian-gcc, r-devel-linux-x86_64-fedora-clang, r-devel-linux-x86_64-fedora-gcc, r-devel-windows-x86_64, r-patched-linux-x86_64, r-release-linux-x86_64, r-release-macos-arm64, r-release-macos-x86_64, r-release-windows-x86_64