CRAN Package Check Results for Package StAMPP

Last updated on 2017-01-24 05:49:14.

Flavor Version Tinstall Tcheck Ttotal Status Flags
r-devel-linux-x86_64-debian-clang 1.4 4.39 59.74 64.13 OK
r-devel-linux-x86_64-debian-gcc 1.4 4.98 60.82 65.81 OK
r-devel-linux-x86_64-fedora-clang 1.4 124.16 OK --no-stop-on-test-error
r-devel-linux-x86_64-fedora-gcc 1.4 119.73 OK --no-stop-on-test-error
r-devel-macos-x86_64-clang 1.4 93.71 OK --no-stop-on-test-error
r-devel-windows-ix86+x86_64 1.4 17.00 114.00 131.00 OK
r-patched-linux-x86_64 1.4 4.42 56.67 61.09 OK
r-patched-solaris-sparc 1.4 747.00 ERROR
r-patched-solaris-x86 1.4 180.60 OK
r-release-linux-x86_64 1.4 4.39 56.83 61.22 OK
r-release-osx-x86_64-mavericks 1.4 OK
r-release-windows-ix86+x86_64 1.4 33.00 104.00 137.00 OK
r-oldrel-windows-ix86+x86_64 1.4 22.00 189.00 211.00 OK

Check Details

Version: 1.4
Check: examples
Result: ERROR
    Running examples in ‘StAMPP-Ex.R’ failed
    The error most likely occurred in:
    
    > ### Name: stamppFst
    > ### Title: Fst Computation
    > ### Aliases: stamppFst
    >
    > ### ** Examples
    >
    > # import genotype data and convert to allele frequecies
    > data(potato.mini, package="StAMPP")
    > potato.freq <- stamppConvert(potato.mini, "r")
    >
    > # Calculate pairwise Fst values between each population
    > potato.fst <- stamppFst(potato.freq, 100, 95, 1)
    
     *** caught segfault ***
    address 8, cause 'memory not mapped'
Flavor: r-patched-solaris-sparc