CRAN Package Check Results for Package StAMPP

Last updated on 2015-03-27 07:48:59.

Flavor Version Tinstall Tcheck Ttotal Status Flags
r-devel-linux-x86_64-debian-clang 1.3 1.73 26.66 28.39 OK
r-devel-linux-x86_64-debian-gcc 1.3 2.28 26.02 28.30 OK
r-devel-linux-x86_64-fedora-clang 1.3 55.57 OK
r-devel-linux-x86_64-fedora-gcc 1.3 52.19 OK
r-devel-osx-x86_64-clang 1.3 57.39 OK
r-prerel-windows-ix86+x86_64 1.3 8.00 44.00 52.00 OK
r-prerel-linux-x86_64 1.3 1.87 25.70 27.57 OK
r-prerel-solaris-sparc 1.3 385.50 ERROR
r-prerel-solaris-x86 1.3 80.70 OK
r-release-linux-x86_64 1.3 3.74 41.36 45.10 OK
r-release-osx-x86_64-mavericks 1.3 OK
r-release-osx-x86_64-snowleopard 1.3 OK
r-release-windows-ix86+x86_64 1.3 13.00 76.00 89.00 OK
r-oldrel-windows-ix86+x86_64 1.3 16.00 79.00 95.00 OK

Check Details

Version: 1.3
Check: examples
Result: ERROR
    Running examples in ‘StAMPP-Ex.R’ failed
    The error most likely occurred in:
    
    > ### Name: stampp2genlight
    > ### Title: Convert StAMPP genotype data to genlight object
    > ### Aliases: stampp2genlight
    >
    > ### ** Examples
    >
    > # import genotype data and convert to allele frequecies
    > data(potato.mini, package="StAMPP")
    > potato.freq <- stamppConvert(potato.mini, "r")
    >
    > # Convert the StAMPP formatted allele frequency data frame to a genlight object
    > potato.genlight <- stampp2genlight(potato.freq, TRUE)
    
     *** caught segfault ***
    address 3400000, cause 'memory not mapped'
Flavor: r-prerel-solaris-sparc