CRAN Package Check Results for Package StAMPP

Last updated on 2014-04-23 20:47:23.

Flavor Version Tinstall Tcheck Ttotal Status Flags
r-devel-linux-x86_64-debian-clang 1.2 2.83 43.00 45.83 OK
r-devel-linux-x86_64-debian-gcc 1.2 3.14 43.43 46.57 OK
r-devel-linux-x86_64-fedora-clang 1.2 91.79 OK
r-devel-linux-x86_64-fedora-gcc 1.2 87.10 OK
r-devel-osx-x86_64-clang 1.2 91.13 OK
r-devel-osx-x86_64-gcc 1.2 ERROR
r-devel-windows-ix86+x86_64 1.2 10.00 69.00 79.00 OK
r-patched-linux-x86_64 1.2 2.97 43.41 46.38 OK
r-patched-solaris-sparc 1.2 339.50 OK
r-patched-solaris-x86 1.2 123.20 OK
r-release-linux-ix86 1.2 4.00 80.00 84.00 OK
r-release-linux-x86_64 1.2 2.89 42.39 45.28 OK
r-release-osx-x86_64-mavericks 1.2 OK
r-release-osx-x86_64-snowleopard 1.2 OK
r-release-windows-ix86+x86_64 1.2 13.00 70.00 83.00 OK
r-oldrel-windows-ix86+x86_64 1.2 12.00 74.00 86.00 OK

Check Details

Version: 1.2
Check: package dependencies
Result: ERROR
    Packages required but not available: ‘pegas’ ‘adegenet’
    
    See the information on DESCRIPTION files in the chapter ‘Creating R
    packages’ of the ‘Writing R Extensions’ manual.
Flavor: r-devel-osx-x86_64-gcc