CRAN Package Check Results for Package StAMPP

Last updated on 2017-10-20 04:47:31.

Flavor Version Tinstall Tcheck Ttotal Status Flags
r-devel-linux-x86_64-debian-clang 1.4 4.66 63.06 67.72 OK
r-devel-linux-x86_64-debian-gcc 1.4 5.04 67.78 72.82 OK
r-devel-linux-x86_64-fedora-clang 1.4 139.54 OK
r-devel-linux-x86_64-fedora-gcc 1.4 136.57 OK
r-devel-windows-ix86+x86_64 1.4 20.00 155.00 175.00 OK
r-patched-linux-x86_64 1.4 4.92 65.17 70.09 OK
r-patched-solaris-x86 1.4 222.10 OK
r-release-linux-x86_64 1.4 4.81 65.99 70.79 OK
r-release-windows-ix86+x86_64 1.4 21.00 142.00 163.00 ERROR
r-release-osx-x86_64 1.4 OK
r-oldrel-windows-ix86+x86_64 1.4 20.00 157.00 177.00 OK
r-oldrel-osx-x86_64 1.4 OK

Check Details

Version: 1.4
Check: whether package can be installed
Result: ERROR
    Installation failed.
Flavor: r-release-windows-ix86+x86_64