CRAN Package Check Results for Package StAMPP

Last updated on 2016-06-28 19:48:40.

Flavor Version Tinstall Tcheck Ttotal Status Flags
r-devel-linux-x86_64-debian-gcc 1.4 4.46 57.96 62.42 OK
r-devel-linux-x86_64-fedora-clang 1.4 124.43 OK
r-devel-linux-x86_64-fedora-gcc 1.4 113.34 OK
r-devel-osx-x86_64-clang 1.4 93.69 OK
r-devel-windows-ix86+x86_64 1.4 21.00 166.00 187.00 OK
r-patched-linux-x86_64 1.4 4.80 59.82 64.61 OK
r-patched-solaris-sparc 1.4 714.40 ERROR
r-patched-solaris-x86 1.4 183.00 OK
r-release-linux-x86_64 1.4 4.78 59.93 64.71 OK
r-release-osx-x86_64-mavericks 1.4 OK
r-release-windows-ix86+x86_64 1.4 21.00 107.00 128.00 OK
r-oldrel-windows-ix86+x86_64 1.4 23.00 115.00 138.00 OK

Check Details

Version: 1.4
Check: examples
Result: ERROR
    Running examples in ‘StAMPP-Ex.R’ failed
    The error most likely occurred in:
    
    > ### Name: stamppFst
    > ### Title: Fst Computation
    > ### Aliases: stamppFst
    >
    > ### ** Examples
    >
    > # import genotype data and convert to allele frequecies
    > data(potato.mini, package="StAMPP")
    > potato.freq <- stamppConvert(potato.mini, "r")
    >
    > # Calculate pairwise Fst values between each population
    > potato.fst <- stamppFst(potato.freq, 100, 95, 1)
    
     *** caught segfault ***
    address 8, cause 'memory not mapped'
Flavor: r-patched-solaris-sparc