CRAN Package Check Results for Package StAMPP

Last updated on 2017-02-23 23:49:58.

Flavor Version Tinstall Tcheck Ttotal Status Flags
r-devel-linux-x86_64-debian-clang 1.4 5.00 60.86 65.86 OK
r-devel-linux-x86_64-debian-gcc 1.4 4.38 61.27 65.65 OK
r-devel-linux-x86_64-fedora-clang 1.4 133.58 OK --no-stop-on-test-error
r-devel-linux-x86_64-fedora-gcc 1.4 132.40 OK --no-stop-on-test-error
r-devel-macos-x86_64-clang 1.4 104.95 OK --no-stop-on-test-error
r-devel-windows-ix86+x86_64 1.4 19.00 160.00 179.00 OK
r-patched-linux-x86_64 1.4 4.41 58.68 63.08 OK
r-patched-solaris-sparc 1.4 747.00 ERROR
r-patched-solaris-x86 1.4 181.90 OK
r-release-linux-x86_64 1.4 4.45 57.21 61.66 OK
r-release-osx-x86_64-mavericks 1.4 OK
r-release-windows-ix86+x86_64 1.4 19.00 136.00 155.00 OK
r-oldrel-windows-ix86+x86_64 1.4 20.00 248.00 268.00 OK

Check Details

Version: 1.4
Check: examples
Result: ERROR
    Running examples in ‘StAMPP-Ex.R’ failed
    The error most likely occurred in:
    
    > ### Name: stamppFst
    > ### Title: Fst Computation
    > ### Aliases: stamppFst
    >
    > ### ** Examples
    >
    > # import genotype data and convert to allele frequecies
    > data(potato.mini, package="StAMPP")
    > potato.freq <- stamppConvert(potato.mini, "r")
    >
    > # Calculate pairwise Fst values between each population
    > potato.fst <- stamppFst(potato.freq, 100, 95, 1)
    
     *** caught segfault ***
    address 8, cause 'memory not mapped'
Flavor: r-patched-solaris-sparc