CRAN Package Check Results for Package StAMPP

Last updated on 2016-02-12 12:47:35.

Flavor Version Tinstall Tcheck Ttotal Status Flags
r-devel-linux-x86_64-debian-gcc 1.4 4.33 55.36 59.70 OK
r-devel-linux-x86_64-fedora-clang 1.4 116.14 OK
r-devel-linux-x86_64-fedora-gcc 1.4 111.07 OK
r-devel-osx-x86_64-clang 1.4 132.86 OK
r-devel-windows-ix86+x86_64 1.4 17.00 89.00 106.00 OK
r-patched-linux-x86_64 1.4 5.13 61.21 66.34 OK
r-patched-solaris-sparc 1.4 755.20 ERROR
r-patched-solaris-x86 1.4 185.10 OK
r-release-linux-x86_64 1.4 5.05 60.84 65.89 OK
r-release-osx-x86_64-mavericks 1.4 OK
r-release-windows-ix86+x86_64 1.4 20.00 136.00 156.00 OK
r-oldrel-windows-ix86+x86_64 1.4 43.00 163.00 206.00 OK

Check Details

Version: 1.4
Check: examples
Result: ERROR
    Running examples in ‘StAMPP-Ex.R’ failed
    The error most likely occurred in:
    
    > ### Name: stamppFst
    > ### Title: Fst Computation
    > ### Aliases: stamppFst
    >
    > ### ** Examples
    >
    > # import genotype data and convert to allele frequecies
    > data(potato.mini, package="StAMPP")
    > potato.freq <- stamppConvert(potato.mini, "r")
    >
    > # Calculate pairwise Fst values between each population
    > potato.fst <- stamppFst(potato.freq, 100, 95, 1)
    
     *** caught segfault ***
    address 8, cause 'memory not mapped'
Flavor: r-patched-solaris-sparc