CRAN Package Check Results for Package StAMPP

Last updated on 2016-09-25 17:48:07.

Flavor Version Tinstall Tcheck Ttotal Status Flags
r-devel-linux-x86_64-debian-clang 1.4 4.09 54.66 58.74 OK
r-devel-linux-x86_64-debian-gcc 1.4 4.12 54.34 58.46 OK
r-devel-linux-x86_64-fedora-clang 1.4 117.07 OK
r-devel-linux-x86_64-fedora-gcc 1.4 114.83 OK
r-devel-macos-x86_64-clang 1.4 91.79 OK
r-devel-windows-ix86+x86_64 1.4 13.00 104.00 117.00 OK
r-patched-linux-x86_64 1.4 4.40 55.49 59.89 OK
r-patched-solaris-sparc 1.4 714.40 ERROR
r-patched-solaris-x86 1.4 173.30 OK
r-release-linux-x86_64 1.4 4.39 56.92 61.31 OK
r-release-osx-x86_64-mavericks 1.4 OK
r-release-windows-ix86+x86_64 1.4 12.00 89.00 101.00 OK
r-oldrel-windows-ix86+x86_64 1.4 23.00 146.00 169.00 OK

Check Details

Version: 1.4
Check: examples
Result: ERROR
    Running examples in ‘StAMPP-Ex.R’ failed
    The error most likely occurred in:
    
    > ### Name: stamppFst
    > ### Title: Fst Computation
    > ### Aliases: stamppFst
    >
    > ### ** Examples
    >
    > # import genotype data and convert to allele frequecies
    > data(potato.mini, package="StAMPP")
    > potato.freq <- stamppConvert(potato.mini, "r")
    >
    > # Calculate pairwise Fst values between each population
    > potato.fst <- stamppFst(potato.freq, 100, 95, 1)
    
     *** caught segfault ***
    address 8, cause 'memory not mapped'
Flavor: r-patched-solaris-sparc