CRAN Package Check Results for Package StAMPP

Last updated on 2016-05-30 11:48:02.

Flavor Version Tinstall Tcheck Ttotal Status Flags
r-devel-linux-x86_64-debian-gcc 1.4 4.48 58.09 62.57 OK
r-devel-linux-x86_64-fedora-clang 1.4 122.81 OK
r-devel-linux-x86_64-fedora-gcc 1.4 115.50 OK
r-devel-osx-x86_64-clang 1.4 138.32 OK
r-devel-windows-ix86+x86_64 1.4 14.00 98.00 112.00 OK
r-patched-linux-x86_64 1.4 6.74 58.19 64.93 OK
r-patched-solaris-sparc 1.4 707.00 ERROR
r-patched-solaris-x86 1.4 177.80 OK
r-release-linux-x86_64 1.4 4.68 56.82 61.50 OK
r-release-osx-x86_64-mavericks 1.4 OK
r-release-windows-ix86+x86_64 1.4 20.00 109.00 129.00 OK
r-oldrel-windows-ix86+x86_64 1.4 16.00 110.00 126.00 OK

Check Details

Version: 1.4
Check: examples
Result: ERROR
    Running examples in ‘StAMPP-Ex.R’ failed
    The error most likely occurred in:
    
    > ### Name: stamppFst
    > ### Title: Fst Computation
    > ### Aliases: stamppFst
    >
    > ### ** Examples
    >
    > # import genotype data and convert to allele frequecies
    > data(potato.mini, package="StAMPP")
    > potato.freq <- stamppConvert(potato.mini, "r")
    >
    > # Calculate pairwise Fst values between each population
    > potato.fst <- stamppFst(potato.freq, 100, 95, 1)
    
     *** caught segfault ***
    address 8, cause 'memory not mapped'
Flavor: r-patched-solaris-sparc