CRAN Package Check Results for Package StAMPP

Last updated on 2016-07-24 06:47:11.

Flavor Version Tinstall Tcheck Ttotal Status Flags
r-devel-linux-x86_64-debian-clang 1.4 5.30 66.11 71.40 OK
r-devel-linux-x86_64-debian-gcc 1.4 5.45 65.70 71.15 OK
r-devel-linux-x86_64-fedora-clang 1.4 122.35 OK
r-devel-linux-x86_64-fedora-gcc 1.4 117.13 OK
r-devel-osx-x86_64-clang 1.4 99.67 OK
r-devel-windows-ix86+x86_64 1.4 15.00 109.00 124.00 OK
r-patched-linux-x86_64 1.4 5.67 64.91 70.58 OK
r-patched-solaris-sparc 1.4 714.40 ERROR
r-patched-solaris-x86 1.4 178.10 OK
r-release-linux-x86_64 1.4 5.54 66.28 71.82 OK
r-release-osx-x86_64-mavericks 1.4 OK
r-release-windows-ix86+x86_64 1.4 14.00 108.00 122.00 OK
r-oldrel-windows-ix86+x86_64 1.4 25.00 116.00 141.00 OK

Check Details

Version: 1.4
Check: examples
Result: ERROR
    Running examples in ‘StAMPP-Ex.R’ failed
    The error most likely occurred in:
    
    > ### Name: stamppFst
    > ### Title: Fst Computation
    > ### Aliases: stamppFst
    >
    > ### ** Examples
    >
    > # import genotype data and convert to allele frequecies
    > data(potato.mini, package="StAMPP")
    > potato.freq <- stamppConvert(potato.mini, "r")
    >
    > # Calculate pairwise Fst values between each population
    > potato.fst <- stamppFst(potato.freq, 100, 95, 1)
    
     *** caught segfault ***
    address 8, cause 'memory not mapped'
Flavor: r-patched-solaris-sparc