CRAN Package Check Results for Package StMoMo

Last updated on 2022-06-25 08:52:13 CEST.

Flavor Version Tinstall Tcheck Ttotal Status Flags
r-devel-linux-x86_64-debian-clang 0.4.1 21.80 236.77 258.57 OK
r-devel-linux-x86_64-debian-gcc 0.4.1 15.14 171.18 186.32 OK
r-devel-linux-x86_64-fedora-clang 0.4.1 330.94 OK
r-devel-linux-x86_64-fedora-gcc 0.4.1 308.34 OK
r-devel-windows-x86_64 0.4.1 41.00 297.00 338.00 OK
r-patched-linux-x86_64 0.4.1 19.63 221.49 241.12 OK
r-release-linux-x86_64 0.4.1 14.04 221.14 235.18 OK
r-release-macos-arm64 0.4.1 104.00 OK
r-release-macos-x86_64 0.4.1 161.00 NOTE
r-release-windows-x86_64 0.4.1 42.00 281.00 323.00 OK
r-oldrel-macos-arm64 0.4.1 114.00 OK
r-oldrel-macos-x86_64 0.4.1 187.00 OK
r-oldrel-windows-ix86+x86_64 0.4.1 52.00 267.00 319.00 OK

Check Details

Version: 0.4.1
Check: package dependencies
Result: NOTE
    Package suggested but not available for checking: ‘MTS’
Flavor: r-release-macos-x86_64