CRAN Package Check Results for Package Stack

Last updated on 2015-09-03 14:48:37.

Flavor Version Tinstall Tcheck Ttotal Status Flags
r-devel-linux-x86_64-debian-clang 2.0-1 0.66 13.24 13.90 NOTE
r-devel-linux-x86_64-debian-gcc 2.0-1 0.68 13.07 13.75 NOTE
r-devel-linux-x86_64-fedora-clang 2.0-1 26.75 NOTE
r-devel-linux-x86_64-fedora-gcc 2.0-1 25.10 NOTE
r-devel-osx-x86_64-clang 2.0-1 24.41 OK
r-devel-windows-ix86+x86_64 2.0-1 5.00 37.00 42.00 NOTE
r-patched-linux-x86_64 2.0-1 0.70 14.10 14.80 OK
r-patched-solaris-sparc 2.0-1 191.70 OK
r-patched-solaris-x86 2.0-1 41.50 OK
r-release-linux-x86_64 2.0-1 0.70 13.58 14.28 OK
r-release-osx-x86_64-mavericks 2.0-1 OK
r-release-windows-ix86+x86_64 2.0-1 4.00 34.00 38.00 OK
r-oldrel-windows-ix86+x86_64 2.0-1 6.00 33.00 39.00 OK

Check Details

Version: 2.0-1
Check: R code for possible problems
Result: NOTE
    .expandLevels: no visible global function definition for ‘na.omit’
    .ffStack: no visible global function definition for ‘na.omit’
    .ffffStack: no visible global function definition for ‘na.omit’
    Stack : <anonymous>: no visible global function definition for
     ‘na.omit’
    ffStack,ffdf-data.frame: no visible global function definition for
     ‘na.omit’
    ffStack,ffdf-ffdf: no visible global function definition for ‘na.omit’
    ffStack,ffdf-list: no visible global function definition for ‘na.omit’
    Undefined global functions or variables:
     na.omit
    Consider adding
     importFrom("stats", "na.omit")
    to your NAMESPACE.
Flavors: r-devel-linux-x86_64-debian-clang, r-devel-linux-x86_64-debian-gcc, r-devel-linux-x86_64-fedora-clang, r-devel-linux-x86_64-fedora-gcc, r-devel-windows-ix86+x86_64