CRAN Package Check Results for Package Stack

Last updated on 2016-02-08 19:48:41.

Flavor Version Tinstall Tcheck Ttotal Status Flags
r-devel-linux-x86_64-debian-gcc 2.0-1 0.89 13.46 14.35 NOTE
r-devel-linux-x86_64-fedora-clang 2.0-1 24.90 NOTE
r-devel-linux-x86_64-fedora-gcc 2.0-1 22.87 NOTE
r-devel-osx-x86_64-clang 2.0-1 28.34 NOTE
r-devel-windows-ix86+x86_64 2.0-1 4.00 27.00 31.00 NOTE
r-patched-linux-x86_64 2.0-1 0.80 14.31 15.10 OK
r-patched-solaris-sparc 2.0-1 165.70 OK
r-patched-solaris-x86 2.0-1 37.10 OK
r-release-linux-x86_64 2.0-1 0.90 13.72 14.62 OK
r-release-osx-x86_64-mavericks 2.0-1 OK
r-release-windows-ix86+x86_64 2.0-1 5.00 25.00 30.00 OK
r-oldrel-windows-ix86+x86_64 2.0-1 6.00 27.00 33.00 OK

Check Details

Version: 2.0-1
Check: R code for possible problems
Result: NOTE
    .expandLevels: no visible global function definition for ‘na.omit’
    .ffStack: no visible global function definition for ‘na.omit’
    .ffffStack: no visible global function definition for ‘na.omit’
    Stack : <anonymous>: no visible global function definition for
     ‘na.omit’
    ffStack,ffdf-data.frame: no visible global function definition for
     ‘na.omit’
    ffStack,ffdf-ffdf: no visible global function definition for ‘na.omit’
    ffStack,ffdf-list: no visible global function definition for ‘na.omit’
    Undefined global functions or variables:
     na.omit
    Consider adding
     importFrom("stats", "na.omit")
    to your NAMESPACE file.
Flavors: r-devel-linux-x86_64-debian-gcc, r-devel-linux-x86_64-fedora-clang, r-devel-linux-x86_64-fedora-gcc, r-devel-osx-x86_64-clang, r-devel-windows-ix86+x86_64