CRAN Package Check Results for Package Stack

Last updated on 2017-12-11 17:49:21 CET.

Flavor Version Tinstall Tcheck Ttotal Status Flags
r-devel-linux-x86_64-debian-clang 2.0-1 0.83 20.17 21.00 NOTE
r-devel-linux-x86_64-debian-gcc 2.0-1 0.73 18.11 18.84 NOTE
r-devel-linux-x86_64-fedora-clang 2.0-1 27.18 NOTE
r-devel-linux-x86_64-fedora-gcc 2.0-1 26.15 NOTE
r-devel-windows-ix86+x86_64 2.0-1 3.00 47.00 50.00 NOTE
r-patched-linux-x86_64 2.0-1 1.01 22.98 23.99 NOTE
r-patched-solaris-x86 2.0-1 45.70 NOTE
r-release-linux-x86_64 2.0-1 1.13 23.32 24.45 NOTE
r-release-windows-ix86+x86_64 2.0-1 3.00 34.00 37.00 NOTE
r-release-osx-x86_64 2.0-1 NOTE
r-oldrel-windows-ix86+x86_64 2.0-1 6.00 40.00 46.00 NOTE
r-oldrel-osx-x86_64 2.0-1 NOTE

Check Details

Version: 2.0-1
Check: R code for possible problems
Result: NOTE
    .expandLevels: no visible global function definition for ‘na.omit’
    .ffStack: no visible global function definition for ‘na.omit’
    .ffffStack: no visible global function definition for ‘na.omit’
    Stack : <anonymous>: no visible global function definition for
     ‘na.omit’
    ffStack,ffdf-data.frame: no visible global function definition for
     ‘na.omit’
    ffStack,ffdf-ffdf: no visible global function definition for ‘na.omit’
    ffStack,ffdf-list: no visible global function definition for ‘na.omit’
    Undefined global functions or variables:
     na.omit
    Consider adding
     importFrom("stats", "na.omit")
    to your NAMESPACE file.
Flavors: r-devel-linux-x86_64-debian-clang, r-devel-linux-x86_64-debian-gcc, r-devel-linux-x86_64-fedora-clang, r-devel-linux-x86_64-fedora-gcc, r-devel-windows-ix86+x86_64, r-patched-linux-x86_64, r-patched-solaris-x86, r-release-linux-x86_64, r-release-windows-ix86+x86_64, r-release-osx-x86_64, r-oldrel-windows-ix86+x86_64, r-oldrel-osx-x86_64