CRAN Package Check Results for Package Stack

Last updated on 2016-06-01 06:49:17.

Flavor Version Tinstall Tcheck Ttotal Status Flags
r-devel-linux-x86_64-debian-gcc 2.0-1 0.89 14.97 15.86 NOTE
r-devel-linux-x86_64-fedora-clang 2.0-1 25.13 NOTE
r-devel-linux-x86_64-fedora-gcc 2.0-1 23.17 NOTE
r-devel-osx-x86_64-clang 2.0-1 28.38 NOTE
r-devel-windows-ix86+x86_64 2.0-1 3.00 39.00 42.00 NOTE
r-patched-linux-x86_64 2.0-1 0.82 14.37 15.18 NOTE
r-patched-solaris-sparc 2.0-1 162.10 NOTE
r-patched-solaris-x86 2.0-1 37.30 NOTE
r-release-linux-x86_64 2.0-1 0.70 13.65 14.35 NOTE
r-release-osx-x86_64-mavericks 2.0-1 NOTE
r-release-windows-ix86+x86_64 2.0-1 3.00 40.00 43.00 NOTE
r-oldrel-windows-ix86+x86_64 2.0-1 2.00 43.00 45.00 OK

Check Details

Version: 2.0-1
Check: R code for possible problems
Result: NOTE
    .expandLevels: no visible global function definition for ‘na.omit’
    .ffStack: no visible global function definition for ‘na.omit’
    .ffffStack: no visible global function definition for ‘na.omit’
    Stack : <anonymous>: no visible global function definition for
     ‘na.omit’
    ffStack,ffdf-data.frame: no visible global function definition for
     ‘na.omit’
    ffStack,ffdf-ffdf: no visible global function definition for ‘na.omit’
    ffStack,ffdf-list: no visible global function definition for ‘na.omit’
    Undefined global functions or variables:
     na.omit
    Consider adding
     importFrom("stats", "na.omit")
    to your NAMESPACE file.
Flavors: r-devel-linux-x86_64-debian-gcc, r-devel-linux-x86_64-fedora-clang, r-devel-linux-x86_64-fedora-gcc, r-devel-osx-x86_64-clang, r-devel-windows-ix86+x86_64, r-patched-linux-x86_64, r-patched-solaris-sparc, r-patched-solaris-x86, r-release-linux-x86_64, r-release-osx-x86_64-mavericks, r-release-windows-ix86+x86_64