CRAN Package Check Results for Package Stack

Last updated on 2017-03-27 13:56:02.

Flavor Version Tinstall Tcheck Ttotal Status Flags
r-devel-linux-x86_64-debian-clang 2.0-1 0.79 16.22 17.01 NOTE
r-devel-linux-x86_64-debian-gcc 2.0-1 0.96 16.14 17.10 NOTE
r-devel-linux-x86_64-fedora-clang 2.0-1 29.42 NOTE --no-stop-on-test-error
r-devel-linux-x86_64-fedora-gcc 2.0-1 27.53 NOTE --no-stop-on-test-error
r-devel-macos-x86_64-clang 2.0-1 26.05 NOTE --no-stop-on-test-error
r-devel-windows-ix86+x86_64 2.0-1 3.00 33.00 36.00 NOTE
r-patched-linux-x86_64 2.0-1 0.83 16.16 16.99 NOTE
r-patched-solaris-sparc 2.0-1 181.30 NOTE
r-patched-solaris-x86 2.0-1 42.00 NOTE
r-release-linux-x86_64 2.0-1 0.80 13.59 14.39 NOTE
r-release-osx-x86_64-mavericks 2.0-1 NOTE
r-release-windows-ix86+x86_64 2.0-1 6.00 32.00 38.00 NOTE
r-oldrel-windows-ix86+x86_64 2.0-1 4.00 30.00 34.00 OK

Check Details

Version: 2.0-1
Check: R code for possible problems
Result: NOTE
    .expandLevels: no visible global function definition for ‘na.omit’
    .ffStack: no visible global function definition for ‘na.omit’
    .ffffStack: no visible global function definition for ‘na.omit’
    Stack : <anonymous>: no visible global function definition for
     ‘na.omit’
    ffStack,ffdf-data.frame: no visible global function definition for
     ‘na.omit’
    ffStack,ffdf-ffdf: no visible global function definition for ‘na.omit’
    ffStack,ffdf-list: no visible global function definition for ‘na.omit’
    Undefined global functions or variables:
     na.omit
    Consider adding
     importFrom("stats", "na.omit")
    to your NAMESPACE file.
Flavors: r-devel-linux-x86_64-debian-clang, r-devel-linux-x86_64-debian-gcc, r-devel-windows-ix86+x86_64, r-patched-linux-x86_64, r-patched-solaris-sparc, r-patched-solaris-x86, r-release-linux-x86_64, r-release-osx-x86_64-mavericks, r-release-windows-ix86+x86_64

Version: 2.0-1
Flags: --no-stop-on-test-error
Check: R code for possible problems
Result: NOTE
    .expandLevels: no visible global function definition for ‘na.omit’
    .ffStack: no visible global function definition for ‘na.omit’
    .ffffStack: no visible global function definition for ‘na.omit’
    Stack : <anonymous>: no visible global function definition for
     ‘na.omit’
    ffStack,ffdf-data.frame: no visible global function definition for
     ‘na.omit’
    ffStack,ffdf-ffdf: no visible global function definition for ‘na.omit’
    ffStack,ffdf-list: no visible global function definition for ‘na.omit’
    Undefined global functions or variables:
     na.omit
    Consider adding
     importFrom("stats", "na.omit")
    to your NAMESPACE file.
Flavors: r-devel-linux-x86_64-fedora-clang, r-devel-linux-x86_64-fedora-gcc, r-devel-macos-x86_64-clang