CRAN Package Check Results for Package Stack

Last updated on 2016-12-05 16:47:43.

Flavor Version Tinstall Tcheck Ttotal Status Flags
r-devel-linux-x86_64-debian-clang 2.0-1 0.84 15.78 16.61 NOTE
r-devel-linux-x86_64-debian-gcc 2.0-1 0.82 15.71 16.53 NOTE
r-devel-linux-x86_64-fedora-clang 2.0-1 31.74 NOTE --no-stop-on-test-error
r-devel-linux-x86_64-fedora-gcc 2.0-1 29.24 NOTE --no-stop-on-test-error
r-devel-macos-x86_64-clang 2.0-1 26.85 NOTE
r-devel-windows-ix86+x86_64 2.0-1 5.00 34.00 39.00 NOTE
r-patched-linux-x86_64 2.0-1 0.78 13.70 14.47 NOTE
r-patched-solaris-sparc 2.0-1 163.00 NOTE
r-patched-solaris-x86 2.0-1 36.20 NOTE
r-release-linux-x86_64 2.0-1 0.70 13.82 14.52 NOTE
r-release-osx-x86_64-mavericks 2.0-1 NOTE
r-release-windows-ix86+x86_64 2.0-1 6.00 34.00 40.00 NOTE
r-oldrel-windows-ix86+x86_64 2.0-1 4.00 31.00 35.00 OK

Check Details

Version: 2.0-1
Check: R code for possible problems
Result: NOTE
    .expandLevels: no visible global function definition for ‘na.omit’
    .ffStack: no visible global function definition for ‘na.omit’
    .ffffStack: no visible global function definition for ‘na.omit’
    Stack : <anonymous>: no visible global function definition for
     ‘na.omit’
    ffStack,ffdf-data.frame: no visible global function definition for
     ‘na.omit’
    ffStack,ffdf-ffdf: no visible global function definition for ‘na.omit’
    ffStack,ffdf-list: no visible global function definition for ‘na.omit’
    Undefined global functions or variables:
     na.omit
    Consider adding
     importFrom("stats", "na.omit")
    to your NAMESPACE file.
Flavors: r-devel-linux-x86_64-debian-clang, r-devel-linux-x86_64-debian-gcc, r-devel-macos-x86_64-clang, r-devel-windows-ix86+x86_64, r-patched-linux-x86_64, r-patched-solaris-sparc, r-patched-solaris-x86, r-release-linux-x86_64, r-release-osx-x86_64-mavericks, r-release-windows-ix86+x86_64

Version: 2.0-1
Flags: --no-stop-on-test-error
Check: R code for possible problems
Result: NOTE
    .expandLevels: no visible global function definition for ‘na.omit’
    .ffStack: no visible global function definition for ‘na.omit’
    .ffffStack: no visible global function definition for ‘na.omit’
    Stack : <anonymous>: no visible global function definition for
     ‘na.omit’
    ffStack,ffdf-data.frame: no visible global function definition for
     ‘na.omit’
    ffStack,ffdf-ffdf: no visible global function definition for ‘na.omit’
    ffStack,ffdf-list: no visible global function definition for ‘na.omit’
    Undefined global functions or variables:
     na.omit
    Consider adding
     importFrom("stats", "na.omit")
    to your NAMESPACE file.
Flavors: r-devel-linux-x86_64-fedora-clang, r-devel-linux-x86_64-fedora-gcc