CRAN Package Check Results for Package Stack

Last updated on 2017-08-22 23:47:47.

Flavor Version Tinstall Tcheck Ttotal Status Flags
r-devel-linux-x86_64-debian-clang 2.0-1 1.00 16.87 17.88 NOTE
r-devel-linux-x86_64-debian-gcc 2.0-1 0.92 16.12 17.04 NOTE
r-devel-linux-x86_64-fedora-clang 2.0-1 28.69 NOTE
r-devel-linux-x86_64-fedora-gcc 2.0-1 31.36 NOTE
r-devel-windows-ix86+x86_64 2.0-1 3.00 48.00 51.00 NOTE
r-patched-linux-x86_64 2.0-1 0.91 16.80 17.71 NOTE
r-patched-solaris-x86 2.0-1 44.30 NOTE
r-release-linux-x86_64 2.0-1 0.88 16.54 17.41 NOTE
r-release-windows-ix86+x86_64 2.0-1 4.00 54.00 58.00 NOTE
r-release-osx-x86_64 2.0-1 NOTE
r-oldrel-windows-ix86+x86_64 2.0-1 3.00 31.00 34.00 NOTE
r-oldrel-osx-x86_64 2.0-1 NOTE

Check Details

Version: 2.0-1
Check: R code for possible problems
Result: NOTE
    .expandLevels: no visible global function definition for ‘na.omit’
    .ffStack: no visible global function definition for ‘na.omit’
    .ffffStack: no visible global function definition for ‘na.omit’
    Stack : <anonymous>: no visible global function definition for
     ‘na.omit’
    ffStack,ffdf-data.frame: no visible global function definition for
     ‘na.omit’
    ffStack,ffdf-ffdf: no visible global function definition for ‘na.omit’
    ffStack,ffdf-list: no visible global function definition for ‘na.omit’
    Undefined global functions or variables:
     na.omit
    Consider adding
     importFrom("stats", "na.omit")
    to your NAMESPACE file.
Flavors: r-devel-linux-x86_64-debian-clang, r-devel-linux-x86_64-debian-gcc, r-devel-linux-x86_64-fedora-clang, r-devel-linux-x86_64-fedora-gcc, r-devel-windows-ix86+x86_64, r-patched-linux-x86_64, r-patched-solaris-x86, r-release-linux-x86_64, r-release-windows-ix86+x86_64, r-release-osx-x86_64, r-oldrel-windows-ix86+x86_64, r-oldrel-osx-x86_64