CRAN Package Check Results for Package Stack

Last updated on 2016-08-28 21:50:10.

Flavor Version Tinstall Tcheck Ttotal Status Flags
r-devel-linux-x86_64-debian-clang 2.0-1 0.69 13.95 14.64 NOTE
r-devel-linux-x86_64-debian-gcc 2.0-1 0.71 13.58 14.29 NOTE
r-devel-linux-x86_64-fedora-clang 2.0-1 24.82 NOTE
r-devel-linux-x86_64-fedora-gcc 2.0-1 23.71 NOTE
r-devel-osx-x86_64-clang 2.0-1 22.66 NOTE
r-devel-windows-ix86+x86_64 2.0-1 4.00 50.00 54.00 NOTE
r-patched-linux-x86_64 2.0-1 0.74 13.46 14.20 NOTE
r-patched-solaris-sparc 2.0-1 163.00 NOTE
r-patched-solaris-x86 2.0-1 35.80 NOTE
r-release-linux-x86_64 2.0-1 0.82 14.21 15.03 NOTE
r-release-osx-x86_64-mavericks 2.0-1 NOTE
r-release-windows-ix86+x86_64 2.0-1 9.00 43.00 52.00 NOTE
r-oldrel-windows-ix86+x86_64 2.0-1 6.00 68.00 74.00 OK

Check Details

Version: 2.0-1
Check: R code for possible problems
Result: NOTE
    .expandLevels: no visible global function definition for ‘na.omit’
    .ffStack: no visible global function definition for ‘na.omit’
    .ffffStack: no visible global function definition for ‘na.omit’
    Stack : <anonymous>: no visible global function definition for
     ‘na.omit’
    ffStack,ffdf-data.frame: no visible global function definition for
     ‘na.omit’
    ffStack,ffdf-ffdf: no visible global function definition for ‘na.omit’
    ffStack,ffdf-list: no visible global function definition for ‘na.omit’
    Undefined global functions or variables:
     na.omit
    Consider adding
     importFrom("stats", "na.omit")
    to your NAMESPACE file.
Flavors: r-devel-linux-x86_64-debian-clang, r-devel-linux-x86_64-debian-gcc, r-devel-linux-x86_64-fedora-clang, r-devel-linux-x86_64-fedora-gcc, r-devel-osx-x86_64-clang, r-devel-windows-ix86+x86_64, r-patched-linux-x86_64, r-patched-solaris-sparc, r-patched-solaris-x86, r-release-linux-x86_64, r-release-osx-x86_64-mavericks, r-release-windows-ix86+x86_64