CRAN Package Check Results for Package Stack

Last updated on 2016-04-30 19:52:26.

Flavor Version Tinstall Tcheck Ttotal Status Flags
r-devel-linux-x86_64-debian-gcc 2.0-1 0.71 13.75 14.46 NOTE
r-devel-linux-x86_64-fedora-clang 2.0-1 25.05 NOTE
r-devel-linux-x86_64-fedora-gcc 2.0-1 23.42 NOTE
r-devel-osx-x86_64-clang 2.0-1 28.77 NOTE
r-devel-windows-ix86+x86_64 2.0-1 3.00 32.00 35.00 NOTE
r-patched-linux-x86_64 2.0-1 0.82 13.52 14.33 NOTE
r-patched-solaris-sparc 2.0-1 161.50 NOTE
r-patched-solaris-x86 2.0-1 37.30 NOTE
r-release-linux-x86_64 2.0-1 0.90 14.66 15.56 OK
r-release-osx-x86_64-mavericks 2.0-1 OK
r-release-windows-ix86+x86_64 2.0-1 7.00 35.00 42.00 OK
r-oldrel-windows-ix86+x86_64 2.0-1 8.00 48.00 56.00 OK

Check Details

Version: 2.0-1
Check: R code for possible problems
Result: NOTE
    .expandLevels: no visible global function definition for ‘na.omit’
    .ffStack: no visible global function definition for ‘na.omit’
    .ffffStack: no visible global function definition for ‘na.omit’
    Stack : <anonymous>: no visible global function definition for
     ‘na.omit’
    ffStack,ffdf-data.frame: no visible global function definition for
     ‘na.omit’
    ffStack,ffdf-ffdf: no visible global function definition for ‘na.omit’
    ffStack,ffdf-list: no visible global function definition for ‘na.omit’
    Undefined global functions or variables:
     na.omit
    Consider adding
     importFrom("stats", "na.omit")
    to your NAMESPACE file.
Flavors: r-devel-linux-x86_64-debian-gcc, r-devel-linux-x86_64-fedora-clang, r-devel-linux-x86_64-fedora-gcc, r-devel-osx-x86_64-clang, r-devel-windows-ix86+x86_64, r-patched-linux-x86_64, r-patched-solaris-sparc, r-patched-solaris-x86