CRAN Package Check Results for Package Stack

Last updated on 2017-04-27 05:52:11.

Flavor Version Tinstall Tcheck Ttotal Status Flags
r-devel-linux-x86_64-debian-clang 2.0-1 0.78 16.37 17.15 NOTE
r-devel-linux-x86_64-debian-gcc 2.0-1 0.78 16.13 16.91 NOTE
r-devel-linux-x86_64-fedora-clang 2.0-1 29.06 NOTE --no-stop-on-test-error
r-devel-linux-x86_64-fedora-gcc 2.0-1 28.18 NOTE --no-stop-on-test-error
r-devel-windows-ix86+x86_64 2.0-1 3.00 62.00 65.00 NOTE
r-patched-linux-x86_64 2.0-1 0.82 15.86 16.69 NOTE
r-patched-solaris-sparc 2.0-1 181.30 NOTE
r-patched-solaris-x86 2.0-1 40.80 NOTE
r-release-linux-x86_64 2.0-1 0.81 16.38 17.19 NOTE
r-release-windows-ix86+x86_64 2.0-1 3.00 34.00 37.00 NOTE
r-release-osx-x86_64 2.0-1 NOTE
r-oldrel-windows-ix86+x86_64 2.0-1 3.00 43.00 46.00 NOTE
r-oldrel-osx-x86_64 2.0-1 NOTE

Check Details

Version: 2.0-1
Check: R code for possible problems
Result: NOTE
    .expandLevels: no visible global function definition for ‘na.omit’
    .ffStack: no visible global function definition for ‘na.omit’
    .ffffStack: no visible global function definition for ‘na.omit’
    Stack : <anonymous>: no visible global function definition for
     ‘na.omit’
    ffStack,ffdf-data.frame: no visible global function definition for
     ‘na.omit’
    ffStack,ffdf-ffdf: no visible global function definition for ‘na.omit’
    ffStack,ffdf-list: no visible global function definition for ‘na.omit’
    Undefined global functions or variables:
     na.omit
    Consider adding
     importFrom("stats", "na.omit")
    to your NAMESPACE file.
Flavors: r-devel-linux-x86_64-debian-clang, r-devel-linux-x86_64-debian-gcc, r-devel-windows-ix86+x86_64, r-patched-linux-x86_64, r-patched-solaris-sparc, r-patched-solaris-x86, r-release-linux-x86_64, r-release-windows-ix86+x86_64, r-release-osx-x86_64, r-oldrel-windows-ix86+x86_64, r-oldrel-osx-x86_64

Version: 2.0-1
Flags: --no-stop-on-test-error
Check: R code for possible problems
Result: NOTE
    .expandLevels: no visible global function definition for ‘na.omit’
    .ffStack: no visible global function definition for ‘na.omit’
    .ffffStack: no visible global function definition for ‘na.omit’
    Stack : <anonymous>: no visible global function definition for
     ‘na.omit’
    ffStack,ffdf-data.frame: no visible global function definition for
     ‘na.omit’
    ffStack,ffdf-ffdf: no visible global function definition for ‘na.omit’
    ffStack,ffdf-list: no visible global function definition for ‘na.omit’
    Undefined global functions or variables:
     na.omit
    Consider adding
     importFrom("stats", "na.omit")
    to your NAMESPACE file.
Flavors: r-devel-linux-x86_64-fedora-clang, r-devel-linux-x86_64-fedora-gcc