CRAN Package Check Results for Package StatCharrms

Last updated on 2020-08-11 12:50:16 CEST.

Flavor Version Tinstall Tcheck Ttotal Status Flags
r-devel-linux-x86_64-debian-clang 0.90.95 14.38 147.27 161.65 OK
r-devel-linux-x86_64-debian-gcc 0.90.95 11.55 110.95 122.50 OK
r-devel-linux-x86_64-fedora-clang 0.90.95 206.64 OK
r-devel-linux-x86_64-fedora-gcc 0.90.95 193.04 OK
r-devel-windows-ix86+x86_64 0.90.95 43.00 210.00 253.00 OK
r-patched-linux-x86_64 0.90.95 15.52 143.07 158.59 OK
r-patched-solaris-x86 0.90.95 297.60 OK
r-release-linux-x86_64 0.90.95 15.92 0.38 16.30 FAIL
r-release-macos-x86_64 0.90.95 OK
r-release-windows-ix86+x86_64 0.90.95 45.00 214.00 259.00 OK
r-oldrel-macos-x86_64 0.90.95 ERROR
r-oldrel-windows-ix86+x86_64 0.90.95 27.00 135.00 162.00 OK

Check Details

Version: 0.90.95
Check: package dependencies
Result: FAIL
Flavor: r-release-linux-x86_64

Version: 0.90.95
Check: package dependencies
Result: ERROR
    Package required but not available: ‘gWidgets2RGtk2’
    
    See section ‘The DESCRIPTION file’ in the ‘Writing R Extensions’
    manual.
Flavor: r-oldrel-macos-x86_64