CRAN Package Check Results for Package StatDA

Last updated on 2015-04-18 08:48:55.

Flavor Version Tinstall Tcheck Ttotal Status Flags
r-devel-linux-x86_64-debian-clang 1.6.7 4.98 104.46 109.44 NOTE
r-devel-linux-x86_64-debian-gcc 1.6.7 4.84 101.27 106.11 NOTE
r-devel-linux-x86_64-fedora-clang 1.6.7 199.85 NOTE
r-devel-linux-x86_64-fedora-gcc 1.6.7 193.43 NOTE
r-devel-osx-x86_64-clang 1.6.7 172.41 NOTE
r-prerel-windows-ix86+x86_64 1.6.7 17.00 137.00 154.00 NOTE
r-prerel-linux-x86_64 1.6.7 5.86 101.33 107.18 NOTE
r-prerel-solaris-sparc 1.6.7 1729.70 NOTE
r-prerel-solaris-x86 1.6.7 331.40 NOTE
r-release-linux-x86_64 1.6.7 6.56 122.08 128.64 NOTE
r-release-osx-x86_64-mavericks 1.6.7 NOTE
r-release-osx-x86_64-snowleopard 1.6.7 OK
r-release-windows-ix86+x86_64 1.6.7 24.00 228.00 252.00 NOTE
r-oldrel-windows-ix86+x86_64 1.6.7 24.00 168.00 192.00 OK

Check Details

Version: 1.6.7
Check: S3 generic/method consistency
Result: NOTE
    Found the following apparent S3 methods exported but not registered:
     print.corsign
    See section ‘Registering S3 methods’ in the ‘Writing R Extensions’
    manual.
Flavors: r-devel-linux-x86_64-debian-clang, r-devel-linux-x86_64-debian-gcc, r-devel-linux-x86_64-fedora-clang, r-devel-linux-x86_64-fedora-gcc, r-devel-osx-x86_64-clang, r-prerel-linux-x86_64

Version: 1.6.7
Check: R code for possible problems
Result: NOTE
    rg.robmva: no visible global function definition for ‘cov.mve’
Flavors: r-devel-linux-x86_64-debian-clang, r-devel-linux-x86_64-debian-gcc, r-devel-linux-x86_64-fedora-clang, r-devel-linux-x86_64-fedora-gcc, r-devel-osx-x86_64-clang, r-prerel-windows-ix86+x86_64, r-prerel-linux-x86_64, r-prerel-solaris-sparc, r-prerel-solaris-x86, r-release-linux-x86_64, r-release-osx-x86_64-mavericks, r-release-windows-ix86+x86_64