CRAN Package Check Results for Package StatDA

Last updated on 2014-09-02 15:49:09.

Flavor Version Tinstall Tcheck Ttotal Status Flags
r-devel-linux-x86_64-debian-clang 1.6.7 6.24 113.56 119.80 NOTE
r-devel-linux-x86_64-debian-gcc 1.6.7 6.11 110.53 116.64 NOTE
r-devel-linux-x86_64-fedora-clang 1.6.7 269.88 NOTE
r-devel-linux-x86_64-fedora-gcc 1.6.7 255.37 NOTE
r-devel-osx-x86_64-clang 1.6.7 199.59 NOTE
r-devel-windows-ix86+x86_64 1.6.7 18.00 153.00 171.00 NOTE
r-patched-linux-x86_64 1.6.7 6.22 115.09 121.31 OK
r-patched-solaris-sparc 1.6.7 1974.50 OK
r-patched-solaris-x86 1.6.7 402.20 OK
r-release-linux-ix86 1.6.7 7.58 144.82 152.41 OK
r-release-linux-x86_64 1.6.7 7.03 104.75 111.78 OK
r-release-osx-x86_64-mavericks 1.6.7 OK
r-release-osx-x86_64-snowleopard 1.6.7 OK
r-release-windows-ix86+x86_64 1.6.7 16.00 165.00 181.00 OK
r-oldrel-windows-ix86+x86_64 1.6.7 16.00 166.00 182.00 OK

Check Details

Version: 1.6.7
Check: R code for possible problems
Result: NOTE
    rg.robmva: no visible global function definition for ‘cov.mve’
Flavors: r-devel-linux-x86_64-debian-clang, r-devel-linux-x86_64-debian-gcc, r-devel-linux-x86_64-fedora-clang, r-devel-linux-x86_64-fedora-gcc, r-devel-osx-x86_64-clang, r-devel-windows-ix86+x86_64