CRAN Package Check Results for Package StatDA

Last updated on 2014-12-20 09:53:56.

Flavor Version Tinstall Tcheck Ttotal Status Flags
r-devel-linux-x86_64-debian-clang 1.6.7 8.61 139.61 148.22 NOTE
r-devel-linux-x86_64-debian-gcc 1.6.7 8.11 138.55 146.66 NOTE
r-devel-linux-x86_64-fedora-clang 1.6.7 312.90 NOTE
r-devel-linux-x86_64-fedora-gcc 1.6.7 298.63 NOTE
r-devel-osx-x86_64-clang 1.6.7 278.34 NOTE
r-devel-windows-ix86+x86_64 1.6.7 47.00 196.00 243.00 NOTE
r-patched-linux-x86_64 1.6.7 8.37 145.50 153.87 NOTE
r-patched-solaris-sparc 1.6.7 2254.60 NOTE
r-patched-solaris-x86 1.6.7 496.50 NOTE
r-release-linux-ix86 1.6.7 9.99 171.40 181.40 NOTE
r-release-linux-x86_64 1.6.7 8.48 146.68 155.17 NOTE
r-release-osx-x86_64-mavericks 1.6.7 OK
r-release-osx-x86_64-snowleopard 1.6.7 OK
r-release-windows-ix86+x86_64 1.6.7 34.00 218.00 252.00 NOTE
r-oldrel-windows-ix86+x86_64 1.6.7 32.00 226.00 258.00 OK

Check Details

Version: 1.6.7
Check: R code for possible problems
Result: NOTE
    rg.robmva: no visible global function definition for ‘cov.mve’
Flavors: r-devel-linux-x86_64-debian-clang, r-devel-linux-x86_64-debian-gcc, r-devel-linux-x86_64-fedora-clang, r-devel-linux-x86_64-fedora-gcc, r-devel-osx-x86_64-clang, r-devel-windows-ix86+x86_64, r-patched-linux-x86_64, r-patched-solaris-sparc, r-patched-solaris-x86, r-release-linux-ix86, r-release-linux-x86_64, r-release-windows-ix86+x86_64