CRAN Package Check Results for Package StatDA

Last updated on 2015-05-29 23:48:18.

Flavor Version Tinstall Tcheck Ttotal Status Flags
r-devel-linux-x86_64-debian-clang 1.6.9 5.09 110.00 115.09 NOTE
r-devel-linux-x86_64-debian-gcc 1.6.9 4.86 106.85 111.71 NOTE
r-devel-linux-x86_64-fedora-clang 1.6.9 218.79 NOTE
r-devel-linux-x86_64-fedora-gcc 1.6.9 205.68 NOTE
r-devel-osx-x86_64-clang 1.6.9 201.41 NOTE
r-devel-windows-ix86+x86_64 1.6.9 15.00 148.00 163.00 NOTE
r-patched-linux-x86_64 1.6.9 4.90 107.08 111.98 NOTE
r-patched-solaris-sparc 1.6.9 1840.50 NOTE
r-patched-solaris-x86 1.6.9 373.00 NOTE
r-release-linux-x86_64 1.6.9 4.78 106.84 111.62 NOTE
r-release-osx-x86_64-mavericks 1.6.9 NOTE
r-release-osx-x86_64-snowleopard 1.6.9 NOTE
r-release-windows-ix86+x86_64 1.6.9 14.00 151.00 165.00 NOTE
r-oldrel-windows-ix86+x86_64 1.6.9 17.00 168.00 185.00 NOTE

Check Details

Version: 1.6.9
Check: S3 generic/method consistency
Result: NOTE
    Found the following apparent S3 methods exported but not registered:
     print.corsign
    See section ‘Registering S3 methods’ in the ‘Writing R Extensions’
    manual.
Flavors: r-devel-linux-x86_64-debian-clang, r-devel-linux-x86_64-debian-gcc, r-devel-linux-x86_64-fedora-clang, r-devel-linux-x86_64-fedora-gcc, r-devel-osx-x86_64-clang, r-patched-linux-x86_64, r-patched-solaris-sparc, r-patched-solaris-x86, r-release-linux-x86_64

Version: 1.6.9
Check: R code for possible problems
Result: NOTE
    rg.robmva: no visible global function definition for ‘cov.mve’
Flavors: r-devel-linux-x86_64-debian-clang, r-devel-linux-x86_64-debian-gcc, r-devel-linux-x86_64-fedora-clang, r-devel-linux-x86_64-fedora-gcc, r-devel-osx-x86_64-clang, r-devel-windows-ix86+x86_64, r-patched-linux-x86_64, r-patched-solaris-sparc, r-patched-solaris-x86, r-release-linux-x86_64, r-release-osx-x86_64-mavericks, r-release-osx-x86_64-snowleopard, r-release-windows-ix86+x86_64, r-oldrel-windows-ix86+x86_64