CRAN Package Check Results for Package StatDA

Last updated on 2014-04-19 09:52:28.

Flavor Version Tinstall Tcheck Ttotal Status Flags
r-devel-linux-x86_64-debian-clang 1.6.7 7.13 119.08 126.22 OK
r-devel-linux-x86_64-debian-gcc 1.6.7 6.70 117.19 123.89 OK
r-devel-linux-x86_64-fedora-clang 1.6.7 270.84 OK
r-devel-linux-x86_64-fedora-gcc 1.6.7 263.20 OK
r-devel-macosx-x86_64-clang 1.6.7 197.02 OK
r-devel-macosx-x86_64-gcc 1.6.7 ERROR
r-devel-windows-ix86+x86_64 1.6.7 18.00 148.00 166.00 OK
r-patched-linux-x86_64 1.6.7 6.55 118.82 125.37 OK
r-patched-solaris-sparc 1.6.7 1909.80 OK
r-patched-solaris-x86 1.6.7 396.80 OK
r-release-linux-ix86 1.6.7 12.00 196.00 208.00 OK
r-release-linux-x86_64 1.6.7 6.54 117.70 124.24 OK
r-release-macosx-x86_64 1.6.7 OK
r-release-windows-ix86+x86_64 1.6.7 22.00 155.00 177.00 OK
r-oldrel-windows-ix86+x86_64 1.6.7 20.00 159.00 179.00 OK

Check Details

Version: 1.6.7
Check: package dependencies
Result: ERROR
    Packages required but not available: ‘geoR’ ‘robustbase’
    
    See the information on DESCRIPTION files in the chapter ‘Creating R
    packages’ of the ‘Writing R Extensions’ manual.
Flavor: r-devel-macosx-x86_64-gcc