CRAN Package Check Results for Package StatDA

Last updated on 2014-10-31 11:47:35.

Flavor Version Tinstall Tcheck Ttotal Status Flags
r-devel-linux-x86_64-debian-clang 1.6.7 8.21 140.14 148.35 NOTE
r-devel-linux-x86_64-debian-gcc 1.6.7 7.85 138.83 146.68 NOTE
r-devel-linux-x86_64-fedora-clang 1.6.7 316.70 NOTE
r-devel-linux-x86_64-fedora-gcc 1.6.7 302.93 NOTE
r-devel-osx-x86_64-clang 1.6.7 320.67 NOTE
r-devel-windows-ix86+x86_64 1.6.7 33.00 187.00 220.00 NOTE
r-patched-linux-x86_64 1.6.7 8.38 143.88 152.27 NOTE
r-patched-solaris-sparc 1.6.7 2254.60 NOTE
r-patched-solaris-x86 1.6.7 492.70 NOTE
r-release-linux-ix86 1.6.7 11.00 183.00 194.00 OK
r-release-linux-x86_64 1.6.7 8.60 146.36 154.96 OK
r-release-osx-x86_64-mavericks 1.6.7 OK
r-release-osx-x86_64-snowleopard 1.6.7 OK
r-release-windows-ix86+x86_64 1.6.7 33.00 201.00 234.00 OK
r-oldrel-windows-ix86+x86_64 1.6.7 29.00 201.00 230.00 OK

Check Details

Version: 1.6.7
Check: R code for possible problems
Result: NOTE
    rg.robmva: no visible global function definition for ‘cov.mve’
Flavors: r-devel-linux-x86_64-debian-clang, r-devel-linux-x86_64-debian-gcc, r-devel-linux-x86_64-fedora-clang, r-devel-linux-x86_64-fedora-gcc, r-devel-osx-x86_64-clang, r-devel-windows-ix86+x86_64, r-patched-linux-x86_64, r-patched-solaris-sparc, r-patched-solaris-x86