CRAN Package Check Results for Package StatDA

Last updated on 2015-01-31 08:49:55.

Flavor Version Tinstall Tcheck Ttotal Status Flags
r-devel-linux-x86_64-debian-clang 1.6.7 4.79 99.22 104.00 NOTE
r-devel-linux-x86_64-debian-gcc 1.6.7 4.64 98.26 102.90 NOTE
r-devel-linux-x86_64-fedora-clang 1.6.7 248.71 NOTE
r-devel-linux-x86_64-fedora-gcc 1.6.7 241.85 NOTE
r-devel-osx-x86_64-clang 1.6.7 217.97 NOTE
r-devel-windows-ix86+x86_64 1.6.7 15.00 127.00 142.00 NOTE
r-patched-linux-x86_64 1.6.7 6.37 122.76 129.12 NOTE
r-patched-solaris-sparc 1.6.7 2339.40 NOTE
r-patched-solaris-x86 1.6.7 403.60 NOTE
r-release-linux-ix86 1.6.7 7.38 139.30 146.68 NOTE
r-release-linux-x86_64 1.6.7 6.29 119.18 125.47 NOTE
r-release-osx-x86_64-mavericks 1.6.7 NOTE
r-release-osx-x86_64-snowleopard 1.6.7 OK
r-release-windows-ix86+x86_64 1.6.7 19.00 166.00 185.00 NOTE
r-oldrel-windows-ix86+x86_64 1.6.7 20.00 170.00 190.00 OK

Check Details

Version: 1.6.7
Check: S3 generic/method consistency
Result: NOTE
    Found the following apparent S3 methods exported but not registered:
     print.corsign
    See section ‘Registering S3 methods’ in the ‘Writing R Extensions’
    manual.
Flavors: r-devel-linux-x86_64-debian-clang, r-devel-linux-x86_64-debian-gcc, r-devel-linux-x86_64-fedora-clang, r-devel-linux-x86_64-fedora-gcc, r-devel-osx-x86_64-clang

Version: 1.6.7
Check: R code for possible problems
Result: NOTE
    rg.robmva: no visible global function definition for ‘cov.mve’
Flavors: r-devel-linux-x86_64-debian-clang, r-devel-linux-x86_64-debian-gcc, r-devel-linux-x86_64-fedora-clang, r-devel-linux-x86_64-fedora-gcc, r-devel-osx-x86_64-clang, r-devel-windows-ix86+x86_64, r-patched-linux-x86_64, r-patched-solaris-sparc, r-patched-solaris-x86, r-release-linux-ix86, r-release-linux-x86_64, r-release-osx-x86_64-mavericks, r-release-windows-ix86+x86_64