CRAN Package Check Results for Package StatDA

Last updated on 2015-03-01 08:49:05.

Flavor Version Tinstall Tcheck Ttotal Status Flags
r-devel-linux-x86_64-debian-clang 1.6.7 5.09 102.44 107.53 NOTE
r-devel-linux-x86_64-debian-gcc 1.6.7 4.55 100.14 104.69 NOTE
r-devel-linux-x86_64-fedora-clang 1.6.7 204.51 NOTE
r-devel-linux-x86_64-fedora-gcc 1.6.7 199.43 NOTE
r-devel-osx-x86_64-clang 1.6.7 171.03 NOTE
r-devel-windows-ix86+x86_64 1.6.7 20.00 139.00 159.00 NOTE
r-patched-linux-x86_64 1.6.7 7.00 122.20 129.19 NOTE
r-patched-solaris-sparc 1.6.7 2339.40 NOTE
r-patched-solaris-x86 1.6.7 406.40 NOTE
r-release-linux-ix86 1.6.7 7.62 150.53 158.14 NOTE
r-release-linux-x86_64 1.6.7 6.54 121.00 127.54 NOTE
r-release-osx-x86_64-mavericks 1.6.7 NOTE
r-release-osx-x86_64-snowleopard 1.6.7 OK
r-release-windows-ix86+x86_64 1.6.7 19.00 165.00 184.00 NOTE
r-oldrel-windows-ix86+x86_64 1.6.7 19.00 176.00 195.00 OK

Check Details

Version: 1.6.7
Check: S3 generic/method consistency
Result: NOTE
    Found the following apparent S3 methods exported but not registered:
     print.corsign
    See section ‘Registering S3 methods’ in the ‘Writing R Extensions’
    manual.
Flavors: r-devel-linux-x86_64-debian-clang, r-devel-linux-x86_64-debian-gcc, r-devel-linux-x86_64-fedora-clang, r-devel-linux-x86_64-fedora-gcc, r-devel-osx-x86_64-clang

Version: 1.6.7
Check: R code for possible problems
Result: NOTE
    rg.robmva: no visible global function definition for ‘cov.mve’
Flavors: r-devel-linux-x86_64-debian-clang, r-devel-linux-x86_64-debian-gcc, r-devel-linux-x86_64-fedora-clang, r-devel-linux-x86_64-fedora-gcc, r-devel-osx-x86_64-clang, r-devel-windows-ix86+x86_64, r-patched-linux-x86_64, r-patched-solaris-sparc, r-patched-solaris-x86, r-release-linux-ix86, r-release-linux-x86_64, r-release-osx-x86_64-mavericks, r-release-windows-ix86+x86_64