CRAN Package Check Results for Package StatDA

Last updated on 2014-11-23 16:46:42.

Flavor Version Tinstall Tcheck Ttotal Status Flags
r-devel-linux-x86_64-debian-clang 1.6.7 8.14 142.66 150.80 NOTE
r-devel-linux-x86_64-debian-gcc 1.6.7 8.32 138.82 147.14 NOTE
r-devel-linux-x86_64-fedora-clang 1.6.7 306.43 NOTE
r-devel-linux-x86_64-fedora-gcc 1.6.7 294.91 NOTE
r-devel-osx-x86_64-clang 1.6.7 273.24 NOTE
r-devel-windows-ix86+x86_64 1.6.7 26.00 179.00 205.00 NOTE
r-patched-linux-x86_64 1.6.7 8.34 144.01 152.35 NOTE
r-patched-solaris-sparc 1.6.7 2254.60 NOTE
r-patched-solaris-x86 1.6.7 495.00 NOTE
r-release-linux-ix86 1.6.7 10.47 170.20 180.67 NOTE
r-release-linux-x86_64 1.6.7 8.17 145.52 153.70 NOTE
r-release-osx-x86_64-mavericks 1.6.7 OK
r-release-osx-x86_64-snowleopard 1.6.7 OK
r-release-windows-ix86+x86_64 1.6.7 34.00 207.00 241.00 NOTE
r-oldrel-windows-ix86+x86_64 1.6.7 28.00 205.00 233.00 OK

Check Details

Version: 1.6.7
Check: R code for possible problems
Result: NOTE
    rg.robmva: no visible global function definition for ‘cov.mve’
Flavors: r-devel-linux-x86_64-debian-clang, r-devel-linux-x86_64-debian-gcc, r-devel-linux-x86_64-fedora-clang, r-devel-linux-x86_64-fedora-gcc, r-devel-osx-x86_64-clang, r-devel-windows-ix86+x86_64, r-patched-linux-x86_64, r-patched-solaris-sparc, r-patched-solaris-x86, r-release-linux-ix86, r-release-linux-x86_64, r-release-windows-ix86+x86_64