CRAN Package Check Results for Package StatDA

Last updated on 2020-07-04 13:53:42 CEST.

Flavor Version Tinstall Tcheck Ttotal Status Flags
r-devel-linux-x86_64-debian-clang 1.7.4 19.87 143.94 163.81 OK
r-devel-linux-x86_64-debian-gcc 1.7.4 15.49 111.46 126.95 OK
r-devel-linux-x86_64-fedora-clang 1.7.4 207.59 NOTE
r-devel-linux-x86_64-fedora-gcc 1.7.4 197.72 OK
r-devel-windows-ix86+x86_64 1.7.4 46.00 224.00 270.00 OK
r-patched-linux-x86_64 1.7.4 18.68 142.90 161.58 OK
r-patched-solaris-x86 1.7.4 300.60 OK
r-release-linux-x86_64 1.7.4 20.58 141.43 162.01 OK
r-release-osx-x86_64 1.7.4 OK
r-release-windows-ix86+x86_64 1.7.4 33.00 149.00 182.00 OK
r-oldrel-osx-x86_64 1.7.4 WARN
r-oldrel-windows-ix86+x86_64 1.7.4 47.00 198.00 245.00 OK

Check Details

Version: 1.7.4
Check: Rd cross-references
Result: NOTE
    Undeclared package ‘rgr’ in Rd xrefs
Flavor: r-devel-linux-x86_64-fedora-clang

Version: 1.7.4
Check: whether package can be installed
Result: WARN
    Found the following significant warnings:
     Warning: 'rgl.init' failed, running with 'rgl.useNULL = TRUE'.
Flavor: r-oldrel-osx-x86_64

Version: 1.7.4
Check: dependencies in R code
Result: NOTE
    No protocol specified
    No protocol specified
Flavor: r-oldrel-osx-x86_64

Version: 1.7.4
Check: S3 generic/method consistency
Result: WARN
    No protocol specified
    No protocol specified
    See section ‘Generic functions and methods’ in the ‘Writing R
    Extensions’ manual.
Flavor: r-oldrel-osx-x86_64

Version: 1.7.4
Check: replacement functions
Result: WARN
    No protocol specified
    No protocol specified
    The argument of a replacement function which corresponds to the right
    hand side must be named ‘value’.
Flavor: r-oldrel-osx-x86_64

Version: 1.7.4
Check: foreign function calls
Result: NOTE
    No protocol specified
    No protocol specified
    See chapter ‘System and foreign language interfaces’ in the ‘Writing R
    Extensions’ manual.
Flavor: r-oldrel-osx-x86_64

Version: 1.7.4
Check: R code for possible problems
Result: NOTE
    No protocol specified
    No protocol specified
Flavor: r-oldrel-osx-x86_64

Version: 1.7.4
Check: for missing documentation entries
Result: WARN
    No protocol specified
    No protocol specified
    All user-level objects in a package should have documentation entries.
    See chapter ‘Writing R documentation files’ in the ‘Writing R
    Extensions’ manual.
Flavor: r-oldrel-osx-x86_64

Version: 1.7.4
Check: for code/documentation mismatches
Result: WARN
    No protocol specified
    No protocol specified
    No protocol specified
    No protocol specified
    No protocol specified
    No protocol specified
Flavor: r-oldrel-osx-x86_64

Version: 1.7.4
Check: Rd \usage sections
Result: NOTE
    No protocol specified
    No protocol specified
    The \usage entries for S3 methods should use the \method markup and not
    their full name.
    See chapter ‘Writing R documentation files’ in the ‘Writing R
    Extensions’ manual.
Flavor: r-oldrel-osx-x86_64