CRAN Package Check Results for Package StatDataML

Last updated on 2020-07-03 14:50:14 CEST.

Flavor Version Tinstall Tcheck Ttotal Status Flags
r-devel-linux-x86_64-debian-clang 1.0-26 3.20 30.35 33.55 NOTE
r-devel-linux-x86_64-debian-gcc 1.0-26 2.51 24.36 26.87 NOTE
r-devel-linux-x86_64-fedora-clang 1.0-26 49.41 NOTE
r-devel-linux-x86_64-fedora-gcc 1.0-26 41.32 NOTE
r-devel-windows-ix86+x86_64 1.0-26 12.00 65.00 77.00 OK
r-patched-linux-x86_64 1.0-26 3.25 30.55 33.80 NOTE
r-patched-solaris-x86 1.0-26 62.60 NOTE
r-release-linux-x86_64 1.0-26 3.15 30.56 33.71 NOTE
r-release-osx-x86_64 1.0-26 OK
r-release-windows-ix86+x86_64 1.0-26 6.00 43.00 49.00 OK
r-oldrel-osx-x86_64 1.0-26 OK
r-oldrel-windows-ix86+x86_64 1.0-26 6.00 61.00 67.00 OK

Check Details

Version: 1.0-26
Check: for non-standard things in the check directory
Result: NOTE
    Found the following files/directories:
     'testmat.sdml' 'testmat2.sdml'
Flavors: r-devel-linux-x86_64-debian-clang, r-devel-linux-x86_64-debian-gcc, r-devel-linux-x86_64-fedora-clang, r-devel-linux-x86_64-fedora-gcc, r-patched-linux-x86_64, r-patched-solaris-x86, r-release-linux-x86_64