CRAN Package Check Results for Package StatDataML

Last updated on 2015-03-30 15:49:27.

Flavor Version Tinstall Tcheck Ttotal Status Flags
r-devel-linux-x86_64-debian-clang 1.0-25 0.86 14.96 15.82 NOTE
r-devel-linux-x86_64-debian-gcc 1.0-25 0.84 14.72 15.56 NOTE
r-devel-linux-x86_64-fedora-clang 1.0-25 32.67 NOTE
r-devel-linux-x86_64-fedora-gcc 1.0-25 29.79 NOTE
r-devel-osx-x86_64-clang 1.0-25 36.06 NOTE
r-prerel-windows-ix86+x86_64 1.0-25 5.00 24.00 29.00 NOTE
r-prerel-linux-x86_64 1.0-25 0.83 14.80 15.64 NOTE
r-prerel-solaris-sparc 1.0-25 181.90 NOTE
r-prerel-solaris-x86 1.0-25 41.80 NOTE
r-release-linux-x86_64 1.0-25 1.04 16.91 17.95 OK
r-release-osx-x86_64-mavericks 1.0-25 OK
r-release-osx-x86_64-snowleopard 1.0-25 OK
r-release-windows-ix86+x86_64 1.0-25 4.00 27.00 31.00 OK
r-oldrel-windows-ix86+x86_64 1.0-25 4.00 26.00 30.00 OK

Check Details

Version: 1.0-25
Check: DESCRIPTION meta-information
Result: NOTE
    Malformed Description field: should contain one or more complete sentences.
Flavors: r-devel-linux-x86_64-debian-clang, r-devel-linux-x86_64-debian-gcc, r-devel-linux-x86_64-fedora-clang, r-devel-linux-x86_64-fedora-gcc, r-devel-osx-x86_64-clang, r-prerel-windows-ix86+x86_64, r-prerel-linux-x86_64, r-prerel-solaris-sparc, r-prerel-solaris-x86