CRAN Package Check Results for Package StatDataML

Last updated on 2014-04-24 19:54:09.

Flavor Version Tinstall Tcheck Ttotal Status Flags
r-devel-linux-x86_64-debian-clang 1.0-25 1.13 16.64 17.77 OK
r-devel-linux-x86_64-debian-gcc 1.0-25 1.17 16.42 17.59 OK
r-devel-linux-x86_64-fedora-clang 1.0-25 39.53 OK
r-devel-linux-x86_64-fedora-gcc 1.0-25 37.50 OK
r-devel-osx-x86_64-clang 1.0-25 33.58 OK
r-devel-osx-x86_64-gcc 1.0-25 ERROR
r-devel-windows-ix86+x86_64 1.0-25 3.00 24.00 27.00 OK
r-patched-linux-x86_64 1.0-25 1.12 17.52 18.64 OK
r-patched-solaris-sparc 1.0-25 205.00 OK
r-patched-solaris-x86 1.0-25 50.10 OK
r-release-linux-ix86 1.0-25 2.00 33.00 35.00 OK
r-release-linux-x86_64 1.0-25 1.19 16.44 17.62 OK
r-release-osx-x86_64-mavericks 1.0-25 WARN
r-release-osx-x86_64-snowleopard 1.0-25 OK
r-release-windows-ix86+x86_64 1.0-25 6.00 33.00 39.00 OK
r-oldrel-windows-ix86+x86_64 1.0-25 4.00 32.00 36.00 OK

Check Details

Version: 1.0-25
Check: package dependencies
Result: ERROR
    Package required but not available: ‘XML’
    
    See the information on DESCRIPTION files in the chapter ‘Creating R
    packages’ of the ‘Writing R Extensions’ manual.
Flavor: r-devel-osx-x86_64-gcc

Version: 1.0-25
Check: PDF version of manual
Result: WARNING
    LaTeX errors when creating PDF version.
    This typically indicates Rd problems.
    LaTeX errors found:
    ! LaTeX Error: File `upquote.sty' not found.
    
    Type X to quit or <RETURN> to proceed,
    or enter new name. (Default extension: sty)
    
    e7cea1f/Rd2.tex:8: ==> Fatal error occurred, no output PDF file produced!
Flavor: r-release-osx-x86_64-mavericks