CRAN Package Check Results for Package StatDataML

Last updated on 2015-02-28 05:48:15.

Flavor Version Tinstall Tcheck Ttotal Status Flags
r-devel-linux-x86_64-debian-clang 1.0-25 0.89 15.35 16.24 NOTE
r-devel-linux-x86_64-debian-gcc 1.0-25 1.05 14.66 15.71 NOTE
r-devel-linux-x86_64-fedora-clang 1.0-25 32.18 NOTE
r-devel-linux-x86_64-fedora-gcc 1.0-25 30.95 NOTE
r-devel-osx-x86_64-clang 1.0-25 32.86 NOTE
r-devel-windows-ix86+x86_64 1.0-25 4.00 23.00 27.00 NOTE
r-patched-linux-x86_64 1.0-25 1.06 16.76 17.82 OK
r-patched-solaris-sparc 1.0-25 231.10 OK
r-release-linux-ix86 1.0-25 2.02 26.20 28.21 OK
r-release-linux-x86_64 1.0-25 1.04 17.18 18.22 OK
r-release-osx-x86_64-mavericks 1.0-25 OK
r-release-osx-x86_64-snowleopard 1.0-25 OK
r-release-windows-ix86+x86_64 1.0-25 3.00 24.00 27.00 OK
r-oldrel-windows-ix86+x86_64 1.0-25 4.00 24.00 28.00 OK

Check Details

Version: 1.0-25
Check: DESCRIPTION meta-information
Result: NOTE
    Malformed Description field: should contain one or more complete sentences.
Flavors: r-devel-linux-x86_64-debian-clang, r-devel-linux-x86_64-debian-gcc, r-devel-linux-x86_64-fedora-clang, r-devel-linux-x86_64-fedora-gcc, r-devel-osx-x86_64-clang, r-devel-windows-ix86+x86_64