CRAN Package Check Results for Package StatDataML

Last updated on 2015-05-27 15:47:10.

Flavor Version Tinstall Tcheck Ttotal Status Flags
r-devel-linux-x86_64-debian-clang 1.0-25 0.88 15.28 16.16 NOTE
r-devel-linux-x86_64-debian-gcc 1.0-25 0.84 14.86 15.70 NOTE
r-devel-linux-x86_64-fedora-clang 1.0-25 32.19 NOTE
r-devel-linux-x86_64-fedora-gcc 1.0-25 30.45 NOTE
r-devel-osx-x86_64-clang 1.0-25 32.54 NOTE
r-devel-windows-ix86+x86_64 1.0-25 3.00 26.00 29.00 NOTE
r-patched-linux-x86_64 1.0-25 0.84 14.91 15.75 NOTE
r-patched-solaris-sparc 1.0-25 205.00 NOTE
r-patched-solaris-x86 1.0-25 43.50 NOTE
r-release-linux-x86_64 1.0-25 0.84 15.02 15.85 NOTE
r-release-osx-x86_64-mavericks 1.0-25 NOTE
r-release-osx-x86_64-snowleopard 1.0-25 ERROR
r-release-windows-ix86+x86_64 1.0-25 3.00 24.00 27.00 NOTE
r-oldrel-windows-ix86+x86_64 1.0-25 4.00 27.00 31.00 OK

Check Details

Version: 1.0-25
Check: DESCRIPTION meta-information
Result: NOTE
    Malformed Description field: should contain one or more complete sentences.
Flavors: r-devel-linux-x86_64-debian-clang, r-devel-linux-x86_64-debian-gcc, r-devel-linux-x86_64-fedora-clang, r-devel-linux-x86_64-fedora-gcc, r-devel-osx-x86_64-clang, r-devel-windows-ix86+x86_64, r-patched-linux-x86_64, r-patched-solaris-sparc, r-patched-solaris-x86, r-release-linux-x86_64, r-release-osx-x86_64-mavericks, r-release-windows-ix86+x86_64

Version: 1.0-25
Check: package dependencies
Result: ERROR
    Package required but not available: ‘XML’
    
    See section ‘The DESCRIPTION file’ in the ‘Writing R Extensions’
    manual.
Flavor: r-release-osx-x86_64-snowleopard