CRAN Package Check Results for Package StatMatch

Last updated on 2014-04-24 19:54:09.

Flavor Version Tinstall Tcheck Ttotal Status Flags
r-devel-linux-x86_64-debian-clang 1.2.1 1.20 72.88 74.07 OK
r-devel-linux-x86_64-debian-gcc 1.2.1 1.15 71.44 72.58 OK
r-devel-linux-x86_64-fedora-clang 1.2.1 150.83 OK
r-devel-linux-x86_64-fedora-gcc 1.2.1 149.36 OK
r-devel-osx-x86_64-clang 1.2.1 119.65 OK
r-devel-osx-x86_64-gcc 1.2.1 ERROR
r-devel-windows-ix86+x86_64 1.2.1 4.00 100.00 104.00 OK
r-patched-linux-x86_64 1.2.1 1.15 71.53 72.68 OK
r-patched-solaris-sparc 1.2.1 295.40 OK --no-vignettes
r-patched-solaris-x86 1.2.1 215.70 OK
r-release-linux-ix86 1.2.1 2.00 113.00 115.00 OK
r-release-linux-x86_64 1.2.1 1.16 72.61 73.77 OK
r-release-osx-x86_64-mavericks 1.2.1 WARN
r-release-osx-x86_64-snowleopard 1.2.1 OK
r-release-windows-ix86+x86_64 1.2.1 4.00 105.00 109.00 OK
r-oldrel-windows-ix86+x86_64 1.2.1 5.00 101.00 106.00 OK

Check Details

Version: 1.2.1
Check: package dependencies
Result: ERROR
    Packages required but not available: ‘proxy’ ‘survey’
    
    Packages suggested but not available for checking: ‘SDaA’ ‘Hmisc’
    
    See the information on DESCRIPTION files in the chapter ‘Creating R
    packages’ of the ‘Writing R Extensions’ manual.
Flavor: r-devel-osx-x86_64-gcc

Version: 1.2.1
Check: PDF version of manual
Result: WARNING
    LaTeX errors when creating PDF version.
    This typically indicates Rd problems.
    LaTeX errors found:
    ! LaTeX Error: File `upquote.sty' not found.
    
    Type X to quit or <RETURN> to proceed,
    or enter new name. (Default extension: sty)
    
    ea1d5df/Rd2.tex:8: ==> Fatal error occurred, no output PDF file produced!
Flavor: r-release-osx-x86_64-mavericks