CRAN Package Check Results for Package StatMatch

Last updated on 2014-09-30 19:47:45.

Flavor Version Tinstall Tcheck Ttotal Status Flags
r-devel-linux-x86_64-debian-clang 1.2.2 1.34 68.66 70.00 NOTE
r-devel-linux-x86_64-debian-gcc 1.2.2 1.19 65.86 67.05 NOTE
r-devel-linux-x86_64-fedora-clang 1.2.2 149.64 NOTE
r-devel-linux-x86_64-fedora-gcc 1.2.2 143.52 NOTE
r-devel-osx-x86_64-clang 1.2.2 122.16 NOTE
r-devel-windows-ix86+x86_64 1.2.2 4.00 89.00 93.00 NOTE
r-patched-linux-x86_64 1.2.2 1.26 70.61 71.87 OK
r-patched-solaris-sparc 1.2.2 349.70 OK --no-vignettes
r-patched-solaris-x86 1.2.2 246.60 OK
r-release-linux-ix86 1.2.2 1.84 89.24 91.08 OK
r-release-linux-x86_64 1.2.2 1.35 70.92 72.28 OK
r-release-osx-x86_64-mavericks 1.2.2 OK
r-release-osx-x86_64-snowleopard 1.2.2 OK
r-release-windows-ix86+x86_64 1.2.2 5.00 102.00 107.00 OK
r-oldrel-windows-ix86+x86_64 1.2.2 5.00 100.00 105.00 OK

Check Details

Version: 1.2.2
Check: R code for possible problems
Result: NOTE
    NND.hotdeck : NND.hd: no visible global function definition for
     ‘lp.assign’
    NND.hotdeck : NND.hd: no visible global function definition for
     ‘lp.transport’
    mixed.mtc: no visible global function definition for ‘lp.assign’
    mixed.mtc: no visible global function definition for ‘lp.transport’
    rankNND.hotdeck : rankNND.hd: no visible global function definition for
     ‘lp.assign’
    rankNND.hotdeck : rankNND.hd: no visible global function definition for
     ‘lp.transport’
Flavors: r-devel-linux-x86_64-debian-clang, r-devel-linux-x86_64-debian-gcc, r-devel-linux-x86_64-fedora-clang, r-devel-linux-x86_64-fedora-gcc, r-devel-osx-x86_64-clang, r-devel-windows-ix86+x86_64