CRAN Package Check Results for Package StatMatch

Last updated on 2014-08-27 18:48:33.

Flavor Version Tinstall Tcheck Ttotal Status Flags
r-devel-linux-x86_64-debian-clang 1.2.2 1.24 69.06 70.29 NOTE
r-devel-linux-x86_64-debian-gcc 1.2.2 1.28 65.76 67.04 NOTE
r-devel-linux-x86_64-fedora-clang 1.2.2 146.87 NOTE
r-devel-linux-x86_64-fedora-gcc 1.2.2 141.85 NOTE
r-devel-osx-x86_64-clang 1.2.2 122.61 NOTE
r-devel-windows-ix86+x86_64 1.2.2 6.00 94.00 100.00 NOTE
r-patched-linux-x86_64 1.2.2 1.22 69.00 70.23 OK
r-patched-solaris-sparc 1.2.2 349.70 OK --no-vignettes
r-patched-solaris-x86 1.2.2 240.70 OK
r-release-linux-ix86 1.2.2 1.94 89.44 91.38 OK
r-release-linux-x86_64 1.2.2 1.42 69.68 71.10 OK
r-release-osx-x86_64-mavericks 1.2.2 OK
r-release-osx-x86_64-snowleopard 1.2.2 OK
r-release-windows-ix86+x86_64 1.2.2 5.00 101.00 106.00 OK
r-oldrel-windows-ix86+x86_64 1.2.2 6.00 101.00 107.00 OK

Check Details

Version: 1.2.2
Check: R code for possible problems
Result: NOTE
    NND.hotdeck : NND.hd: no visible global function definition for
     ‘lp.assign’
    NND.hotdeck : NND.hd: no visible global function definition for
     ‘lp.transport’
    mixed.mtc: no visible global function definition for ‘lp.assign’
    mixed.mtc: no visible global function definition for ‘lp.transport’
    rankNND.hotdeck : rankNND.hd: no visible global function definition for
     ‘lp.assign’
    rankNND.hotdeck : rankNND.hd: no visible global function definition for
     ‘lp.transport’
Flavors: r-devel-linux-x86_64-debian-clang, r-devel-linux-x86_64-debian-gcc, r-devel-linux-x86_64-fedora-clang, r-devel-linux-x86_64-fedora-gcc, r-devel-osx-x86_64-clang, r-devel-windows-ix86+x86_64