CRAN Package Check Results for Package StatMatch

Last updated on 2015-07-02 11:48:45.

Flavor Version Tinstall Tcheck Ttotal Status Flags
r-devel-linux-x86_64-debian-clang 1.2.3 1.08 53.34 54.42 NOTE
r-devel-linux-x86_64-debian-gcc 1.2.3 1.16 52.91 54.06 NOTE
r-devel-linux-x86_64-fedora-clang 1.2.3 103.13 NOTE
r-devel-linux-x86_64-fedora-gcc 1.2.3 98.81 NOTE
r-devel-osx-x86_64-clang 1.2.3 100.17 OK
r-devel-windows-ix86+x86_64 1.2.3 5.00 78.00 83.00 NOTE
r-patched-linux-x86_64 1.2.3 1.26 59.78 61.04 OK
r-patched-solaris-sparc 1.2.3 303.60 OK --no-vignettes
r-patched-solaris-x86 1.2.3 215.00 OK
r-release-linux-x86_64 1.2.3 1.11 59.26 60.37 OK
r-release-osx-x86_64-mavericks 1.2.3 OK
r-release-windows-ix86+x86_64 1.2.3 4.00 93.00 97.00 OK
r-oldrel-windows-ix86+x86_64 1.2.3 9.00 116.00 125.00 OK

Check Details

Version: 1.2.3
Check: R code for possible problems
Result: NOTE
    Fbwidths.by.x: no visible global function definition for ‘combn’
    RANDwNND.hotdeck : RANDwNND.hd: no visible global function definition
     for ‘sd’
    RANDwNND.hotdeck : pps.draw: no visible global function definition for
     ‘runif’
    comb.samples: no visible global function definition for ‘weights’
    comb.samples: no visible global function definition for ‘model.matrix’
    comb.samples: no visible global function definition for ‘as.formula’
    comb.samples: no visible global function definition for ‘xtabs’
    comp.prop: no visible global function definition for ‘qchisq’
    fact2dummy : dum.fcn: no visible global function definition for
     ‘model.matrix’
    harmonize.x: no visible global function definition for ‘weights’
    harmonize.x: no visible global function definition for ‘xtabs’
    harmonize.x: no visible global function definition for ‘as.formula’
    harmonize.x: no visible global function definition for ‘model.matrix’
    mahalanobis.dist: no visible global function definition for ‘var’
    mahalanobis.dist: no visible global function definition for
     ‘mahalanobis’
    mixed.mtc: no visible global function definition for ‘lm’
    mixed.mtc: no visible global function definition for ‘residuals’
    mixed.mtc: no visible global function definition for ‘var’
    mixed.mtc: no visible global function definition for ‘coefficients’
    mixed.mtc: no visible global function definition for ‘cov2cor’
    mixed.mtc: no visible global function definition for ‘cor’
    mixed.mtc: no visible global function definition for ‘rnorm’
    mixed.mtc: no visible global function definition for ‘mahalanobis’
    pw.assoc : V: no visible global function definition for ‘chisq.test’
    pw.assoc: no visible global function definition for ‘model.frame’
    pw.assoc: no visible global function definition for ‘xtabs’
    pw.assoc: no visible global function definition for ‘as.formula’
Flavors: r-devel-linux-x86_64-debian-clang, r-devel-linux-x86_64-debian-gcc, r-devel-linux-x86_64-fedora-gcc, r-devel-windows-ix86+x86_64

Version: 1.2.3
Check: R code for possible problems
Result: NOTE
    Fbwidths.by.x: no visible global function definition for ‘combn’
    RANDwNND.hotdeck : RANDwNND.hd: no visible global function definition
     for ‘sd’
    RANDwNND.hotdeck : pps.draw: no visible global function definition for
     ‘runif’
    comb.samples: no visible global function definition for ‘weights’
    comb.samples: no visible global function definition for ‘model.matrix’
    comb.samples: no visible global function definition for ‘as.formula’
    comb.samples: no visible global function definition for ‘xtabs’
    comp.prop: no visible global function definition for ‘qchisq’
    fact2dummy : dum.fcn: no visible global function definition for
     ‘model.matrix’
    harmonize.x: no visible global function definition for ‘weights’
    harmonize.x: no visible global function definition for ‘xtabs’
    harmonize.x: no visible global function definition for ‘as.formula’
    harmonize.x: no visible global function definition for ‘model.matrix’
    mahalanobis.dist: no visible global function definition for ‘var’
    mahalanobis.dist: no visible global function definition for
     ‘mahalanobis’
    mixed.mtc: no visible global function definition for ‘lm’
    mixed.mtc: no visible global function definition for ‘residuals’
    mixed.mtc: no visible global function definition for ‘var’
    mixed.mtc: no visible global function definition for ‘coefficients’
    mixed.mtc: no visible global function definition for ‘cov2cor’
    mixed.mtc: no visible global function definition for ‘cor’
    mixed.mtc: no visible global function definition for ‘rnorm’
    mixed.mtc: no visible global function definition for ‘mahalanobis’
    pw.assoc : V: no visible global function definition for ‘chisq.test’
    pw.assoc: no visible global function definition for ‘model.frame’
    pw.assoc: no visible global function definition for ‘xtabs’
    pw.assoc: no visible global function definition for ‘as.formula’
    Undefined global functions or variables:
     as.formula chisq.test coefficients combn cor cov2cor lm mahalanobis
     model.frame model.matrix qchisq residuals rnorm runif sd var weights
     xtabs
Flavor: r-devel-linux-x86_64-fedora-clang