CRAN Package Check Results for Package StatMatch

Last updated on 2015-08-30 09:47:44.

Flavor Version Tinstall Tcheck Ttotal Status Flags
r-devel-linux-x86_64-debian-clang 1.2.3 1.04 51.58 52.63 NOTE
r-devel-linux-x86_64-debian-gcc 1.2.3 1.19 51.36 52.55 NOTE
r-devel-linux-x86_64-fedora-clang 1.2.3 99.41 NOTE
r-devel-linux-x86_64-fedora-gcc 1.2.3 94.58 NOTE
r-devel-osx-x86_64-clang 1.2.3 83.08 OK
r-devel-windows-ix86+x86_64 1.2.3 7.00 84.00 91.00 NOTE
r-patched-linux-x86_64 1.2.3 1.11 59.12 60.23 OK
r-patched-solaris-sparc 1.2.3 302.40 OK --no-vignettes
r-patched-solaris-x86 1.2.3 205.70 OK
r-release-linux-x86_64 1.2.3 1.22 59.60 60.81 OK
r-release-osx-x86_64-mavericks 1.2.3 OK
r-release-windows-ix86+x86_64 1.2.3 5.00 97.00 102.00 OK
r-oldrel-windows-ix86+x86_64 1.2.3 8.00 126.00 134.00 OK

Check Details

Version: 1.2.3
Check: R code for possible problems
Result: NOTE
    Fbwidths.by.x: no visible global function definition for ‘combn’
    RANDwNND.hotdeck : RANDwNND.hd: no visible global function definition
     for ‘sd’
    RANDwNND.hotdeck : pps.draw: no visible global function definition for
     ‘runif’
    comb.samples: no visible global function definition for ‘weights’
    comb.samples: no visible global function definition for ‘model.matrix’
    comb.samples: no visible global function definition for ‘as.formula’
    comb.samples: no visible global function definition for ‘xtabs’
    comp.prop: no visible global function definition for ‘qchisq’
    fact2dummy : dum.fcn: no visible global function definition for
     ‘model.matrix’
    harmonize.x: no visible global function definition for ‘weights’
    harmonize.x: no visible global function definition for ‘xtabs’
    harmonize.x: no visible global function definition for ‘as.formula’
    harmonize.x: no visible global function definition for ‘model.matrix’
    mahalanobis.dist: no visible global function definition for ‘var’
    mahalanobis.dist: no visible global function definition for
     ‘mahalanobis’
    mixed.mtc: no visible global function definition for ‘lm’
    mixed.mtc: no visible global function definition for ‘residuals’
    mixed.mtc: no visible global function definition for ‘var’
    mixed.mtc: no visible global function definition for ‘coefficients’
    mixed.mtc: no visible global function definition for ‘cov2cor’
    mixed.mtc: no visible global function definition for ‘cor’
    mixed.mtc: no visible global function definition for ‘rnorm’
    mixed.mtc: no visible global function definition for ‘mahalanobis’
    pw.assoc : V: no visible global function definition for ‘chisq.test’
    pw.assoc: no visible global function definition for ‘model.frame’
    pw.assoc: no visible global function definition for ‘xtabs’
    pw.assoc: no visible global function definition for ‘as.formula’
    Undefined global functions or variables:
     as.formula chisq.test coefficients combn cor cov2cor lm mahalanobis
     model.frame model.matrix qchisq residuals rnorm runif sd var weights
     xtabs
    Consider adding
     importFrom("stats", "as.formula", "chisq.test", "coefficients", "cor",
     "cov2cor", "lm", "mahalanobis", "model.frame",
     "model.matrix", "qchisq", "residuals", "rnorm", "runif",
     "sd", "var", "weights", "xtabs")
     importFrom("utils", "combn")
    to your NAMESPACE.
Flavors: r-devel-linux-x86_64-debian-clang, r-devel-linux-x86_64-debian-gcc, r-devel-linux-x86_64-fedora-clang, r-devel-linux-x86_64-fedora-gcc, r-devel-windows-ix86+x86_64