CRAN Package Check Results for Package StatMatch

Last updated on 2015-05-24 15:47:05.

Flavor Version Tinstall Tcheck Ttotal Status Flags
r-devel-linux-x86_64-debian-clang 1.2.3 1.20 55.08 56.28 OK
r-devel-linux-x86_64-debian-gcc 1.2.3 1.11 51.40 52.51 OK
r-devel-linux-x86_64-fedora-clang 1.2.3 102.76 OK
r-devel-linux-x86_64-fedora-gcc 1.2.3 101.83 OK
r-devel-osx-x86_64-clang 1.2.3 96.83 OK
r-devel-windows-ix86+x86_64 1.2.3 4.00 82.00 86.00 OK
r-patched-linux-x86_64 1.2.3 1.67 58.52 60.19 OK
r-patched-solaris-sparc 1.2.3 303.60 OK --no-vignettes
r-patched-solaris-x86 1.2.3 219.30 OK
r-release-linux-x86_64 1.2.3 1.12 59.98 61.10 OK
r-release-osx-x86_64-mavericks 1.2.3 OK
r-release-osx-x86_64-snowleopard 1.2.3 ERROR
r-release-windows-ix86+x86_64 1.2.3 5.00 94.00 99.00 OK
r-oldrel-windows-ix86+x86_64 1.2.3 6.00 100.00 106.00 OK

Check Details

Version: 1.2.3
Check: package dependencies
Result: ERROR
    Packages required but not available: ‘proxy’ ‘survey’
    
    Package suggested but not available for checking: ‘Hmisc’
    
    See section ‘The DESCRIPTION file’ in the ‘Writing R Extensions’
    manual.
Flavor: r-release-osx-x86_64-snowleopard