CRAN Package Check Results for Package StatMatch

Last updated on 2015-01-27 05:47:46.

Flavor Version Tinstall Tcheck Ttotal Status Flags
r-devel-linux-x86_64-debian-clang 1.2.2 1.12 65.52 66.64 NOTE
r-devel-linux-x86_64-debian-gcc 1.2.2 1.10 62.58 63.68 NOTE
r-devel-linux-x86_64-fedora-clang 1.2.2 141.44 NOTE
r-devel-linux-x86_64-fedora-gcc 1.2.2 142.93 NOTE
r-devel-osx-x86_64-clang 1.2.2 135.58 NOTE
r-devel-windows-ix86+x86_64 1.2.2 4.00 97.00 101.00 NOTE
r-patched-linux-x86_64 1.2.2 1.27 70.74 72.01 NOTE
r-patched-solaris-sparc 1.2.2 351.50 NOTE --no-vignettes
r-patched-solaris-x86 1.2.2 234.10 NOTE
r-release-linux-ix86 1.2.2 1.75 86.85 88.60 NOTE
r-release-linux-x86_64 1.2.2 1.25 74.10 75.34 NOTE
r-release-osx-x86_64-mavericks 1.2.2 NOTE
r-release-osx-x86_64-snowleopard 1.2.2 OK
r-release-windows-ix86+x86_64 1.2.2 7.00 110.00 117.00 NOTE
r-oldrel-windows-ix86+x86_64 1.2.2 8.00 144.00 152.00 OK

Check Details

Version: 1.2.2
Check: dependencies in R code
Result: NOTE
    'library' or 'require' call to ‘lpSolve’ in package code.
     Please use :: or requireNamespace() instead.
     See section 'Suggested packages' in the 'Writing R Extensions' manual.
Flavors: r-devel-linux-x86_64-debian-clang, r-devel-linux-x86_64-debian-gcc, r-devel-linux-x86_64-fedora-clang, r-devel-linux-x86_64-fedora-gcc, r-devel-osx-x86_64-clang, r-devel-windows-ix86+x86_64

Version: 1.2.2
Check: R code for possible problems
Result: NOTE
    NND.hotdeck : NND.hd: no visible global function definition for
     ‘lp.assign’
    NND.hotdeck : NND.hd: no visible global function definition for
     ‘lp.transport’
    mixed.mtc: no visible global function definition for ‘lp.assign’
    mixed.mtc: no visible global function definition for ‘lp.transport’
    rankNND.hotdeck : rankNND.hd: no visible global function definition for
     ‘lp.assign’
    rankNND.hotdeck : rankNND.hd: no visible global function definition for
     ‘lp.transport’
Flavors: r-devel-linux-x86_64-debian-clang, r-devel-linux-x86_64-debian-gcc, r-devel-linux-x86_64-fedora-clang, r-devel-linux-x86_64-fedora-gcc, r-devel-osx-x86_64-clang, r-devel-windows-ix86+x86_64, r-patched-linux-x86_64, r-patched-solaris-x86, r-release-linux-ix86, r-release-linux-x86_64, r-release-osx-x86_64-mavericks, r-release-windows-ix86+x86_64

Version: 1.2.2
Flags: --no-vignettes
Check: R code for possible problems
Result: NOTE
    NND.hotdeck : NND.hd: no visible global function definition for
     ‘lp.assign’
    NND.hotdeck : NND.hd: no visible global function definition for
     ‘lp.transport’
    mixed.mtc: no visible global function definition for ‘lp.assign’
    mixed.mtc: no visible global function definition for ‘lp.transport’
    rankNND.hotdeck : rankNND.hd: no visible global function definition for
     ‘lp.assign’
    rankNND.hotdeck : rankNND.hd: no visible global function definition for
     ‘lp.transport’
Flavor: r-patched-solaris-sparc