CRAN Package Check Results for Package StatMatch

Last updated on 2016-09-25 15:49:05.

Flavor Version Tinstall Tcheck Ttotal Status Flags
r-devel-linux-x86_64-debian-clang 1.2.4 2.62 59.74 62.36 OK
r-devel-linux-x86_64-debian-gcc 1.2.4 2.64 56.72 59.35 OK
r-devel-linux-x86_64-fedora-clang 1.2.4 124.69 OK
r-devel-linux-x86_64-fedora-gcc 1.2.4 117.82 OK
r-devel-macos-x86_64-clang 1.2.4 96.00 OK
r-devel-windows-ix86+x86_64 1.2.4 7.00 114.00 121.00 OK
r-patched-linux-x86_64 1.2.4 2.61 58.12 60.72 OK
r-patched-solaris-sparc 1.2.4 293.30 OK --no-vignettes
r-patched-solaris-x86 1.2.4 192.30 OK
r-release-linux-x86_64 1.2.4 2.66 57.08 59.75 OK
r-release-osx-x86_64-mavericks 1.2.4 OK
r-release-windows-ix86+x86_64 1.2.4 2.00 3.00 5.00 ERROR
r-oldrel-windows-ix86+x86_64 1.2.4 2.00 2.00 4.00 ERROR

Check Details

Version: 1.2.4
Check: whether package can be installed
Result: ERROR
    Installation failed.
Flavors: r-release-windows-ix86+x86_64, r-oldrel-windows-ix86+x86_64