CRAN Package Check Results for Package StatMatch

Last updated on 2018-10-24 02:49:12 CEST.

Flavor Version Tinstall Tcheck Ttotal Status Flags
r-devel-linux-x86_64-debian-clang 1.2.5 6.73 108.81 115.54 OK
r-devel-linux-x86_64-debian-gcc 1.2.5 6.08 83.63 89.71 OK
r-devel-linux-x86_64-fedora-clang 1.2.5 137.99 OK
r-devel-linux-x86_64-fedora-gcc 1.2.5 135.10 OK
r-devel-windows-ix86+x86_64 1.2.5 16.00 135.00 151.00 OK
r-patched-linux-x86_64 1.2.5 6.04 94.10 100.14 OK
r-patched-solaris-x86 1.2.5 229.40 OK
r-release-linux-x86_64 1.2.5 6.73 95.04 101.77 WARN
r-release-windows-ix86+x86_64 1.2.5 14.00 148.00 162.00 OK
r-release-osx-x86_64 1.2.5 OK
r-oldrel-windows-ix86+x86_64 1.2.5 8.00 120.00 128.00 OK
r-oldrel-osx-x86_64 1.2.5 OK

Check Details

Version: 1.2.5
Check: package dependencies
Result: NOTE
    Package suggested but not available for checking: ‘Hmisc’
Flavor: r-release-linux-x86_64

Version: 1.2.5
Check: re-building of vignette outputs
Result: WARN
    Error in re-building vignettes:
     ...
    Loading required package: proxy
    
    Attaching package: ‘proxy’
    
    The following objects are masked from ‘package:stats’:
    
     as.dist, dist
    
    The following object is masked from ‘package:base’:
    
     as.matrix
    
    Loading required package: clue
    Loading required package: survey
    Loading required package: grid
    Loading required package: Matrix
    Loading required package: survival
    
    Attaching package: ‘survey’
    
    The following object is masked from ‘package:graphics’:
    
     dotchart
    
    Loading required package: RANN
    Loading required package: lpSolve
    Loading required package: Hmisc
    
    Error: processing vignette ‘Statistical_Matching_with_StatMatch.Rnw’ failed with diagnostics:
     chunk 4
    Error in spearman2(n.income ~ area5 + urb + hsize + age + sex + marital + :
     could not find function "spearman2"
    Execution halted
Flavor: r-release-linux-x86_64