CRAN Package Check Results for Package StateTrace

Last updated on 2014-04-24 17:49:55.

Flavor Version Tinstall Tcheck Ttotal Status Flags
r-devel-linux-x86_64-debian-clang 1.0-4 1.24 23.00 24.25 NOTE
r-devel-linux-x86_64-debian-gcc 1.0-4 1.22 22.48 23.70 NOTE
r-devel-linux-x86_64-fedora-clang 1.0-4 53.07 NOTE
r-devel-linux-x86_64-fedora-gcc 1.0-4 50.66 NOTE
r-devel-osx-x86_64-clang 1.0-4 44.19 NOTE
r-devel-osx-x86_64-gcc 1.0-4 NOTE
r-devel-windows-ix86+x86_64 1.0-4 4.00 31.00 35.00 NOTE
r-patched-linux-x86_64 1.0-4 1.15 23.45 24.60 NOTE
r-patched-solaris-sparc 1.0-4 257.20 NOTE
r-patched-solaris-x86 1.0-4 82.70 NOTE
r-release-linux-ix86 1.0-4 2.00 44.00 46.00 NOTE
r-release-linux-x86_64 1.0-4 1.26 23.66 24.91 NOTE
r-release-osx-x86_64-mavericks 1.0-4 WARN
r-release-osx-x86_64-snowleopard 1.0-4 NOTE
r-release-windows-ix86+x86_64 1.0-4 5.00 34.00 39.00 NOTE
r-oldrel-windows-ix86+x86_64 1.0-4 5.00 34.00 39.00 NOTE

Check Details

Version: 1.0-4
Check: dependencies in R code
Result: NOTE
    'library' or 'require' calls to packages already attached by Depends:
     ‘KernSmooth’ ‘coda’ ‘fgui’
     Please remove these calls from your code.
    See the information on DESCRIPTION files in the chapter ‘Creating R
    packages’ of the ‘Writing R Extensions’ manual.
Flavors: r-devel-linux-x86_64-debian-clang, r-devel-linux-x86_64-debian-gcc, r-devel-linux-x86_64-fedora-clang, r-devel-linux-x86_64-fedora-gcc, r-devel-osx-x86_64-clang, r-devel-osx-x86_64-gcc, r-devel-windows-ix86+x86_64, r-patched-linux-x86_64, r-patched-solaris-sparc, r-patched-solaris-x86, r-release-linux-ix86, r-release-linux-x86_64, r-release-osx-x86_64-mavericks, r-release-osx-x86_64-snowleopard, r-release-windows-ix86+x86_64, r-oldrel-windows-ix86+x86_64

Version: 1.0-4
Check: R code for possible problems
Result: NOTE
    stSample : bosBFm : boBFm: no visible global function definition for
     ‘updateci’
    staMake: no visible binding for global variable ‘Filters’
    
    Found the following assignments to the global environment:
    File ‘StateTrace/R/staGUI.R’:
     assign(staname, sta, envir = .GlobalEnv)
     assign(mcmcSave, lmcmcl, envir = .GlobalEnv)
     assign(staname, sta, envir = .GlobalEnv)
     assign(bosname, bos, envir = .GlobalEnv)
     assign(staname, bos, envir = .GlobalEnv)
Flavors: r-devel-linux-x86_64-debian-clang, r-devel-linux-x86_64-debian-gcc, r-devel-linux-x86_64-fedora-clang, r-devel-osx-x86_64-clang, r-patched-linux-x86_64, r-release-linux-ix86, r-release-linux-x86_64

Version: 1.0-4
Check: for old-style vignette sources
Result: NOTE
    Vignette sources only in ‘inst/doc’:
     ‘StateTrace.Rnw’
    A ‘vignettes’ directory is required as from R 3.1.0
    and these will not be indexed nor checked
Flavors: r-devel-linux-x86_64-debian-clang, r-devel-linux-x86_64-debian-gcc, r-devel-linux-x86_64-fedora-clang, r-devel-linux-x86_64-fedora-gcc, r-devel-osx-x86_64-clang, r-devel-osx-x86_64-gcc, r-devel-windows-ix86+x86_64, r-patched-linux-x86_64, r-patched-solaris-sparc, r-patched-solaris-x86, r-release-linux-ix86, r-release-linux-x86_64, r-release-osx-x86_64-mavericks, r-release-osx-x86_64-snowleopard, r-release-windows-ix86+x86_64

Version: 1.0-4
Check: R code for possible problems
Result: NOTE
    stSample : bosBFm : boBFm: no visible global function definition for
     ‘updateci’
    staMake: no visible binding for global variable ‘Filters’
Flavors: r-devel-linux-x86_64-fedora-gcc, r-devel-osx-x86_64-gcc, r-patched-solaris-sparc, r-patched-solaris-x86, r-release-osx-x86_64-mavericks, r-release-osx-x86_64-snowleopard

Version: 1.0-4
Check: R code for possible problems
Result: NOTE
    stSample : bosBFm : boBFm: no visible global function definition for
     'updateci'
Flavors: r-devel-windows-ix86+x86_64, r-release-windows-ix86+x86_64, r-oldrel-windows-ix86+x86_64

Version: 1.0-4
Check: PDF version of manual
Result: WARNING
    LaTeX errors when creating PDF version.
    This typically indicates Rd problems.
    LaTeX errors found:
    ! LaTeX Error: File `upquote.sty' not found.
    
    Type X to quit or <RETURN> to proceed,
    or enter new name. (Default extension: sty)
    
    74e1161/Rd2.tex:8: ==> Fatal error occurred, no output PDF file produced!
Flavor: r-release-osx-x86_64-mavericks

Version: 1.0-4
Check: for old-style vignette sources
Result: NOTE
    Vignette sources only in 'inst/doc':
     'StateTrace.Rnw'
    A 'vignettes' directory will be required as from R 3.1.0
Flavor: r-oldrel-windows-ix86+x86_64