CRAN Package Check Results for Package StateTrace

Last updated on 2014-09-20 17:47:32.

Flavor Version Tinstall Tcheck Ttotal Status Flags
r-patched-linux-x86_64 1.0-4 1.09 27.66 28.75 NOTE
r-release-linux-ix86 1.0-4 1.83 31.26 33.10 NOTE
r-release-linux-x86_64 1.0-4 1.45 27.64 29.09 NOTE
r-release-osx-x86_64-mavericks 1.0-4 NOTE
r-release-osx-x86_64-snowleopard 1.0-4 NOTE

Check Details

Version: 1.0-4
Check: dependencies in R code
Result: NOTE
    'library' or 'require' calls to packages already attached by Depends:
     ‘KernSmooth’ ‘coda’ ‘fgui’
     Please remove these calls from your code.
    See the information on DESCRIPTION files in the chapter ‘Creating R
    packages’ of the ‘Writing R Extensions’ manual.
Flavors: r-patched-linux-x86_64, r-release-linux-ix86, r-release-linux-x86_64, r-release-osx-x86_64-mavericks, r-release-osx-x86_64-snowleopard

Version: 1.0-4
Check: R code for possible problems
Result: NOTE
    stSample : bosBFm : boBFm: no visible global function definition for
     ‘updateci’
    staMake: no visible binding for global variable ‘Filters’
    
    Found the following assignments to the global environment:
    File ‘StateTrace/R/staGUI.R’:
     assign(staname, sta, envir = .GlobalEnv)
     assign(mcmcSave, lmcmcl, envir = .GlobalEnv)
     assign(staname, sta, envir = .GlobalEnv)
     assign(bosname, bos, envir = .GlobalEnv)
     assign(staname, bos, envir = .GlobalEnv)
Flavors: r-patched-linux-x86_64, r-release-linux-ix86, r-release-linux-x86_64

Version: 1.0-4
Check: for old-style vignette sources
Result: NOTE
    Vignette sources only in ‘inst/doc’:
     ‘StateTrace.Rnw’
    A ‘vignettes’ directory is required as from R 3.1.0
    and these will not be indexed nor checked
Flavors: r-patched-linux-x86_64, r-release-linux-ix86, r-release-linux-x86_64, r-release-osx-x86_64-mavericks, r-release-osx-x86_64-snowleopard

Version: 1.0-4
Check: R code for possible problems
Result: NOTE
    stSample : bosBFm : boBFm: no visible global function definition for
     ‘updateci’
    staMake: no visible binding for global variable ‘Filters’
Flavors: r-release-osx-x86_64-mavericks, r-release-osx-x86_64-snowleopard