CRAN Package Check Results for Package Stem

Last updated on 2016-10-01 06:47:41.

Flavor Version Tinstall Tcheck Ttotal Status Flags
r-devel-linux-x86_64-debian-clang 1.0 0.84 27.16 28.00 NOTE
r-devel-linux-x86_64-debian-gcc 1.0 0.84 27.80 28.64 NOTE
r-devel-linux-x86_64-fedora-clang 1.0 51.23 NOTE
r-devel-linux-x86_64-fedora-gcc 1.0 45.05 NOTE
r-devel-macos-x86_64-clang 1.0 40.38 NOTE
r-devel-windows-ix86+x86_64 1.0 4.00 67.00 71.00 NOTE
r-patched-linux-x86_64 1.0 0.76 24.44 25.20 NOTE
r-patched-solaris-sparc 1.0 290.20 NOTE
r-patched-solaris-x86 1.0 56.20 NOTE
r-release-linux-x86_64 1.0 0.72 24.60 25.32 NOTE
r-release-osx-x86_64-mavericks 1.0 NOTE
r-release-windows-ix86+x86_64 1.0 3.00 71.00 74.00 NOTE
r-oldrel-windows-ix86+x86_64 1.0 7.00 62.00 69.00 NOTE

Check Details

Version: 1.0
Check: dependencies in R code
Result: NOTE
    'library' or 'require' call to ‘MASS’ which was already attached by Depends.
     Please remove these calls from your code.
Flavors: r-devel-linux-x86_64-debian-clang, r-devel-linux-x86_64-debian-gcc, r-devel-linux-x86_64-fedora-clang, r-devel-linux-x86_64-fedora-gcc, r-devel-macos-x86_64-clang, r-devel-windows-ix86+x86_64, r-patched-linux-x86_64, r-patched-solaris-sparc, r-patched-solaris-x86, r-release-linux-x86_64, r-release-osx-x86_64-mavericks, r-release-windows-ix86+x86_64, r-oldrel-windows-ix86+x86_64

Version: 1.0
Check: R code for possible problems
Result: NOTE
    Stem.Bootstrap: no visible global function definition for ‘runif’
    filtering: no visible global function definition for ‘is.ts’
    filtering: no visible global function definition for ‘ts’
    filtering: no visible global function definition for ‘start’
    filtering: no visible global function definition for ‘end’
    filtering: no visible global function definition for ‘frequency’
    kalman: no visible global function definition for ‘ts’
    smoothing: no visible global function definition for ‘is.ts’
    smoothing: no visible global function definition for ‘ts’
    smoothing: no visible global function definition for ‘start’
    smoothing: no visible global function definition for ‘end’
    smoothing: no visible global function definition for ‘frequency’
    Undefined global functions or variables:
     end frequency is.ts runif start ts
    Consider adding
     importFrom("stats", "end", "frequency", "is.ts", "runif", "start",
     "ts")
    to your NAMESPACE file.
Flavors: r-devel-linux-x86_64-debian-clang, r-devel-linux-x86_64-debian-gcc, r-devel-linux-x86_64-fedora-clang, r-devel-linux-x86_64-fedora-gcc, r-devel-macos-x86_64-clang, r-devel-windows-ix86+x86_64, r-patched-linux-x86_64, r-patched-solaris-sparc, r-patched-solaris-x86, r-release-linux-x86_64, r-release-osx-x86_64-mavericks, r-release-windows-ix86+x86_64