CRAN Package Check Results for Package Stem

Last updated on 2015-03-03 05:47:07.

Flavor Version Tinstall Tcheck Ttotal Status Flags
r-devel-linux-x86_64-debian-clang 1.0 0.81 23.23 24.04 NOTE
r-devel-linux-x86_64-debian-gcc 1.0 0.72 22.15 22.87 NOTE
r-devel-linux-x86_64-fedora-clang 1.0 47.48 NOTE
r-devel-linux-x86_64-fedora-gcc 1.0 43.70 NOTE
r-devel-osx-x86_64-clang 1.0 47.41 NOTE
r-devel-windows-ix86+x86_64 1.0 7.00 49.00 56.00 NOTE
r-patched-linux-x86_64 1.0 0.89 26.53 27.42 NOTE
r-patched-solaris-sparc 1.0 339.60 NOTE
r-patched-solaris-x86 1.0 66.50 NOTE
r-release-linux-ix86 1.0 1.52 34.65 36.17 NOTE
r-release-linux-x86_64 1.0 0.87 26.58 27.45 NOTE
r-release-osx-x86_64-mavericks 1.0 NOTE
r-release-osx-x86_64-snowleopard 1.0 NOTE
r-release-windows-ix86+x86_64 1.0 7.00 57.00 64.00 NOTE
r-oldrel-windows-ix86+x86_64 1.0 4.00 40.00 44.00 NOTE

Check Details

Version: 1.0
Check: dependencies in R code
Result: NOTE
    'library' or 'require' call to ‘MASS’ which was already attached by Depends.
     Please remove these calls from your code.
Flavors: r-devel-linux-x86_64-debian-clang, r-devel-linux-x86_64-debian-gcc, r-devel-linux-x86_64-fedora-clang, r-devel-linux-x86_64-fedora-gcc, r-devel-osx-x86_64-clang, r-devel-windows-ix86+x86_64, r-patched-linux-x86_64, r-patched-solaris-x86

Version: 1.0
Check: dependencies in R code
Result: NOTE
    'library' or 'require' call to ‘MASS’ which was already attached by Depends.
     Please remove these calls from your code.
    See the information on DESCRIPTION files in the chapter ‘Creating R
    packages’ of the ‘Writing R Extensions’ manual.
Flavors: r-patched-solaris-sparc, r-release-linux-ix86, r-release-linux-x86_64, r-release-osx-x86_64-mavericks, r-release-osx-x86_64-snowleopard, r-release-windows-ix86+x86_64, r-oldrel-windows-ix86+x86_64