CRAN Package Check Results for Package Stem

Last updated on 2015-04-21 03:49:43.

Flavor Version Tinstall Tcheck Ttotal Status Flags
r-devel-linux-x86_64-debian-clang 1.0 0.79 22.70 23.50 NOTE
r-devel-linux-x86_64-debian-gcc 1.0 0.73 22.40 23.12 NOTE
r-devel-linux-x86_64-fedora-clang 1.0 47.69 NOTE
r-devel-linux-x86_64-fedora-gcc 1.0 43.09 NOTE
r-devel-osx-x86_64-clang 1.0 49.31 NOTE
r-devel-windows-ix86+x86_64 1.0 4.00 37.00 41.00 NOTE
r-patched-linux-x86_64 1.0 0.73 22.35 23.08 NOTE
r-patched-solaris-sparc 1.0 301.90 NOTE
r-patched-solaris-x86 1.0 59.60 NOTE
r-release-linux-x86_64 1.0 0.72 22.48 23.20 NOTE
r-release-osx-x86_64-mavericks 1.0 NOTE
r-release-osx-x86_64-snowleopard 1.0 NOTE
r-release-windows-ix86+x86_64 1.0 2.00 33.00 35.00 NOTE
r-oldrel-windows-ix86+x86_64 1.0 3.00 35.00 38.00 NOTE

Check Details

Version: 1.0
Check: dependencies in R code
Result: NOTE
    'library' or 'require' call to ‘MASS’ which was already attached by Depends.
     Please remove these calls from your code.
Flavors: r-devel-linux-x86_64-debian-clang, r-devel-linux-x86_64-debian-gcc, r-devel-linux-x86_64-fedora-clang, r-devel-linux-x86_64-fedora-gcc, r-devel-osx-x86_64-clang, r-devel-windows-ix86+x86_64, r-patched-linux-x86_64, r-patched-solaris-sparc, r-patched-solaris-x86, r-release-linux-x86_64, r-release-osx-x86_64-mavericks, r-release-osx-x86_64-snowleopard, r-release-windows-ix86+x86_64, r-oldrel-windows-ix86+x86_64