CRAN Package Check Results for Package Stem

Last updated on 2015-05-24 03:48:16.

Flavor Version Tinstall Tcheck Ttotal Status Flags
r-devel-linux-x86_64-debian-clang 1.0 0.74 23.88 24.62 NOTE
r-devel-linux-x86_64-debian-gcc 1.0 0.73 23.30 24.03 NOTE
r-devel-linux-x86_64-fedora-clang 1.0 45.86 NOTE
r-devel-linux-x86_64-fedora-gcc 1.0 44.82 NOTE
r-devel-osx-x86_64-clang 1.0 46.46 NOTE
r-devel-windows-ix86+x86_64 1.0 3.00 37.00 40.00 NOTE
r-patched-linux-x86_64 1.0 0.71 22.34 23.05 NOTE
r-patched-solaris-sparc 1.0 304.80 NOTE
r-patched-solaris-x86 1.0 59.60 NOTE
r-release-linux-x86_64 1.0 0.72 22.47 23.19 NOTE
r-release-osx-x86_64-mavericks 1.0 NOTE
r-release-osx-x86_64-snowleopard 1.0 NOTE
r-release-windows-ix86+x86_64 1.0 3.00 34.00 37.00 NOTE
r-oldrel-windows-ix86+x86_64 1.0 4.00 38.00 42.00 NOTE

Check Details

Version: 1.0
Check: dependencies in R code
Result: NOTE
    'library' or 'require' call to ‘MASS’ which was already attached by Depends.
     Please remove these calls from your code.
Flavors: r-devel-linux-x86_64-debian-clang, r-devel-linux-x86_64-debian-gcc, r-devel-linux-x86_64-fedora-clang, r-devel-linux-x86_64-fedora-gcc, r-devel-osx-x86_64-clang, r-devel-windows-ix86+x86_64, r-patched-linux-x86_64, r-patched-solaris-sparc, r-patched-solaris-x86, r-release-linux-x86_64, r-release-osx-x86_64-mavericks, r-release-osx-x86_64-snowleopard, r-release-windows-ix86+x86_64, r-oldrel-windows-ix86+x86_64