CRAN Package Check Results for Package Stem

Last updated on 2017-12-15 02:48:50 CET.

Flavor Version Tinstall Tcheck Ttotal Status Flags
r-devel-linux-x86_64-debian-clang 1.0 0.85 41.77 42.62 NOTE
r-devel-linux-x86_64-debian-gcc 1.0 0.87 34.70 35.57 NOTE
r-devel-linux-x86_64-fedora-clang 1.0 51.78 NOTE
r-devel-linux-x86_64-fedora-gcc 1.0 51.44 NOTE
r-devel-windows-ix86+x86_64 1.0 7.00 71.00 78.00 NOTE
r-patched-linux-x86_64 1.0 0.95 40.16 41.11 NOTE
r-patched-solaris-x86 1.0 70.50 NOTE
r-release-linux-x86_64 1.0 1.09 40.98 42.07 NOTE
r-release-windows-ix86+x86_64 1.0 4.00 75.00 79.00 NOTE
r-release-osx-x86_64 1.0 NOTE
r-oldrel-windows-ix86+x86_64 1.0 3.00 68.00 71.00 NOTE
r-oldrel-osx-x86_64 1.0 NOTE

Check Details

Version: 1.0
Check: dependencies in R code
Result: NOTE
    'library' or 'require' call to ‘MASS’ which was already attached by Depends.
     Please remove these calls from your code.
Flavors: r-devel-linux-x86_64-debian-clang, r-devel-linux-x86_64-debian-gcc, r-devel-linux-x86_64-fedora-clang, r-devel-linux-x86_64-fedora-gcc, r-devel-windows-ix86+x86_64, r-patched-linux-x86_64, r-patched-solaris-x86, r-release-linux-x86_64, r-release-windows-ix86+x86_64, r-release-osx-x86_64, r-oldrel-windows-ix86+x86_64, r-oldrel-osx-x86_64

Version: 1.0
Check: R code for possible problems
Result: NOTE
    Stem.Bootstrap: no visible global function definition for ‘runif’
    filtering: no visible global function definition for ‘is.ts’
    filtering: no visible global function definition for ‘ts’
    filtering: no visible global function definition for ‘start’
    filtering: no visible global function definition for ‘end’
    filtering: no visible global function definition for ‘frequency’
    kalman: no visible global function definition for ‘ts’
    smoothing: no visible global function definition for ‘is.ts’
    smoothing: no visible global function definition for ‘ts’
    smoothing: no visible global function definition for ‘start’
    smoothing: no visible global function definition for ‘end’
    smoothing: no visible global function definition for ‘frequency’
    Undefined global functions or variables:
     end frequency is.ts runif start ts
    Consider adding
     importFrom("stats", "end", "frequency", "is.ts", "runif", "start",
     "ts")
    to your NAMESPACE file.
Flavors: r-devel-linux-x86_64-debian-clang, r-devel-linux-x86_64-debian-gcc, r-devel-linux-x86_64-fedora-clang, r-devel-linux-x86_64-fedora-gcc, r-devel-windows-ix86+x86_64, r-patched-linux-x86_64, r-patched-solaris-x86, r-release-linux-x86_64, r-release-windows-ix86+x86_64, r-release-osx-x86_64, r-oldrel-windows-ix86+x86_64, r-oldrel-osx-x86_64