CRAN Package Check Results for Package Stem

Last updated on 2014-04-23 12:48:29.

Flavor Version Tinstall Tcheck Ttotal Status Flags
r-devel-linux-x86_64-debian-clang 1.0 0.94 26.50 27.44 NOTE
r-devel-linux-x86_64-debian-gcc 1.0 0.88 26.46 27.34 NOTE
r-devel-linux-x86_64-fedora-clang 1.0 54.65 NOTE
r-devel-linux-x86_64-fedora-gcc 1.0 51.76 NOTE
r-devel-osx-x86_64-clang 1.0 45.20 NOTE
r-devel-osx-x86_64-gcc 1.0 NOTE
r-devel-windows-ix86+x86_64 1.0 3.00 39.00 42.00 NOTE
r-patched-linux-x86_64 1.0 0.88 26.07 26.95 NOTE
r-patched-solaris-sparc 1.0 309.60 NOTE
r-patched-solaris-x86 1.0 65.60 NOTE
r-release-linux-ix86 1.0 1.00 45.00 46.00 NOTE
r-release-linux-x86_64 1.0 0.87 27.05 27.92 NOTE
r-release-osx-x86_64-mavericks 1.0 WARN
r-release-osx-x86_64-snowleopard 1.0 NOTE
r-release-windows-ix86+x86_64 1.0 3.00 40.00 43.00 NOTE
r-oldrel-windows-ix86+x86_64 1.0 3.00 41.00 44.00 NOTE

Check Details

Version: 1.0
Check: dependencies in R code
Result: NOTE
    'library' or 'require' call to ‘MASS’ which was already attached by Depends.
     Please remove these calls from your code.
    See the information on DESCRIPTION files in the chapter ‘Creating R
    packages’ of the ‘Writing R Extensions’ manual.
Flavors: r-devel-linux-x86_64-debian-clang, r-devel-linux-x86_64-debian-gcc, r-devel-linux-x86_64-fedora-clang, r-devel-linux-x86_64-fedora-gcc, r-devel-osx-x86_64-clang, r-devel-osx-x86_64-gcc, r-devel-windows-ix86+x86_64, r-patched-linux-x86_64, r-patched-solaris-sparc, r-patched-solaris-x86, r-release-linux-ix86, r-release-linux-x86_64, r-release-osx-x86_64-mavericks, r-release-osx-x86_64-snowleopard, r-release-windows-ix86+x86_64, r-oldrel-windows-ix86+x86_64

Version: 1.0
Check: PDF version of manual
Result: WARNING
    LaTeX errors when creating PDF version.
    This typically indicates Rd problems.
    LaTeX errors found:
    ! LaTeX Error: File `upquote.sty' not found.
    
    Type X to quit or <RETURN> to proceed,
    or enter new name. (Default extension: sty)
    
    c8075c2/Rd2.tex:8: ==> Fatal error occurred, no output PDF file produced!
Flavor: r-release-osx-x86_64-mavericks