CRAN Package Check Results for Package Stem

Last updated on 2014-07-30 23:47:27.

Flavor Version Tinstall Tcheck Ttotal Status Flags
r-devel-linux-x86_64-debian-clang 1.0 0.80 25.13 25.93 NOTE
r-devel-linux-x86_64-debian-gcc 1.0 0.78 26.94 27.72 NOTE
r-devel-linux-x86_64-fedora-clang 1.0 54.78 NOTE
r-devel-linux-x86_64-fedora-gcc 1.0 49.86 NOTE
r-devel-osx-x86_64-clang 1.0 48.53 NOTE
r-devel-windows-ix86+x86_64 1.0 3.00 37.00 40.00 NOTE
r-patched-linux-x86_64 1.0 0.97 25.82 26.78 NOTE
r-patched-solaris-sparc 1.0 332.90 NOTE
r-patched-solaris-x86 1.0 63.70 NOTE
r-release-linux-ix86 1.0 1.14 33.48 34.62 NOTE
r-release-linux-x86_64 1.0 0.81 34.42 35.23 NOTE
r-release-osx-x86_64-mavericks 1.0 NOTE
r-release-osx-x86_64-snowleopard 1.0 NOTE
r-release-windows-ix86+x86_64 1.0 3.00 40.00 43.00 NOTE
r-oldrel-windows-ix86+x86_64 1.0 5.00 54.00 59.00 NOTE

Check Details

Version: 1.0
Check: dependencies in R code
Result: NOTE
    'library' or 'require' call to MASS which was already attached by Depends.
     Please remove these calls from your code.
    See the information on DESCRIPTION files in the chapter Creating R
    packages of the Writing R Extensions manual.
Flavors: r-devel-linux-x86_64-debian-clang, r-devel-linux-x86_64-debian-gcc, r-devel-linux-x86_64-fedora-clang, r-devel-linux-x86_64-fedora-gcc, r-devel-osx-x86_64-clang, r-devel-windows-ix86+x86_64, r-patched-linux-x86_64, r-patched-solaris-sparc, r-patched-solaris-x86, r-release-linux-ix86, r-release-linux-x86_64, r-release-osx-x86_64-mavericks, r-release-osx-x86_64-snowleopard, r-release-windows-ix86+x86_64, r-oldrel-windows-ix86+x86_64