CRAN Package Check Results for Package Stem

Last updated on 2014-12-23 03:49:54.

Flavor Version Tinstall Tcheck Ttotal Status Flags
r-devel-linux-x86_64-debian-clang 1.0 0.86 24.52 25.37 NOTE
r-devel-linux-x86_64-debian-gcc 1.0 0.82 23.72 24.54 NOTE
r-devel-linux-x86_64-fedora-clang 1.0 53.13 NOTE
r-devel-linux-x86_64-fedora-gcc 1.0 49.29 NOTE
r-devel-osx-x86_64-clang 1.0 49.97 NOTE
r-devel-windows-ix86+x86_64 1.0 4.00 38.00 42.00 NOTE
r-patched-linux-x86_64 1.0 0.88 26.38 27.26 NOTE
r-patched-solaris-sparc 1.0 339.80 NOTE
r-patched-solaris-x86 1.0 67.70 NOTE
r-release-linux-ix86 1.0 1.17 33.84 35.01 NOTE
r-release-linux-x86_64 1.0 0.86 27.40 28.26 NOTE
r-release-osx-x86_64-mavericks 1.0 NOTE
r-release-osx-x86_64-snowleopard 1.0 NOTE
r-release-windows-ix86+x86_64 1.0 3.00 41.00 44.00 NOTE
r-oldrel-windows-ix86+x86_64 1.0 4.00 41.00 45.00 NOTE

Check Details

Version: 1.0
Check: dependencies in R code
Result: NOTE
    'library' or 'require' call to ‘MASS’ which was already attached by Depends.
     Please remove these calls from your code.
    See the information on DESCRIPTION files in the chapter ‘Creating R
    packages’ of the ‘Writing R Extensions’ manual.
Flavors: r-devel-linux-x86_64-debian-clang, r-devel-linux-x86_64-debian-gcc, r-devel-linux-x86_64-fedora-clang, r-devel-linux-x86_64-fedora-gcc, r-devel-osx-x86_64-clang, r-devel-windows-ix86+x86_64, r-patched-linux-x86_64, r-patched-solaris-sparc, r-patched-solaris-x86, r-release-linux-ix86, r-release-linux-x86_64, r-release-osx-x86_64-mavericks, r-release-osx-x86_64-snowleopard, r-release-windows-ix86+x86_64, r-oldrel-windows-ix86+x86_64