CRAN Package Check Results for Package Stem

Last updated on 2015-02-01 11:47:25.

Flavor Version Tinstall Tcheck Ttotal Status Flags
r-devel-linux-x86_64-debian-clang 1.0 0.75 23.17 23.92 NOTE
r-devel-linux-x86_64-debian-gcc 1.0 0.74 21.91 22.65 NOTE
r-devel-linux-x86_64-fedora-clang 1.0 49.75 NOTE
r-devel-linux-x86_64-fedora-gcc 1.0 45.90 NOTE
r-devel-osx-x86_64-clang 1.0 53.76 NOTE
r-devel-windows-ix86+x86_64 1.0 4.00 35.00 39.00 NOTE
r-patched-linux-x86_64 1.0 0.86 27.32 28.18 NOTE
r-patched-solaris-sparc 1.0 339.60 NOTE
r-patched-solaris-x86 1.0 67.70 NOTE
r-release-linux-ix86 1.0 1.20 34.32 35.52 NOTE
r-release-linux-x86_64 1.0 0.86 26.39 27.25 NOTE
r-release-osx-x86_64-mavericks 1.0 NOTE
r-release-osx-x86_64-snowleopard 1.0 NOTE
r-release-windows-ix86+x86_64 1.0 4.00 42.00 46.00 NOTE
r-oldrel-windows-ix86+x86_64 1.0 4.00 41.00 45.00 NOTE

Check Details

Version: 1.0
Check: dependencies in R code
Result: NOTE
    'library' or 'require' call to ‘MASS’ which was already attached by Depends.
     Please remove these calls from your code.
Flavors: r-devel-linux-x86_64-debian-clang, r-devel-linux-x86_64-debian-gcc, r-devel-linux-x86_64-fedora-clang, r-devel-linux-x86_64-fedora-gcc, r-devel-osx-x86_64-clang, r-devel-windows-ix86+x86_64

Version: 1.0
Check: dependencies in R code
Result: NOTE
    'library' or 'require' call to ‘MASS’ which was already attached by Depends.
     Please remove these calls from your code.
    See the information on DESCRIPTION files in the chapter ‘Creating R
    packages’ of the ‘Writing R Extensions’ manual.
Flavors: r-patched-linux-x86_64, r-patched-solaris-sparc, r-patched-solaris-x86, r-release-linux-ix86, r-release-linux-x86_64, r-release-osx-x86_64-mavericks, r-release-osx-x86_64-snowleopard, r-release-windows-ix86+x86_64, r-oldrel-windows-ix86+x86_64