CRAN Package Check Results for Package Stem

Last updated on 2014-09-18 08:50:04.

Flavor Version Tinstall Tcheck Ttotal Status Flags
r-devel-linux-x86_64-debian-clang 1.0 0.77 25.84 26.61 NOTE
r-devel-linux-x86_64-debian-gcc 1.0 0.76 22.96 23.72 NOTE
r-devel-linux-x86_64-fedora-clang 1.0 49.07 NOTE
r-devel-linux-x86_64-fedora-gcc 1.0 47.77 NOTE
r-devel-osx-x86_64-clang 1.0 45.45 NOTE
r-devel-windows-ix86+x86_64 1.0 3.00 37.00 40.00 NOTE
r-patched-linux-x86_64 1.0 0.80 25.55 26.35 NOTE
r-patched-solaris-sparc 1.0 332.90 NOTE
r-patched-solaris-x86 1.0 62.70 NOTE
r-release-linux-ix86 1.0 1.16 34.06 35.22 NOTE
r-release-linux-x86_64 1.0 0.82 25.77 26.58 NOTE
r-release-osx-x86_64-mavericks 1.0 NOTE
r-release-osx-x86_64-snowleopard 1.0 NOTE
r-release-windows-ix86+x86_64 1.0 3.00 42.00 45.00 NOTE
r-oldrel-windows-ix86+x86_64 1.0 3.00 37.00 40.00 NOTE

Check Details

Version: 1.0
Check: dependencies in R code
Result: NOTE
    'library' or 'require' call to ‘MASS’ which was already attached by Depends.
     Please remove these calls from your code.
    See the information on DESCRIPTION files in the chapter ‘Creating R
    packages’ of the ‘Writing R Extensions’ manual.
Flavors: r-devel-linux-x86_64-debian-clang, r-devel-linux-x86_64-debian-gcc, r-devel-linux-x86_64-fedora-clang, r-devel-linux-x86_64-fedora-gcc, r-devel-osx-x86_64-clang, r-devel-windows-ix86+x86_64, r-patched-linux-x86_64, r-patched-solaris-sparc, r-patched-solaris-x86, r-release-linux-ix86, r-release-linux-x86_64, r-release-osx-x86_64-mavericks, r-release-osx-x86_64-snowleopard, r-release-windows-ix86+x86_64, r-oldrel-windows-ix86+x86_64