CRAN Package Check Results for Package Stem

Last updated on 2017-03-24 04:47:57.

Flavor Version Tinstall Tcheck Ttotal Status Flags
r-devel-linux-x86_64-debian-clang 1.0 0.87 27.81 28.68 NOTE
r-devel-linux-x86_64-debian-gcc 1.0 0.82 28.36 29.18 NOTE
r-devel-linux-x86_64-fedora-clang 1.0 49.41 NOTE --no-stop-on-test-error
r-devel-linux-x86_64-fedora-gcc 1.0 48.93 NOTE --no-stop-on-test-error
r-devel-macos-x86_64-clang 1.0 41.66 NOTE --no-stop-on-test-error
r-devel-windows-ix86+x86_64 1.0 3.00 78.00 81.00 NOTE
r-patched-linux-x86_64 1.0 0.74 26.06 26.80 NOTE
r-patched-solaris-sparc 1.0 317.10 NOTE
r-patched-solaris-x86 1.0 63.60 NOTE
r-release-linux-x86_64 1.0 0.75 25.87 26.62 NOTE
r-release-osx-x86_64-mavericks 1.0 NOTE
r-release-windows-ix86+x86_64 1.0 6.00 48.00 54.00 NOTE
r-oldrel-windows-ix86+x86_64 1.0 6.00 65.00 71.00 NOTE

Check Details

Version: 1.0
Check: dependencies in R code
Result: NOTE
    'library' or 'require' call to ‘MASS’ which was already attached by Depends.
     Please remove these calls from your code.
Flavors: r-devel-linux-x86_64-debian-clang, r-devel-linux-x86_64-debian-gcc, r-devel-windows-ix86+x86_64, r-patched-linux-x86_64, r-patched-solaris-sparc, r-patched-solaris-x86, r-release-linux-x86_64, r-release-osx-x86_64-mavericks, r-release-windows-ix86+x86_64, r-oldrel-windows-ix86+x86_64

Version: 1.0
Check: R code for possible problems
Result: NOTE
    Stem.Bootstrap: no visible global function definition for ‘runif’
    filtering: no visible global function definition for ‘is.ts’
    filtering: no visible global function definition for ‘ts’
    filtering: no visible global function definition for ‘start’
    filtering: no visible global function definition for ‘end’
    filtering: no visible global function definition for ‘frequency’
    kalman: no visible global function definition for ‘ts’
    smoothing: no visible global function definition for ‘is.ts’
    smoothing: no visible global function definition for ‘ts’
    smoothing: no visible global function definition for ‘start’
    smoothing: no visible global function definition for ‘end’
    smoothing: no visible global function definition for ‘frequency’
    Undefined global functions or variables:
     end frequency is.ts runif start ts
    Consider adding
     importFrom("stats", "end", "frequency", "is.ts", "runif", "start",
     "ts")
    to your NAMESPACE file.
Flavors: r-devel-linux-x86_64-debian-clang, r-devel-linux-x86_64-debian-gcc, r-devel-windows-ix86+x86_64, r-patched-linux-x86_64, r-patched-solaris-sparc, r-patched-solaris-x86, r-release-linux-x86_64, r-release-osx-x86_64-mavericks, r-release-windows-ix86+x86_64

Version: 1.0
Flags: --no-stop-on-test-error
Check: dependencies in R code
Result: NOTE
    'library' or 'require' call to ‘MASS’ which was already attached by Depends.
     Please remove these calls from your code.
Flavors: r-devel-linux-x86_64-fedora-clang, r-devel-linux-x86_64-fedora-gcc, r-devel-macos-x86_64-clang

Version: 1.0
Flags: --no-stop-on-test-error
Check: R code for possible problems
Result: NOTE
    Stem.Bootstrap: no visible global function definition for ‘runif’
    filtering: no visible global function definition for ‘is.ts’
    filtering: no visible global function definition for ‘ts’
    filtering: no visible global function definition for ‘start’
    filtering: no visible global function definition for ‘end’
    filtering: no visible global function definition for ‘frequency’
    kalman: no visible global function definition for ‘ts’
    smoothing: no visible global function definition for ‘is.ts’
    smoothing: no visible global function definition for ‘ts’
    smoothing: no visible global function definition for ‘start’
    smoothing: no visible global function definition for ‘end’
    smoothing: no visible global function definition for ‘frequency’
    Undefined global functions or variables:
     end frequency is.ts runif start ts
    Consider adding
     importFrom("stats", "end", "frequency", "is.ts", "runif", "start",
     "ts")
    to your NAMESPACE file.
Flavors: r-devel-linux-x86_64-fedora-clang, r-devel-linux-x86_64-fedora-gcc, r-devel-macos-x86_64-clang