CRAN Package Check Results for Package Stem

Last updated on 2016-05-04 09:48:42.

Flavor Version Tinstall Tcheck Ttotal Status Flags
r-devel-linux-x86_64-debian-gcc 1.0 0.73 24.98 25.70 NOTE
r-devel-linux-x86_64-fedora-clang 1.0 46.92 NOTE
r-devel-linux-x86_64-fedora-gcc 1.0 44.27 NOTE
r-devel-osx-x86_64-clang 1.0 53.44 NOTE
r-devel-windows-ix86+x86_64 1.0 4.00 52.00 56.00 NOTE
r-patched-linux-x86_64 1.0 0.67 23.66 24.33 NOTE
r-patched-solaris-sparc 1.0 287.80 NOTE
r-patched-solaris-x86 1.0 58.80 NOTE
r-release-linux-x86_64 1.0 0.78 24.16 24.94 NOTE
r-release-osx-x86_64-mavericks 1.0 NOTE
r-release-windows-ix86+x86_64 1.0 3.00 60.00 63.00 NOTE
r-oldrel-windows-ix86+x86_64 1.0 4.00 46.00 50.00 NOTE

Check Details

Version: 1.0
Check: dependencies in R code
Result: NOTE
    'library' or 'require' call to ‘MASS’ which was already attached by Depends.
     Please remove these calls from your code.
Flavors: r-devel-linux-x86_64-debian-gcc, r-devel-linux-x86_64-fedora-clang, r-devel-linux-x86_64-fedora-gcc, r-devel-osx-x86_64-clang, r-devel-windows-ix86+x86_64, r-patched-linux-x86_64, r-patched-solaris-sparc, r-patched-solaris-x86, r-release-linux-x86_64, r-release-osx-x86_64-mavericks, r-release-windows-ix86+x86_64, r-oldrel-windows-ix86+x86_64

Version: 1.0
Check: R code for possible problems
Result: NOTE
    Stem.Bootstrap: no visible global function definition for ‘runif’
    filtering: no visible global function definition for ‘is.ts’
    filtering: no visible global function definition for ‘ts’
    filtering: no visible global function definition for ‘start’
    filtering: no visible global function definition for ‘end’
    filtering: no visible global function definition for ‘frequency’
    kalman: no visible global function definition for ‘ts’
    smoothing: no visible global function definition for ‘is.ts’
    smoothing: no visible global function definition for ‘ts’
    smoothing: no visible global function definition for ‘start’
    smoothing: no visible global function definition for ‘end’
    smoothing: no visible global function definition for ‘frequency’
    Undefined global functions or variables:
     end frequency is.ts runif start ts
    Consider adding
     importFrom("stats", "end", "frequency", "is.ts", "runif", "start",
     "ts")
    to your NAMESPACE file.
Flavors: r-devel-linux-x86_64-debian-gcc, r-devel-linux-x86_64-fedora-clang, r-devel-linux-x86_64-fedora-gcc, r-devel-osx-x86_64-clang, r-devel-windows-ix86+x86_64, r-patched-linux-x86_64, r-patched-solaris-sparc, r-patched-solaris-x86