CRAN Package Check Results for Package StereoMorph

Last updated on 2019-07-21 04:46:26 CEST.

Flavor Version Tinstall Tcheck Ttotal Status Flags
r-devel-linux-x86_64-debian-clang 1.6.2 76.90 76.94 153.84 NOTE
r-devel-linux-x86_64-debian-gcc 1.6.2 57.70 59.62 117.32 NOTE
r-devel-linux-x86_64-fedora-clang 1.6.2 219.13 NOTE
r-devel-linux-x86_64-fedora-gcc 1.6.2 199.20 NOTE
r-devel-windows-ix86+x86_64 1.6.2 149.00 157.00 306.00 OK
r-patched-linux-x86_64 1.6.2 71.92 77.64 149.56 OK
r-patched-solaris-x86 1.6.2 199.40 OK
r-release-linux-x86_64 1.6.2 68.49 78.77 147.26 OK
r-release-windows-ix86+x86_64 1.6.2 136.00 118.00 254.00 OK
r-release-osx-x86_64 1.6.2 OK
r-oldrel-windows-ix86+x86_64 1.6.2 186.00 122.00 308.00 OK
r-oldrel-osx-x86_64 1.6.2 OK

Check Details

Version: 1.6.2
Check: for non-standard things in the check directory
Result: NOTE
    Found the following files/directories:
     'Mug_2D.tps' 'Owl_3D.tps' 'Shapes_2D.tps' 'Shapes_3D.tps'
Flavors: r-devel-linux-x86_64-debian-clang, r-devel-linux-x86_64-debian-gcc, r-devel-linux-x86_64-fedora-clang, r-devel-linux-x86_64-fedora-gcc