Last updated on 2023-12-09 23:24:04 CET.
Flavor | Version | Tinstall | Tcheck | Ttotal | Status | Flags |
---|---|---|---|---|---|---|
r-devel-linux-x86_64-debian-clang | 0.1.2 | 41.88 | 79.13 | 121.01 | NOTE | |
r-devel-linux-x86_64-debian-gcc | 0.1.2 | 28.35 | 59.69 | 88.04 | NOTE | |
r-devel-linux-x86_64-fedora-clang | 0.1.2 | 159.31 | NOTE | |||
r-devel-linux-x86_64-fedora-gcc | 0.1.2 | 156.08 | NOTE | |||
r-devel-windows-x86_64 | 0.1.2 | 33.00 | 95.00 | 128.00 | NOTE | |
r-patched-linux-x86_64 | 0.1.2 | 40.84 | 77.26 | 118.10 | NOTE | |
r-release-linux-x86_64 | 0.1.2 | 36.15 | 75.91 | 112.06 | NOTE | |
r-release-macos-arm64 | 0.1.2 | 49.00 | NOTE | |||
r-release-macos-x86_64 | 0.1.2 | 74.00 | NOTE | |||
r-release-windows-x86_64 | 0.1.2 | 42.00 | 113.00 | 155.00 | NOTE | |
r-oldrel-macos-arm64 | 0.1.2 | 41.00 | OK | |||
r-oldrel-macos-x86_64 | 0.1.2 | 58.00 | OK | |||
r-oldrel-windows-x86_64 | 0.1.2 | 40.00 | 109.00 | 149.00 | OK |
Version: 0.1.2
Check: C++ specification
Result: NOTE
Specified C++11: please drop specification unless essential
Flavors: r-devel-linux-x86_64-debian-clang, r-devel-linux-x86_64-debian-gcc, r-devel-linux-x86_64-fedora-clang, r-devel-linux-x86_64-fedora-gcc, r-devel-windows-x86_64, r-patched-linux-x86_64, r-release-linux-x86_64, r-release-macos-arm64, r-release-macos-x86_64, r-release-windows-x86_64