CRAN Package Check Results for Package Storm

Last updated on 2018-02-24 08:49:24 CET.

Flavor Version Tinstall Tcheck Ttotal Status Flags
r-devel-linux-x86_64-debian-clang 1.2 1.89 19.11 21.00 NOTE
r-devel-linux-x86_64-debian-gcc 1.2 1.44 15.47 16.91 NOTE
r-devel-linux-x86_64-fedora-clang 1.2 25.36 NOTE
r-devel-linux-x86_64-fedora-gcc 1.2 24.17 NOTE
r-devel-windows-ix86+x86_64 1.2 5.00 38.00 43.00 NOTE
r-patched-linux-x86_64 1.2 1.11 18.22 19.33 NOTE
r-patched-solaris-x86 1.2 37.40 NOTE
r-release-linux-x86_64 1.2 1.70 18.00 19.70 NOTE
r-release-windows-ix86+x86_64 1.2 4.00 37.00 41.00 NOTE
r-release-osx-x86_64 1.2 NOTE
r-oldrel-windows-ix86+x86_64 1.2 2.00 30.00 32.00 NOTE
r-oldrel-osx-x86_64 1.2 NOTE

Check Details

Version: 1.2
Check: DESCRIPTION meta-information
Result: NOTE
    Malformed Title field: should not end in a period.
Flavors: r-devel-linux-x86_64-debian-clang, r-devel-linux-x86_64-debian-gcc, r-devel-linux-x86_64-fedora-clang, r-devel-linux-x86_64-fedora-gcc, r-devel-windows-ix86+x86_64, r-patched-linux-x86_64, r-patched-solaris-x86, r-release-linux-x86_64, r-release-windows-ix86+x86_64, r-release-osx-x86_64, r-oldrel-windows-ix86+x86_64, r-oldrel-osx-x86_64