CRAN Package Check Results for Package Storm

Last updated on 2016-05-30 09:47:04.

Flavor Version Tinstall Tcheck Ttotal Status Flags
r-devel-linux-x86_64-debian-gcc 1.2 0.72 9.93 10.65 NOTE
r-devel-linux-x86_64-fedora-clang 1.2 19.00 NOTE
r-devel-linux-x86_64-fedora-gcc 1.2 16.96 NOTE
r-devel-osx-x86_64-clang 1.2 22.58 NOTE
r-devel-windows-ix86+x86_64 1.2 3.00 23.00 26.00 NOTE
r-patched-linux-x86_64 1.2 0.67 10.52 11.19 NOTE
r-patched-solaris-sparc 1.2 111.80 NOTE
r-patched-solaris-x86 1.2 29.50 NOTE
r-release-linux-x86_64 1.2 0.68 10.39 11.08 NOTE
r-release-osx-x86_64-mavericks 1.2 NOTE
r-release-windows-ix86+x86_64 1.2 3.00 26.00 29.00 NOTE
r-oldrel-windows-ix86+x86_64 1.2 2.00 44.00 46.00 NOTE

Check Details

Version: 1.2
Check: DESCRIPTION meta-information
Result: NOTE
    Malformed Title field: should not end in a period.
Flavors: r-devel-linux-x86_64-debian-gcc, r-devel-linux-x86_64-fedora-clang, r-devel-linux-x86_64-fedora-gcc, r-devel-osx-x86_64-clang, r-devel-windows-ix86+x86_64, r-patched-linux-x86_64, r-patched-solaris-sparc, r-patched-solaris-x86, r-release-linux-x86_64, r-release-osx-x86_64-mavericks, r-release-windows-ix86+x86_64, r-oldrel-windows-ix86+x86_64