CRAN Package Check Results for Package Storm

Last updated on 2017-03-25 17:49:59.

Flavor Version Tinstall Tcheck Ttotal Status Flags
r-devel-linux-x86_64-debian-clang 1.2 1.20 12.61 13.81 NOTE
r-devel-linux-x86_64-debian-gcc 1.2 1.10 12.76 13.86 NOTE
r-devel-linux-x86_64-fedora-clang 1.2 22.14 NOTE --no-stop-on-test-error
r-devel-linux-x86_64-fedora-gcc 1.2 22.59 NOTE --no-stop-on-test-error
r-devel-macos-x86_64-clang 1.2 20.27 NOTE --no-stop-on-test-error
r-devel-windows-ix86+x86_64 1.2 3.00 49.00 52.00 NOTE
r-patched-linux-x86_64 1.2 1.23 12.67 13.90 NOTE
r-patched-solaris-sparc 1.2 137.80 NOTE
r-patched-solaris-x86 1.2 33.90 NOTE
r-release-linux-x86_64 1.2 1.02 11.05 12.07 NOTE
r-release-osx-x86_64-mavericks 1.2 NOTE
r-release-windows-ix86+x86_64 1.2 5.00 26.00 31.00 NOTE
r-oldrel-windows-ix86+x86_64 1.2 3.00 32.00 35.00 NOTE

Check Details

Version: 1.2
Check: DESCRIPTION meta-information
Result: NOTE
    Malformed Title field: should not end in a period.
Flavors: r-devel-linux-x86_64-debian-clang, r-devel-linux-x86_64-debian-gcc, r-devel-windows-ix86+x86_64, r-patched-linux-x86_64, r-patched-solaris-sparc, r-patched-solaris-x86, r-release-linux-x86_64, r-release-osx-x86_64-mavericks, r-release-windows-ix86+x86_64, r-oldrel-windows-ix86+x86_64

Version: 1.2
Flags: --no-stop-on-test-error
Check: DESCRIPTION meta-information
Result: NOTE
    Malformed Title field: should not end in a period.
Flavors: r-devel-linux-x86_64-fedora-clang, r-devel-linux-x86_64-fedora-gcc, r-devel-macos-x86_64-clang