CRAN Package Check Results for Package Storm

Last updated on 2018-04-25 09:50:27 CEST.

Flavor Version Tinstall Tcheck Ttotal Status Flags
r-devel-linux-x86_64-debian-clang 1.2 1.64 18.76 20.40 NOTE
r-devel-linux-x86_64-debian-gcc 1.2 1.26 15.18 16.44 NOTE
r-devel-linux-x86_64-fedora-clang 1.2 25.44 NOTE
r-devel-linux-x86_64-fedora-gcc 1.2 24.23 NOTE
r-devel-windows-ix86+x86_64 1.2 5.00 31.00 36.00 NOTE
r-patched-linux-x86_64 1.2 1.99 18.88 20.87 NOTE
r-patched-solaris-x86 1.2 44.10 NOTE
r-release-linux-x86_64 1.2 1.43 18.54 19.97 NOTE
r-release-windows-ix86+x86_64 1.2 5.00 31.00 36.00 NOTE
r-release-osx-x86_64 1.2 NOTE
r-oldrel-windows-ix86+x86_64 1.2 4.00 39.00 43.00 NOTE
r-oldrel-osx-x86_64 1.2 NOTE

Check Details

Version: 1.2
Check: DESCRIPTION meta-information
Result: NOTE
    Malformed Title field: should not end in a period.
Flavors: r-devel-linux-x86_64-debian-clang, r-devel-linux-x86_64-debian-gcc, r-devel-linux-x86_64-fedora-clang, r-devel-linux-x86_64-fedora-gcc, r-devel-windows-ix86+x86_64, r-patched-linux-x86_64, r-patched-solaris-x86, r-release-linux-x86_64, r-release-windows-ix86+x86_64, r-release-osx-x86_64, r-oldrel-windows-ix86+x86_64, r-oldrel-osx-x86_64