CRAN Package Check Results for Package Storm

Last updated on 2015-05-27 19:47:23.

Flavor Version Tinstall Tcheck Ttotal Status Flags
r-devel-linux-x86_64-debian-clang 1.2 0.84 10.96 11.80 NOTE
r-devel-linux-x86_64-debian-gcc 1.2 0.83 10.54 11.37 NOTE
r-devel-linux-x86_64-fedora-clang 1.2 21.85 NOTE
r-devel-linux-x86_64-fedora-gcc 1.2 21.05 NOTE
r-devel-osx-x86_64-clang 1.2 25.44 NOTE
r-devel-windows-ix86+x86_64 1.2 3.00 20.00 23.00 NOTE
r-patched-linux-x86_64 1.2 0.66 10.41 11.07 NOTE
r-patched-solaris-sparc 1.2 155.10 NOTE
r-patched-solaris-x86 1.2 33.00 NOTE
r-release-linux-x86_64 1.2 0.68 10.91 11.59 NOTE
r-release-osx-x86_64-mavericks 1.2 NOTE
r-release-osx-x86_64-snowleopard 1.2 ERROR
r-release-windows-ix86+x86_64 1.2 3.00 18.00 21.00 NOTE
r-oldrel-windows-ix86+x86_64 1.2 4.00 22.00 26.00 OK

Check Details

Version: 1.2
Check: DESCRIPTION meta-information
Result: NOTE
    Malformed Title field: should not end in a period.
Flavors: r-devel-linux-x86_64-debian-clang, r-devel-linux-x86_64-debian-gcc, r-devel-linux-x86_64-fedora-clang, r-devel-linux-x86_64-fedora-gcc, r-devel-osx-x86_64-clang, r-devel-windows-ix86+x86_64, r-patched-linux-x86_64, r-patched-solaris-sparc, r-patched-solaris-x86, r-release-linux-x86_64, r-release-osx-x86_64-mavericks, r-release-windows-ix86+x86_64

Version: 1.2
Check: package dependencies
Result: ERROR
    Package required but not available: ‘permute’
    
    See section ‘The DESCRIPTION file’ in the ‘Writing R Extensions’
    manual.
Flavor: r-release-osx-x86_64-snowleopard