CRAN Package Check Results for Package Storm

Last updated on 2017-09-20 03:48:47.

Flavor Version Tinstall Tcheck Ttotal Status Flags
r-devel-linux-x86_64-debian-clang 1.2 1.22 13.02 14.23 NOTE
r-devel-linux-x86_64-debian-gcc 1.2 1.16 12.95 14.11 NOTE
r-devel-linux-x86_64-fedora-clang 1.2 23.12 NOTE
r-devel-linux-x86_64-fedora-gcc 1.2 22.35 NOTE
r-devel-windows-ix86+x86_64 1.2 4.00 0.00 4.00 NOTE
r-patched-linux-x86_64 1.2 1.13 12.60 13.73 NOTE
r-patched-solaris-x86 1.2 35.70 NOTE
r-release-linux-x86_64 1.2 1.15 12.96 14.11 NOTE
r-release-windows-ix86+x86_64 1.2 3.00 30.00 33.00 NOTE
r-release-osx-x86_64 1.2 NOTE
r-oldrel-windows-ix86+x86_64 1.2 2.00 26.00 28.00 NOTE
r-oldrel-osx-x86_64 1.2 NOTE

Check Details

Version: 1.2
Check: DESCRIPTION meta-information
Result: NOTE
    Malformed Title field: should not end in a period.
Flavors: r-devel-linux-x86_64-debian-clang, r-devel-linux-x86_64-debian-gcc, r-devel-linux-x86_64-fedora-clang, r-devel-linux-x86_64-fedora-gcc, r-devel-windows-ix86+x86_64, r-patched-linux-x86_64, r-patched-solaris-x86, r-release-linux-x86_64, r-release-windows-ix86+x86_64, r-release-osx-x86_64, r-oldrel-windows-ix86+x86_64, r-oldrel-osx-x86_64