CRAN Package Check Results for Package Storm

Last updated on 2015-04-18 23:50:28.

Flavor Version Tinstall Tcheck Ttotal Status Flags
r-devel-linux-x86_64-debian-clang 1.2 0.88 10.46 11.34 NOTE
r-devel-linux-x86_64-debian-gcc 1.2 0.72 10.45 11.17 NOTE
r-devel-linux-x86_64-fedora-clang 1.2 22.27 NOTE
r-devel-linux-x86_64-fedora-gcc 1.2 20.72 NOTE
r-devel-osx-x86_64-clang 1.2 25.04 NOTE
r-patched-linux-x86_64 1.2 0.66 10.40 11.06 NOTE
r-patched-solaris-sparc 1.2 146.20 NOTE
r-patched-solaris-x86 1.2 32.30 NOTE
r-release-linux-x86_64 1.2 0.79 10.39 11.18 NOTE
r-release-osx-x86_64-mavericks 1.2 NOTE
r-release-osx-x86_64-snowleopard 1.2 ERROR
r-release-windows-ix86+x86_64 1.2 2.00 20.00 22.00 NOTE
r-oldrel-windows-ix86+x86_64 1.2 3.00 26.00 29.00 OK

Check Details

Version: 1.2
Check: DESCRIPTION meta-information
Result: NOTE
    Malformed Title field: should not end in a period.
Flavors: r-devel-linux-x86_64-debian-clang, r-devel-linux-x86_64-debian-gcc, r-devel-linux-x86_64-fedora-clang, r-devel-linux-x86_64-fedora-gcc, r-devel-osx-x86_64-clang, r-patched-linux-x86_64, r-patched-solaris-sparc, r-patched-solaris-x86, r-release-linux-x86_64, r-release-osx-x86_64-mavericks, r-release-windows-ix86+x86_64

Version: 1.2
Check: package dependencies
Result: ERROR
    Package required but not available: ‘permute’
    
    See section ‘The DESCRIPTION file’ in the ‘Writing R Extensions’
    manual.
Flavor: r-release-osx-x86_64-snowleopard