CRAN Package Check Results for Package Storm

Last updated on 2016-09-26 08:49:37.

Flavor Version Tinstall Tcheck Ttotal Status Flags
r-devel-linux-x86_64-debian-clang 1.2 0.72 10.10 10.83 NOTE
r-devel-linux-x86_64-debian-gcc 1.2 0.76 10.13 10.89 NOTE
r-devel-linux-x86_64-fedora-clang 1.2 18.92 NOTE
r-devel-linux-x86_64-fedora-gcc 1.2 17.46 NOTE
r-devel-macos-x86_64-clang 1.2 16.81 NOTE
r-devel-windows-ix86+x86_64 1.2 5.00 39.00 44.00 NOTE
r-patched-linux-x86_64 1.2 0.74 10.17 10.90 NOTE
r-patched-solaris-sparc 1.2 113.50 NOTE
r-patched-solaris-x86 1.2 25.90 NOTE
r-release-linux-x86_64 1.2 0.72 10.46 11.18 NOTE
r-release-osx-x86_64-mavericks 1.2 NOTE
r-release-windows-ix86+x86_64 1.2 7.00 32.00 39.00 NOTE
r-oldrel-windows-ix86+x86_64 1.2 4.00 37.00 41.00 NOTE

Check Details

Version: 1.2
Check: DESCRIPTION meta-information
Result: NOTE
    Malformed Title field: should not end in a period.
Flavors: r-devel-linux-x86_64-debian-clang, r-devel-linux-x86_64-debian-gcc, r-devel-linux-x86_64-fedora-clang, r-devel-linux-x86_64-fedora-gcc, r-devel-macos-x86_64-clang, r-devel-windows-ix86+x86_64, r-patched-linux-x86_64, r-patched-solaris-sparc, r-patched-solaris-x86, r-release-linux-x86_64, r-release-osx-x86_64-mavericks, r-release-windows-ix86+x86_64, r-oldrel-windows-ix86+x86_64