CRAN Package Check Results for Package Storm

Last updated on 2017-07-25 03:49:52.

Flavor Version Tinstall Tcheck Ttotal Status Flags
r-devel-linux-x86_64-debian-clang 1.2 1.18 18.53 19.71 NOTE
r-devel-linux-x86_64-debian-gcc 1.2 1.09 18.33 19.43 NOTE
r-devel-linux-x86_64-fedora-clang 1.2 22.55 NOTE
r-devel-linux-x86_64-fedora-gcc 1.2 22.37 NOTE
r-devel-windows-ix86+x86_64 1.2 4.00 29.00 33.00 NOTE
r-patched-linux-x86_64 1.2 1.10 18.38 19.48 NOTE
r-patched-solaris-x86 1.2 37.40 NOTE
r-release-linux-x86_64 1.2 1.07 18.37 19.44 NOTE
r-release-windows-ix86+x86_64 1.2 3.00 36.00 39.00 NOTE
r-release-osx-x86_64 1.2 NOTE
r-oldrel-windows-ix86+x86_64 1.2 3.00 28.00 31.00 NOTE
r-oldrel-osx-x86_64 1.2 NOTE

Check Details

Version: 1.2
Check: DESCRIPTION meta-information
Result: NOTE
    Malformed Title field: should not end in a period.
Flavors: r-devel-linux-x86_64-debian-clang, r-devel-linux-x86_64-debian-gcc, r-devel-linux-x86_64-fedora-clang, r-devel-linux-x86_64-fedora-gcc, r-devel-windows-ix86+x86_64, r-patched-linux-x86_64, r-patched-solaris-x86, r-release-linux-x86_64, r-release-windows-ix86+x86_64, r-release-osx-x86_64, r-oldrel-windows-ix86+x86_64, r-oldrel-osx-x86_64