CRAN Package Check Results for Package Storm

Last updated on 2016-08-25 04:49:54.

Flavor Version Tinstall Tcheck Ttotal Status Flags
r-devel-linux-x86_64-debian-clang 1.2 0.70 10.01 10.71 NOTE
r-devel-linux-x86_64-debian-gcc 1.2 0.68 10.23 10.91 NOTE
r-devel-linux-x86_64-fedora-clang 1.2 18.41 NOTE
r-devel-linux-x86_64-fedora-gcc 1.2 18.69 NOTE
r-devel-osx-x86_64-clang 1.2 16.73 NOTE
r-devel-windows-ix86+x86_64 1.2 5.00 25.00 30.00 NOTE
r-patched-linux-x86_64 1.2 0.71 10.31 11.03 NOTE
r-patched-solaris-sparc 1.2 113.50 NOTE
r-patched-solaris-x86 1.2 26.50 NOTE
r-release-linux-x86_64 1.2 0.76 10.31 11.07 NOTE
r-release-osx-x86_64-mavericks 1.2 NOTE
r-release-windows-ix86+x86_64 1.2 5.00 33.00 38.00 NOTE
r-oldrel-windows-ix86+x86_64 1.2 3.00 33.00 36.00 NOTE

Check Details

Version: 1.2
Check: DESCRIPTION meta-information
Result: NOTE
    Malformed Title field: should not end in a period.
Flavors: r-devel-linux-x86_64-debian-clang, r-devel-linux-x86_64-debian-gcc, r-devel-linux-x86_64-fedora-clang, r-devel-linux-x86_64-fedora-gcc, r-devel-osx-x86_64-clang, r-devel-windows-ix86+x86_64, r-patched-linux-x86_64, r-patched-solaris-sparc, r-patched-solaris-x86, r-release-linux-x86_64, r-release-osx-x86_64-mavericks, r-release-windows-ix86+x86_64, r-oldrel-windows-ix86+x86_64