CRAN Package Check Results for Package Storm

Last updated on 2017-05-25 10:47:33.

Flavor Version Tinstall Tcheck Ttotal Status Flags
r-devel-linux-x86_64-debian-clang 1.2 1.15 12.73 13.88 NOTE
r-devel-linux-x86_64-debian-gcc 1.2 1.02 12.57 13.59 NOTE
r-devel-linux-x86_64-fedora-clang 1.2 22.46 NOTE --no-stop-on-test-error
r-devel-linux-x86_64-fedora-gcc 1.2 21.46 NOTE --no-stop-on-test-error
r-devel-windows-ix86+x86_64 1.2 3.00 0.00 3.00 NOTE
r-patched-linux-x86_64 1.2 1.08 12.67 13.75 NOTE
r-patched-solaris-sparc 1.2 137.80 NOTE
r-patched-solaris-x86 1.2 36.10 NOTE
r-release-linux-x86_64 1.2 1.07 12.53 13.59 NOTE
r-release-windows-ix86+x86_64 1.2 7.00 85.00 92.00 NOTE
r-release-osx-x86_64 1.2 NOTE
r-oldrel-windows-ix86+x86_64 1.2 3.00 36.00 39.00 NOTE
r-oldrel-osx-x86_64 1.2 NOTE

Check Details

Version: 1.2
Check: DESCRIPTION meta-information
Result: NOTE
    Malformed Title field: should not end in a period.
Flavors: r-devel-linux-x86_64-debian-clang, r-devel-linux-x86_64-debian-gcc, r-devel-windows-ix86+x86_64, r-patched-linux-x86_64, r-patched-solaris-sparc, r-patched-solaris-x86, r-release-linux-x86_64, r-release-windows-ix86+x86_64, r-release-osx-x86_64, r-oldrel-windows-ix86+x86_64, r-oldrel-osx-x86_64

Version: 1.2
Flags: --no-stop-on-test-error
Check: DESCRIPTION meta-information
Result: NOTE
    Malformed Title field: should not end in a period.
Flavors: r-devel-linux-x86_64-fedora-clang, r-devel-linux-x86_64-fedora-gcc