CRAN Package Check Results for Package Storm

Last updated on 2017-11-22 05:49:35 CET.

Flavor Version Tinstall Tcheck Ttotal Status Flags
r-devel-linux-x86_64-debian-clang 1.2 0.94 12.59 13.54 NOTE
r-devel-linux-x86_64-debian-gcc 1.2 1.48 32.79 34.26 NOTE
r-devel-linux-x86_64-fedora-clang 1.2 21.25 NOTE
r-devel-linux-x86_64-fedora-gcc 1.2 32.20 NOTE
r-devel-windows-ix86+x86_64 1.2 3.00 30.00 33.00 NOTE
r-patched-linux-x86_64 1.2 1.06 12.81 13.87 NOTE
r-patched-solaris-x86 1.2 37.60 NOTE
r-release-linux-x86_64 1.2 1.06 12.69 13.75 NOTE
r-release-windows-ix86+x86_64 1.2 3.00 45.00 48.00 NOTE
r-release-osx-x86_64 1.2 NOTE
r-oldrel-windows-ix86+x86_64 1.2 3.00 35.00 38.00 NOTE
r-oldrel-osx-x86_64 1.2 NOTE

Check Details

Version: 1.2
Check: DESCRIPTION meta-information
Result: NOTE
    Malformed Title field: should not end in a period.
Flavors: r-devel-linux-x86_64-debian-clang, r-devel-linux-x86_64-debian-gcc, r-devel-linux-x86_64-fedora-clang, r-devel-linux-x86_64-fedora-gcc, r-devel-windows-ix86+x86_64, r-patched-linux-x86_64, r-patched-solaris-x86, r-release-linux-x86_64, r-release-windows-ix86+x86_64, r-release-osx-x86_64, r-oldrel-windows-ix86+x86_64, r-oldrel-osx-x86_64