CRAN Package Check Results for Package Storm

Last updated on 2016-02-10 11:55:31.

Flavor Version Tinstall Tcheck Ttotal Status Flags
r-devel-linux-x86_64-debian-gcc 1.2 0.74 9.43 10.17 NOTE
r-devel-linux-x86_64-fedora-clang 1.2 18.53 NOTE
r-devel-linux-x86_64-fedora-gcc 1.2 16.92 NOTE
r-devel-osx-x86_64-clang 1.2 21.45 NOTE
r-devel-windows-ix86+x86_64 1.2 4.00 21.00 25.00 NOTE
r-patched-linux-x86_64 1.2 0.78 10.34 11.13 NOTE
r-patched-solaris-sparc 1.2 125.50 NOTE
r-patched-solaris-x86 1.2 32.40 NOTE
r-release-linux-x86_64 1.2 0.81 10.55 11.35 NOTE
r-release-osx-x86_64-mavericks 1.2 NOTE
r-release-windows-ix86+x86_64 1.2 4.00 20.00 24.00 NOTE
r-oldrel-windows-ix86+x86_64 1.2 6.00 25.00 31.00 OK

Check Details

Version: 1.2
Check: DESCRIPTION meta-information
Result: NOTE
    Malformed Title field: should not end in a period.
Flavors: r-devel-linux-x86_64-debian-gcc, r-devel-linux-x86_64-fedora-clang, r-devel-linux-x86_64-fedora-gcc, r-devel-osx-x86_64-clang, r-devel-windows-ix86+x86_64, r-patched-linux-x86_64, r-patched-solaris-sparc, r-patched-solaris-x86, r-release-linux-x86_64, r-release-osx-x86_64-mavericks, r-release-windows-ix86+x86_64