CRAN Package Check Results for Package Storm

Last updated on 2014-10-01 07:47:50.

Flavor Version Tinstall Tcheck Ttotal Status Flags
r-devel-linux-x86_64-debian-clang 1.1 0.78 10.74 11.53 OK
r-devel-linux-x86_64-debian-gcc 1.1 0.69 10.59 11.28 OK
r-devel-linux-x86_64-fedora-clang 1.1 24.35 OK
r-devel-linux-x86_64-fedora-gcc 1.1 22.80 OK
r-devel-osx-x86_64-clang 1.1 26.04 OK
r-devel-windows-ix86+x86_64 1.1 3.00 0.00 3.00 ERROR
r-patched-linux-x86_64 1.1 0.72 11.06 11.78 OK
r-patched-solaris-sparc 1.1 167.40 OK
r-patched-solaris-x86 1.1 36.80 OK
r-release-linux-ix86 1.1 1.08 16.66 17.73 OK
r-release-linux-x86_64 1.1 0.75 11.10 11.85 OK
r-release-osx-x86_64-mavericks 1.1 OK
r-release-osx-x86_64-snowleopard 1.1 OK
r-release-windows-ix86+x86_64 1.1 4.00 18.00 22.00 OK
r-oldrel-windows-ix86+x86_64 1.1 3.00 22.00 25.00 OK

Check Details

Version: 1.1
Check: examples
Result: ERROR
    Check process probably crashed or hung up for 20 minutes ... killed
    Most likely this happened in the example checks (?),
    if not, ignore the following last lines of example output:
    +
    + #optional: acknowledge receipt of the tuple.
    + s$ack(t);
    +
    + #optional: log a message.
    + s$log(c("processing tuple=",t$id));
    +
    + #create contrived tuples to illustrate output.
    +
    + #create 1st tuple...
    + t$output = vector(mode="character",length=1);
    + t$output[1] = as.numeric(t$input[3])+as.numeric(t$input[4]);
    + #...and emit it.
    + s$emit(t);
    +
    + #create 2nd tuple...
    + t$output[1] = as.numeric(t$input[3])-as.numeric(t$input[4]);
    + #...and emit it.
    + s$emit(t);
    +
    + #alternative/optional: mark the tuple as failed.
    + s$fail(t);
    + };
    >
    > #enter the main tuple-processing loop.
    > storm$run();
    {"pid": 5936}
    end
    {"command": "emit", "anchors": [], "tuple": ["bolt initializing"]}
    end
    ======== End of example output (where/before crash/hang up occured ?) ========
Flavor: r-devel-windows-ix86+x86_64