CRAN Package Check Results for Package Storm

Last updated on 2017-02-26 23:48:46.

Flavor Version Tinstall Tcheck Ttotal Status Flags
r-devel-linux-x86_64-debian-clang 1.2 1.18 12.58 13.76 NOTE
r-devel-linux-x86_64-debian-gcc 1.2 1.27 12.65 13.92 NOTE
r-devel-linux-x86_64-fedora-clang 1.2 22.04 NOTE --no-stop-on-test-error
r-devel-linux-x86_64-fedora-gcc 1.2 21.13 NOTE --no-stop-on-test-error
r-devel-macos-x86_64-clang 1.2 20.92 NOTE --no-stop-on-test-error
r-devel-windows-ix86+x86_64 1.2 4.00 37.00 41.00 NOTE
r-patched-linux-x86_64 1.2 0.82 10.45 11.27 NOTE
r-patched-solaris-sparc 1.2 119.10 NOTE
r-patched-solaris-x86 1.2 28.60 NOTE
r-release-linux-x86_64 1.2 0.94 11.02 11.96 NOTE
r-release-osx-x86_64-mavericks 1.2 NOTE
r-release-windows-ix86+x86_64 1.2 5.00 32.00 37.00 NOTE
r-oldrel-windows-ix86+x86_64 1.2 6.00 0.00 6.00 NOTE

Check Details

Version: 1.2
Check: DESCRIPTION meta-information
Result: NOTE
    Malformed Title field: should not end in a period.
Flavors: r-devel-linux-x86_64-debian-clang, r-devel-linux-x86_64-debian-gcc, r-devel-windows-ix86+x86_64, r-patched-linux-x86_64, r-patched-solaris-sparc, r-patched-solaris-x86, r-release-linux-x86_64, r-release-osx-x86_64-mavericks, r-release-windows-ix86+x86_64, r-oldrel-windows-ix86+x86_64

Version: 1.2
Flags: --no-stop-on-test-error
Check: DESCRIPTION meta-information
Result: NOTE
    Malformed Title field: should not end in a period.
Flavors: r-devel-linux-x86_64-fedora-clang, r-devel-linux-x86_64-fedora-gcc, r-devel-macos-x86_64-clang