CRAN Package Check Results for Package Storm

Last updated on 2016-12-07 12:54:13.

Flavor Version Tinstall Tcheck Ttotal Status Flags
r-devel-linux-x86_64-debian-clang 1.2 1.04 12.63 13.67 NOTE
r-devel-linux-x86_64-debian-gcc 1.2 1.12 12.31 13.44 NOTE
r-devel-linux-x86_64-fedora-clang 1.2 23.66 NOTE --no-stop-on-test-error
r-devel-linux-x86_64-fedora-gcc 1.2 22.95 NOTE --no-stop-on-test-error
r-devel-macos-x86_64-clang 1.2 20.83 NOTE
r-devel-windows-ix86+x86_64 1.2 4.00 36.00 40.00 NOTE
r-patched-linux-x86_64 1.2 0.94 10.39 11.33 NOTE
r-patched-solaris-sparc 1.2 113.50 NOTE
r-patched-solaris-x86 1.2 26.60 NOTE
r-release-linux-x86_64 1.2 0.84 10.46 11.30 NOTE
r-release-osx-x86_64-mavericks 1.2 NOTE
r-release-windows-ix86+x86_64 1.2 3.00 40.00 43.00 NOTE
r-oldrel-windows-ix86+x86_64 1.2 4.00 27.00 31.00 NOTE

Check Details

Version: 1.2
Check: DESCRIPTION meta-information
Result: NOTE
    Malformed Title field: should not end in a period.
Flavors: r-devel-linux-x86_64-debian-clang, r-devel-linux-x86_64-debian-gcc, r-devel-macos-x86_64-clang, r-devel-windows-ix86+x86_64, r-patched-linux-x86_64, r-patched-solaris-sparc, r-patched-solaris-x86, r-release-linux-x86_64, r-release-osx-x86_64-mavericks, r-release-windows-ix86+x86_64, r-oldrel-windows-ix86+x86_64

Version: 1.2
Flags: --no-stop-on-test-error
Check: DESCRIPTION meta-information
Result: NOTE
    Malformed Title field: should not end in a period.
Flavors: r-devel-linux-x86_64-fedora-clang, r-devel-linux-x86_64-fedora-gcc