CRAN Package Check Results for Package Storm

Last updated on 2018-06-18 23:50:39 CEST.

Flavor Version Tinstall Tcheck Ttotal Status Flags
r-devel-linux-x86_64-debian-clang 1.2 1.50 18.82 20.32 NOTE
r-devel-linux-x86_64-debian-gcc 1.2 1.28 16.28 17.56 NOTE
r-devel-linux-x86_64-fedora-clang 1.2 25.78 NOTE
r-devel-linux-x86_64-fedora-gcc 1.2 23.91 NOTE
r-devel-windows-ix86+x86_64 1.2 5.00 42.00 47.00 NOTE
r-patched-linux-x86_64 1.2 1.50 18.90 20.40 NOTE
r-patched-solaris-x86 1.2 44.60 NOTE
r-release-linux-x86_64 1.2 1.82 19.01 20.83 NOTE
r-release-windows-ix86+x86_64 1.2 3.00 39.00 42.00 NOTE
r-release-osx-x86_64 1.2 NOTE
r-oldrel-windows-ix86+x86_64 1.2 4.00 38.00 42.00 NOTE
r-oldrel-osx-x86_64 1.2 NOTE

Check Details

Version: 1.2
Check: DESCRIPTION meta-information
Result: NOTE
    Malformed Title field: should not end in a period.
Flavors: r-devel-linux-x86_64-debian-clang, r-devel-linux-x86_64-debian-gcc, r-devel-linux-x86_64-fedora-clang, r-devel-linux-x86_64-fedora-gcc, r-devel-windows-ix86+x86_64, r-patched-linux-x86_64, r-patched-solaris-x86, r-release-linux-x86_64, r-release-windows-ix86+x86_64, r-release-osx-x86_64, r-oldrel-windows-ix86+x86_64, r-oldrel-osx-x86_64