CRAN Package Check Results for Package Storm

Last updated on 2017-01-17 15:48:39.

Flavor Version Tinstall Tcheck Ttotal Status Flags
r-devel-linux-x86_64-debian-clang 1.2 1.05 12.50 13.55 NOTE
r-devel-linux-x86_64-debian-gcc 1.2 1.16 12.26 13.41 NOTE
r-devel-linux-x86_64-fedora-clang 1.2 21.47 NOTE --no-stop-on-test-error
r-devel-linux-x86_64-fedora-gcc 1.2 21.41 NOTE --no-stop-on-test-error
r-devel-macos-x86_64-clang 1.2 19.78 NOTE --no-stop-on-test-error
r-devel-windows-ix86+x86_64 1.2 7.00 29.00 36.00 NOTE
r-patched-linux-x86_64 1.2 0.79 10.32 11.11 NOTE
r-patched-solaris-sparc 1.2 119.10 NOTE
r-patched-solaris-x86 1.2 26.80 NOTE
r-release-linux-x86_64 1.2 0.88 10.41 11.29 NOTE
r-release-osx-x86_64-mavericks 1.2 NOTE
r-release-windows-ix86+x86_64 1.2 5.00 35.00 40.00 NOTE
r-oldrel-windows-ix86+x86_64 1.2 4.00 33.00 37.00 NOTE

Check Details

Version: 1.2
Check: DESCRIPTION meta-information
Result: NOTE
    Malformed Title field: should not end in a period.
Flavors: r-devel-linux-x86_64-debian-clang, r-devel-linux-x86_64-debian-gcc, r-devel-windows-ix86+x86_64, r-patched-linux-x86_64, r-patched-solaris-sparc, r-patched-solaris-x86, r-release-linux-x86_64, r-release-osx-x86_64-mavericks, r-release-windows-ix86+x86_64, r-oldrel-windows-ix86+x86_64

Version: 1.2
Flags: --no-stop-on-test-error
Check: DESCRIPTION meta-information
Result: NOTE
    Malformed Title field: should not end in a period.
Flavors: r-devel-linux-x86_64-fedora-clang, r-devel-linux-x86_64-fedora-gcc, r-devel-macos-x86_64-clang