CRAN Package Check Results for Package Storm

Last updated on 2016-07-01 03:47:10.

Flavor Version Tinstall Tcheck Ttotal Status Flags
r-devel-linux-x86_64-debian-gcc 1.2 0.87 11.63 12.51 NOTE
r-devel-linux-x86_64-fedora-clang 1.2 18.85 NOTE
r-devel-linux-x86_64-fedora-gcc 1.2 17.24 NOTE
r-devel-osx-x86_64-clang 1.2 17.41 NOTE
r-devel-windows-ix86+x86_64 1.2 3.00 26.00 29.00 NOTE
r-patched-linux-x86_64 1.2 0.97 12.89 13.86 NOTE
r-patched-solaris-sparc 1.2 113.50 NOTE
r-patched-solaris-x86 1.2 28.20 NOTE
r-release-linux-x86_64 1.2 0.77 10.85 11.62 NOTE
r-release-osx-x86_64-mavericks 1.2 NOTE
r-release-windows-ix86+x86_64 1.2 4.00 27.00 31.00 NOTE
r-oldrel-windows-ix86+x86_64 1.2 4.00 26.00 30.00 NOTE

Check Details

Version: 1.2
Check: DESCRIPTION meta-information
Result: NOTE
    Malformed Title field: should not end in a period.
Flavors: r-devel-linux-x86_64-debian-gcc, r-devel-linux-x86_64-fedora-clang, r-devel-linux-x86_64-fedora-gcc, r-devel-osx-x86_64-clang, r-devel-windows-ix86+x86_64, r-patched-linux-x86_64, r-patched-solaris-sparc, r-patched-solaris-x86, r-release-linux-x86_64, r-release-osx-x86_64-mavericks, r-release-windows-ix86+x86_64, r-oldrel-windows-ix86+x86_64