CRAN Package Check Results for Package StratifiedBalancing

Last updated on 2019-09-23 09:51:00 CEST.

Flavor Version Tinstall Tcheck Ttotal Status Flags
r-devel-linux-x86_64-debian-clang 0.3.0 3.53 25.00 28.53 OK
r-devel-linux-x86_64-debian-gcc 0.3.0 3.38 19.94 23.32 OK
r-devel-linux-x86_64-fedora-clang 0.3.0 35.65 NOTE
r-devel-linux-x86_64-fedora-gcc 0.3.0 34.11 NOTE
r-devel-windows-ix86+x86_64 0.3.0 9.00 55.00 64.00 OK
r-patched-linux-x86_64 0.3.0 3.08 24.74 27.82 OK
r-patched-solaris-x86 0.3.0 56.50 NOTE
r-release-linux-x86_64 0.3.0 2.97 24.38 27.35 OK
r-release-windows-ix86+x86_64 0.3.0 8.00 50.00 58.00 OK
r-release-osx-x86_64 0.3.0 NOTE
r-oldrel-windows-ix86+x86_64 0.3.0 4.00 35.00 39.00 OK
r-oldrel-osx-x86_64 0.3.0 NOTE

Check Details

Version: 0.3.0
Check: dependencies in R code
Result: NOTE
    Namespace in Imports field not imported from: ‘bnlearn’
     All declared Imports should be used.
Flavors: r-devel-linux-x86_64-fedora-clang, r-devel-linux-x86_64-fedora-gcc, r-patched-solaris-x86, r-release-osx-x86_64, r-oldrel-osx-x86_64