CRAN Package Check Results for Package StratifiedBalancing

Last updated on 2020-02-19 03:49:15 CET.

Flavor Version Tinstall Tcheck Ttotal Status Flags
r-devel-linux-x86_64-debian-clang 0.3.0 4.06 28.28 32.34 OK
r-devel-linux-x86_64-debian-gcc 0.3.0 3.26 22.56 25.82 OK
r-devel-linux-x86_64-fedora-clang 0.3.0 39.50 NOTE
r-devel-linux-x86_64-fedora-gcc 0.3.0 38.36 NOTE
r-devel-windows-ix86+x86_64 0.3.0 6.00 40.00 46.00 OK
r-devel-windows-ix86+x86_64-gcc8 0.3.0 11.00 58.00 69.00 OK
r-patched-linux-x86_64 0.3.0 3.39 24.71 28.10 OK
r-patched-solaris-x86 0.3.0 56.30 NOTE
r-release-linux-x86_64 0.3.0 3.17 24.89 28.06 OK
r-release-windows-ix86+x86_64 0.3.0 7.00 37.00 44.00 OK
r-release-osx-x86_64 0.3.0 NOTE
r-oldrel-windows-ix86+x86_64 0.3.0 4.00 38.00 42.00 OK
r-oldrel-osx-x86_64 0.3.0 NOTE

Check Details

Version: 0.3.0
Check: dependencies in R code
Result: NOTE
    Namespace in Imports field not imported from: ‘bnlearn’
     All declared Imports should be used.
Flavors: r-devel-linux-x86_64-fedora-clang, r-devel-linux-x86_64-fedora-gcc, r-patched-solaris-x86, r-release-osx-x86_64, r-oldrel-osx-x86_64