CRAN Package Check Results for Package StratifiedBalancing

Last updated on 2024-04-24 00:56:00 CEST.

Flavor Version Tinstall Tcheck Ttotal Status Flags
r-devel-linux-x86_64-debian-clang 0.3.0 3.43 32.30 35.73 OK
r-devel-linux-x86_64-debian-gcc 0.3.0 3.01 24.74 27.75 OK
r-devel-linux-x86_64-fedora-clang 0.3.0 46.13 NOTE
r-devel-linux-x86_64-fedora-gcc 0.3.0 45.47 NOTE
r-prerel-macos-arm64 0.3.0 18.00 OK
r-prerel-windows-x86_64 0.3.0 4.00 44.00 48.00 OK
r-patched-linux-x86_64 0.3.0 4.52 30.96 35.48 OK
r-release-linux-x86_64 0.3.0 2.69 31.85 34.54 OK
r-release-macos-arm64 0.3.0 21.00 OK
r-release-macos-x86_64 0.3.0 25.00 OK
r-release-windows-x86_64 0.3.0 5.00 46.00 51.00 OK
r-oldrel-macos-arm64 0.3.0 18.00 NOTE
r-oldrel-windows-x86_64 0.3.0 5.00 52.00 57.00 OK

Check Details

Version: 0.3.0
Check: dependencies in R code
Result: NOTE Namespace in Imports field not imported from: ‘bnlearn’ All declared Imports should be used. Flavors: r-devel-linux-x86_64-fedora-clang, r-devel-linux-x86_64-fedora-gcc, r-oldrel-macos-arm64